000
CXUS55 KPIH 251200
CF6PIH

PRELIMINARY LOCAL CLIMATOLOGICAL DATA (WS FORM: F-6)

                                          STATION:   POCATELLO ID
                                          MONTH:     AUGUST
                                          YEAR:      2019
                                          LATITUDE:   42 55 N
                                          LONGITUDE: 112 36 W

  TEMPERATURE IN F:       :PCPN:    SNOW:  WIND      :SUNSHINE: SKY     :PK WND
================================================================================
1   2   3   4   5  6A  6B    7    8   9   10  11  12  13   14  15   16   17  18
                                     12Z  AVG MX 2MIN
DY MAX MIN AVG DEP HDD CDD  WTR  SNW DPTH SPD SPD DIR MIN PSBL S-S WX    SPD DR
================================================================================

 1  92  56  74   3   0   9    T  0.0    0  9.3 37 160   M    M   2 3      52 160
 2  94  48  71   0   0   6    T  0.0    0  6.4 14  90   M    M   1 3      20 340
 3  96  51  74   3   0   9 0.00  0.0    0  5.6 10 260   M    M   1        16 260
 4  96  57  77   6   0  12    T  0.0    0  7.8 36 200   M    M   2 38     47 200
 5  97  50  74   3   0   9 0.00  0.0    0  7.2 30 190   M    M   1        36 180
 6  98  55  77   6   0  12 0.00  0.0    0  7.0 21  20   M    M   1        26  30
 7  93  56  75   4   0  10    T  0.0    0  7.9 23 170   M    M   2        28 170
 8  78  54  66  -5   0   1 0.07  0.0    0  8.2 31 260   M    M   3        38 270
 9  86  53  70   0   0   5 0.00  0.0    0  5.8 15 280   M    M   3        21 260
10  93  51  72   2   0   7 0.01  0.0    0  9.2 26 270   M    M   2 3      33 190
11  78  56  67  -3   0   2 0.00  0.0    0 16.4 25 260   M    M   1        31 260
12  80  45  63  -7   2   0 0.00  0.0    0  9.8 20 280   M    M   0 8      25 260
13  89  42  66  -4   0   1 0.00  0.0    0  6.6 17 270   M    M   1        22 270
14  91  47  69  -1   0   4 0.00  0.0    0  8.5 21 260   M    M   1        26 260
15  90  55  73   3   0   8 0.00  0.0    0 14.5 25 280   M    M   1        32 290
16  84  49  67  -2   0   2 0.00  0.0    0 11.6 25 240   M    M   0        34 260
17  84  46  65  -4   0   0 0.00  0.0    0 16.5 30 250   M    M   0        36 260
18  91  46  69   0   0   4 0.00  0.0    0  9.3 20 260   M    M   0        25 260
19  97  49  73   4   0   8 0.00  0.0    0  7.0 18 280   M    M   0        24 290
20  96  48  72   4   0   7 0.00  0.0    0  5.5 15 330   M    M   0 8      17 320
21  96  47  72   4   0   7 0.00  0.0    0  4.9 12 190   M    M   1 8      12 190
22  79  49  64  -4   1   0 0.00  0.0    0 16.0 30 250   M    M   2        35 230
23  81  41  61  -7   4   0 0.00  0.0    0  5.9 14 290   M    M   1        19 290
24  91  47  69   2   0   4 0.00  0.0    0  9.6 26 260   M    M   0        32 260
================================================================================
SM 2150 1198         7 127  0.08     0.0 216.5          M       26
================================================================================
AV 89.6 49.9                               9.0 FASTST   M    M   1    MAX(MPH)
                                 MISC ---->  # 37 160               # 52  160
================================================================================
NOTES:
# LAST OF SEVERAL OCCURRENCES
SNOWFALL/DEPTH ALWAYS AUGMENTED BY WFO POCATELLO

COLUMN 17 PEAK WIND IN M.P.H.

PRELIMINARY LOCAL CLIMATOLOGICAL DATA (WS FORM: F-6) , PAGE 2

                                          STATION:  POCATELLO ID
                                          MONTH:    AUGUST
                                          YEAR:     2019
                                          LATITUDE:   42 55 N
                                          LONGITUDE: 112 36 W

[TEMPERATURE DATA]      [PRECIPITATION DATA]       SYMBOLS USED IN COLUMN 16

AVERAGE MONTHLY: 69.8   TOTAL FOR MONTH:   0.08    1 = FOG OR MIST
DPTR FM NORMAL:   0.0   DPTR FM NORMAL:   -0.37    2 = FOG REDUCING VISIBILITY
HIGHEST:    98 ON  6    GRTST 24HR  0.07 ON  8- 8      TO 1/4 MILE OR LESS
LOWEST:     41 ON 23                               3 = THUNDER
                        SNOW, ICE PELLETS, HAIL    4 = ICE PELLETS
                        TOTAL MONTH:   0.0 INCH    5 = HAIL
                        GRTST 24HR     0.0         6 = FREEZING RAIN OR DRIZZLE
                        GRTST DEPTH:   0           7 = DUSTSTORM OR SANDSTORM:
                                                       VSBY 1/2 MILE OR LESS
                                                   8 = SMOKE OR HAZE
[NO. OF DAYS WITH]      [WEATHER - DAYS WITH]      9 = BLOWING SNOW
                                                   X = TORNADO
MAX 32 OR BELOW:   0    0.01 INCH OR MORE:   2
MAX 90 OR ABOVE:  15    0.10 INCH OR MORE:   0
MIN 32 OR BELOW:   0    0.50 INCH OR MORE:   0
MIN  0 OR BELOW:   0    1.00 INCH OR MORE:   0

[HDD (BASE 65) ]
TOTAL THIS MO.     7    CLEAR  (SCALE 0-3)  22
DPTR FM NORMAL    -4    PTCLDY (SCALE 4-7)   2
TOTAL FM JUL 1    15    CLOUDY (SCALE 8-10)  0
DPTR FM NORMAL   -16

[CDD (BASE 65) ]
TOTAL THIS MO.   127
DPTR FM NORMAL     2    [PRESSURE DATA]
TOTAL FM JAN 1   341    HIGHEST SLP M ON M
DPTR FM NORMAL    -7    LOWEST  SLP 29.66 ON 22

[REMARKS]
