000
CXUS55 KPIH 181200
CF6PIH

PRELIMINARY LOCAL CLIMATOLOGICAL DATA (WS FORM: F-6)

                                          STATION:   POCATELLO ID
                                          MONTH:     FEBRUARY
                                          YEAR:      2019
                                          LATITUDE:   42 55 N
                                          LONGITUDE: 112 36 W

  TEMPERATURE IN F:       :PCPN:    SNOW:  WIND      :SUNSHINE: SKY     :PK WND
================================================================================
1   2   3   4   5  6A  6B    7    8   9   10  11  12  13   14  15   16   17  18
                                     12Z  AVG MX 2MIN
DY MAX MIN AVG DEP HDD CDD  WTR  SNW DPTH SPD SPD DIR MIN PSBL S-S WX    SPD DR
================================================================================

 1  46  14  30   5  35   0 0.00  0.0    0  5.0 12 340   M    M   0        13 340
 2  46  22  34   8  31   0 0.03  0.0    0 13.8 28 180   M    M   7        37 180
 3  46  33  40  14  25   0 0.29  0.5    T 14.5 29 260   M    M   8 1      35 250
 4  44  31  38  12  27   0 0.52  3.1    T 12.1 28 270   M    M   8 13     35 240
 5  35  19  27   1  38   0 0.03  0.6    3 13.5 30 240   M    M   7 1      35 250
 6  23  19  21  -5  44   0 0.05  2.2    3 17.0 28 250   M    M   9 18     33 240
 7  19  -4   8 -18  57   0 0.05  2.1    6 12.1 28 250   M    M   6 18     33 250
 8  25  -6  10 -16  55   0 0.00  0.0    7  3.0  9  30   M    M   5        11  40
 9  32   2  17 -10  48   0    T    T    7  8.7 25 180   M    M   8 128    30 180
10  33  15  24  -3  41   0 0.28  3.2    5 20.8 40 180   M    M   8 128    50 170
11  26  15  21  -6  44   0 0.00  0.0    7 18.9 29 180   M    M   8 8      35 180
12  35  21  28   1  37   0 0.00  0.0    6 14.3 25 170   M    M   1        32 160
13  37  29  33   5  32   0 0.01    T    5 19.1 32 190   M    M  10 8      41 180
14  46  35  41  13  24   0 0.17  0.0    1 20.7 38 170   M    M  10        51 170
15  45  29  37   9  28   0 0.06  0.6    0 14.1 36 250   M    M   6 135    44 250
16  32  23  28   0  37   0 0.01    T    T 12.7 22 250   M    M   5 1      27 220
17  32  16  24  -5  41   0    T    T    T  7.4 16  30   M    M   6 18     19  50
================================================================================
SM  602  313       644   0  1.50    12.3 227.7          M      112
================================================================================
AV 35.4 18.4                              13.4 FASTST   M    M   7    MAX(MPH)
                                 MISC ---->  # 40 180               # 51  170
================================================================================
NOTES:
# LAST OF SEVERAL OCCURRENCES
SNOWFALL/DEPTH ALWAYS AUGMENTED BY WFO POCATELLO

COLUMN 17 PEAK WIND IN M.P.H.

PRELIMINARY LOCAL CLIMATOLOGICAL DATA (WS FORM: F-6) , PAGE 2

                                          STATION:  POCATELLO ID
                                          MONTH:    FEBRUARY
                                          YEAR:     2019
                                          LATITUDE:   42 55 N
                                          LONGITUDE: 112 36 W

[TEMPERATURE DATA]      [PRECIPITATION DATA]       SYMBOLS USED IN COLUMN 16

AVERAGE MONTHLY: 26.9   TOTAL FOR MONTH:   1.50    1 = FOG OR MIST
DPTR FM NORMAL:   0.1   DPTR FM NORMAL:    0.95    2 = FOG REDUCING VISIBILITY
HIGHEST:    46 ON 14, 3 GRTST 24HR  0.52 ON  4- 4      TO 1/4 MILE OR LESS
LOWEST:     -6 ON  8                               3 = THUNDER
                        SNOW, ICE PELLETS, HAIL    4 = ICE PELLETS
                        TOTAL MONTH:  12.3 INCHES  5 = HAIL
                        GRTST 24HR   3.2 ON 10-10  6 = FREEZING RAIN OR DRIZZLE
                        GRTST DEPTH:   7 ON 11, 9  7 = DUSTSTORM OR SANDSTORM:
                                                       VSBY 1/2 MILE OR LESS
                                                   8 = SMOKE OR HAZE
[NO. OF DAYS WITH]      [WEATHER - DAYS WITH]      9 = BLOWING SNOW
                                                   X = TORNADO
MAX 32 OR BELOW:   7    0.01 INCH OR MORE:  11
MAX 90 OR ABOVE:   0    0.10 INCH OR MORE:   4
MIN 32 OR BELOW:  15    0.50 INCH OR MORE:   1
MIN  0 OR BELOW:   2    1.00 INCH OR MORE:   0

[HDD (BASE 65) ]
TOTAL THIS MO.   644    CLEAR  (SCALE 0-3)   2
DPTR FM NORMAL    -6    PTCLDY (SCALE 4-7)  10
TOTAL FM JUL 1  4843    CLOUDY (SCALE 8-10)  5
DPTR FM NORMAL   -54

[CDD (BASE 65) ]
TOTAL THIS MO.     0
DPTR FM NORMAL     0    [PRESSURE DATA]
TOTAL FM JAN 1     0    HIGHEST SLP M ON M
DPTR FM NORMAL     0    LOWEST  SLP 29.33 ON  3

[REMARKS]
