352
CXUS54 KBRO 210900
CF6PIL
PRELIMINARY LOCAL CLIMATOLOGICAL DATA (WS FORM: F-6)

                                          STATION:   BAYVIEW
                                          MONTH:     JULY
                                          YEAR:      2019
                                          LATITUDE:   26 10 N
                                          LONGITUDE:  97 20 W

  TEMPERATURE IN F:       :PCPN:    SNOW:  WIND      :SUNSHINE: SKY     :PK WND
================================================================================
1   2   3   4   5  6A  6B    7    8   9   10  11  12  13   14  15   16   17  18
                                     12Z  AVG MX 2MIN
DY MAX MIN AVG DEP HDD CDD  WTR  SNW DPTH SPD SPD DIR MIN PSBL S-S WX    SPD DR
================================================================================

 1  90  77  84  -1   0  19 0.00  0.0    0 11.8 22 130   M    M   1        26 130
 2  89  78  84  -1   0  19 0.00  0.0    0 12.5 24 160   M    M   2 1      29 160
 3  90  80  85   0   0  20 0.00  0.0    0 14.5 26 160   M    M   3 8      34 170
 4  92  81  87   2   0  22    T  0.0    0 16.6 26 150   M    M   1 8      33 170
 5  92  81  87   2   0  22 0.00  0.0    0 14.4 23 130   M    M   3 18     30 130
 6  90  79  85   0   0  20 0.00  0.0    0 11.5 18 100   M    M   1        23 110
 7  93  80  87   2   0  22 0.00  0.0    0 12.4 23 130   M    M   2        27 130
 8  94  79  87   2   0  22 0.00  0.0    0 14.0 25 150   M    M   1        31 130
 9  96  79  88   3   0  23 0.00  0.0    0 14.1 26 130   M    M   1        31 130
10  93  78  86   1   0  21 0.00  0.0    0 10.9 23 130   M    M   1        29 130
11  93  76  85   0   0  20 0.00  0.0    0  6.9 20 100   M    M   1        23  90
12  94  73  84  -1   0  19 0.00  0.0    0  6.9 17  70   M    M   0        21  70
13  98  78  88   3   0  23 0.00  0.0    0 10.3 25 110   M    M   0 8      28 110
14  95  81  88   3   0  23 0.00  0.0    0 12.4 23 140   M    M   1 18     28 140
15  95  80  88   3   0  23 0.00  0.0    0 13.9 25 130   M    M   1 18     32 160
16  94  82  88   3   0  23 0.00  0.0    0 15.9 28 140   M    M   2 18     35 140
17  94  81  88   3   0  23 0.00  0.0    0 15.7 26 140   M    M   2 18     34 140
18  95  79  87   2   0  22 0.00  0.0    0 16.0 28 140   M    M   1        35 130
19  95  80  88   3   0  23 0.00  0.0    0 15.0 28 130   M    M   2        37 130
20  95  79  87   2   0  22 0.00  0.0    0 13.8 25 130   M    M   2        32 140
================================================================================
SM 1867 1581         0 431    T      0.0 259.5          M       28
================================================================================
AV 93.4 79.1                              13.0 FASTST   M    M   1    MAX(MPH)
                                 MISC ---->  # 28 140               # 37  130
================================================================================
NOTES:
# LAST OF SEVERAL OCCURRENCES

COLUMN 17 PEAK WIND IN M.P.H.

PRELIMINARY LOCAL CLIMATOLOGICAL DATA (WS FORM: F-6) , PAGE 2

                                          STATION:  BAYVIEW
                                          MONTH:    JULY
                                          YEAR:     2019
                                          LATITUDE:   26 10 N
                                          LONGITUDE:  97 20 W

[TEMPERATURE DATA]      [PRECIPITATION DATA]       SYMBOLS USED IN COLUMN 16

AVERAGE MONTHLY: 86.2   TOTAL FOR MONTH:      T    1 = FOG OR MIST
DPTR FM NORMAL:   1.2   DPTR FM NORMAL:   -1.77    2 = FOG REDUCING VISIBILITY
HIGHEST:    98 ON 13    GRTST 24HR    T  ON  4- 4      TO 1/4 MILE OR LESS
LOWEST:     73 ON 12                               3 = THUNDER
                        SNOW, ICE PELLETS, HAIL    4 = ICE PELLETS
                        TOTAL MONTH:   0.0 INCH    5 = HAIL
                        GRTST 24HR     0.0         6 = FREEZING RAIN OR DRIZZLE
                        GRTST DEPTH:   0           7 = DUSTSTORM OR SANDSTORM:
                                                       VSBY 1/2 MILE OR LESS
                                                   8 = SMOKE OR HAZE
[NO. OF DAYS WITH]      [WEATHER - DAYS WITH]      9 = BLOWING SNOW
                                                   X = TORNADO
MAX 32 OR BELOW:   0    0.01 INCH OR MORE:   0
MAX 90 OR ABOVE:  19    0.10 INCH OR MORE:   0
MIN 32 OR BELOW:   0    0.50 INCH OR MORE:   0
MIN  0 OR BELOW:   0    1.00 INCH OR MORE:   0

[HDD (BASE 65) ]
TOTAL THIS MO.     0    CLEAR  (SCALE 0-3)  20
DPTR FM NORMAL     0    PTCLDY (SCALE 4-7)   0
TOTAL FM JUL 1     0    CLOUDY (SCALE 8-10)  0
DPTR FM NORMAL     0

[CDD (BASE 65) ]
TOTAL THIS MO.   431
DPTR FM NORMAL    31    [PRESSURE DATA]
TOTAL FM JAN 1  2082    HIGHEST SLP 29.98 ON 16
DPTR FM NORMAL    50    LOWEST  SLP 29.74 ON 12

[REMARKS]
