000
CXUS54 KBRO 210900
CF6PIL
PRELIMINARY LOCAL CLIMATOLOGICAL DATA (WS FORM: F-6)

                                          STATION:   BAYVIEW
                                          MONTH:     SEPTEMBER
                                          YEAR:      2019
                                          LATITUDE:   26 10 N
                                          LONGITUDE:  97 20 W

  TEMPERATURE IN F:       :PCPN:    SNOW:  WIND      :SUNSHINE: SKY     :PK WND
================================================================================
1   2   3   4   5  6A  6B    7    8   9   10  11  12  13   14  15   16   17  18
                                     12Z  AVG MX 2MIN
DY MAX MIN AVG DEP HDD CDD  WTR  SNW DPTH SPD SPD DIR MIN PSBL S-S WX    SPD DR
================================================================================

 1  92  76  84   0   0  19 0.00  0.0    0  8.1 24  60   M    M   1        29  60
 2  92  78  85   1   0  20 0.18  0.0    0  9.0 23  40   M    M   1 138    30  30
 3  81  73  77  -7   0  12 2.30  0.0    0  9.9 26  30   M    M   6 123    34  30
 4  86  76  81  -3   0  16 1.42  0.0    0 14.5 29  60   M    M   3 138    37  60
 5  87  79  83  -1   0  18 0.00  0.0    0  7.2 17 100   M    M   2 18     23  90
 6   M   M   M   M   M   M 0.00  0.0    0  7.7 16  70   M    M   1        24  70
 7  86  76  81  -3   0  16 0.00  0.0    0  7.7 17 130   M    M   0        23 110
 8   M   M   M   M   M   M 0.00  0.0    0 11.6 20 140   M    M   1        27 130
 9  92  77  85   1   0  20    T  0.0    0 14.4 24 140   M    M   2 3      32 140
10  92  78  85   2   0  20 0.07  0.0    0 11.7 23 120   M    M   1 3      33 120
11  89  77  83   0   0  18 0.00  0.0    0  9.3 26 150   M    M   1        35 140
12  90  76  83   0   0  18    T  0.0    0  7.5 18 110   M    M   1        22 100
13  91  76  84   1   0  19 0.00  0.0    0  8.3 21  60   M    M   2        25  60
14  91  75  83   0   0  18 0.01  0.0    0  8.2 17  40   M    M   1        22  60
15  89  76  83   0   0  18 0.16  0.0    0  8.2 21  40   M    M   3 1      26  40
16  90  76  83   1   0  18 0.00  0.0    0  5.8 18  40   M    M   2 3      22  30
17  93  76  85   3   0  20 0.00  0.0    0  8.6 18 150   M    M   1        23 120
18  94  80  87   5   0  22 0.00  0.0    0 11.8 22 150   M    M   2        28 150
19  94  81  88   6   0  23 0.00  0.0    0 14.6 25 150   M    M   1        31 160
20  93  79  86   4   0  21    T  0.0    0 14.4 25 130   M    M   1        32 150
================================================================================
SM 1622 1385         0 336  4.14     0.0 198.5          M       33
================================================================================
AV 90.1 76.9                               9.9 FASTST   M    M   2    MAX(MPH)
                                 MISC ---->  # 29  60               # 37   60
================================================================================
NOTES:
# LAST OF SEVERAL OCCURRENCES

COLUMN 17 PEAK WIND IN M.P.H.

PRELIMINARY LOCAL CLIMATOLOGICAL DATA (WS FORM: F-6) , PAGE 2

                                          STATION:  BAYVIEW
                                          MONTH:    SEPTEMBER
                                          YEAR:     2019
                                          LATITUDE:   26 10 N
                                          LONGITUDE:  97 20 W

[TEMPERATURE DATA]      [PRECIPITATION DATA]       SYMBOLS USED IN COLUMN 16

AVERAGE MONTHLY: 83.5   TOTAL FOR MONTH:   4.14    1 = FOG OR MIST
DPTR FM NORMAL:   0.3   DPTR FM NORMAL:    0.44    2 = FOG REDUCING VISIBILITY
HIGHEST:    94 ON 19,18 GRTST 24HR  2.30 ON  3- 3      TO 1/4 MILE OR LESS
LOWEST:     73 ON  3                               3 = THUNDER
                        SNOW, ICE PELLETS, HAIL    4 = ICE PELLETS
                        TOTAL MONTH:   0.0 INCH    5 = HAIL
                        GRTST 24HR     0.0         6 = FREEZING RAIN OR DRIZZLE
                        GRTST DEPTH:   0           7 = DUSTSTORM OR SANDSTORM:
                                                       VSBY 1/2 MILE OR LESS
                                                   8 = SMOKE OR HAZE
[NO. OF DAYS WITH]      [WEATHER - DAYS WITH]      9 = BLOWING SNOW
                                                   X = TORNADO
MAX 32 OR BELOW:   0    0.01 INCH OR MORE:   6
MAX 90 OR ABOVE:  12    0.10 INCH OR MORE:   4
MIN 32 OR BELOW:   0    0.50 INCH OR MORE:   2
MIN  0 OR BELOW:   0    1.00 INCH OR MORE:   2

[HDD (BASE 65) ]
TOTAL THIS MO.     0    CLEAR  (SCALE 0-3)  18
DPTR FM NORMAL     0    PTCLDY (SCALE 4-7)   2
TOTAL FM JUL 1     0    CLOUDY (SCALE 8-10)  0
DPTR FM NORMAL     0

[CDD (BASE 65) ]
TOTAL THIS MO.   336
DPTR FM NORMAL   -28    [PRESSURE DATA]
TOTAL FM JAN 1  3333    HIGHEST SLP 29.96 ON  2
DPTR FM NORMAL    87    LOWEST  SLP 29.77 ON  4

[REMARKS]
