000
CXUS55 KABR 161648
CF6PIR
PRELIMINARY LOCAL CLIMATOLOGICAL DATA (WS FORM: F-6)

                                          STATION:   PIERRE SD
                                          MONTH:     FEBRUARY
                                          YEAR:      2019
                                          LATITUDE:   44 22 N
                                          LONGITUDE: 100 17 W

  TEMPERATURE IN F:       :PCPN:    SNOW:  WIND      :SUNSHINE: SKY     :PK WND
================================================================================
1   2   3   4   5  6A  6B    7    8   9   10  11  12  13   14  15   16   17  18
                                     12Z  AVG MX 2MIN
DY MAX MIN AVG DEP HDD CDD  WTR  SNW DPTH SPD SPD DIR MIN PSBL S-S WX    SPD DR
================================================================================

 1  41   9  25   4  40   0 0.00  0.0    3  3.6 12 120   M    M   0        15 130
 2  34  19  27   6  38   0 0.00  0.0    3  3.8  9 360   M    M   0        10  20
 3  20   1  11 -11  54   0 0.16  0.2    3 14.8 26 360   M    M   7 189    34 360
 4   5  -3   1 -21  64   0    T    T    3 15.5 25 320   M    M   3        31 330
 5   2  -4  -1 -23  66   0    T    T    3  8.3 13 100   M    M   7        15 110
 6   2  -2   0 -22  65   0 0.05  1.0    3 14.1 24 340   M    M  10 18     31 340
 7   4  -9  -2 -24  67   0 0.06  1.5    6 22.5 32 310   M    M   8 89     38 310
 8   4 -18  -7 -29  72   0 0.00  0.0    6 10.6 26 110   M    M   0        32 110
 9  16   2   9 -14  56   0 0.02  0.3    6 11.3 21 110   M    M   5 18     26 110
10   7  -7   0 -23  65   0 0.12  2.5    8  9.0 18  40   M    M   9 1      22  30
11  21   0  11 -12  54   0    T  0.1   14 14.0 23 310   M    M   9 18     28 310
12   8  -6   1 -22  64   0 0.00  0.0    8 11.7 26 320   M    M   1        33 320
13  20  -5   8 -16  57   0 0.00  0.0    8  8.9 17 120   M    M   0        22 120
14   9  -6   2 -22  63   0    T    T    6 15.4 32 330   M    M   4 189    38 330
15   8  -9   0 -24  65   0 0.02  0.2    6 10.5 18 120   M    M   7 1      23 120
================================================================================
SM  201  -38       890   0  0.43     5.8 174.0          M       70
================================================================================
AV 13.4 -2.5                              11.6 FASTST   M    M   5    MAX(MPH)
                                 MISC ---->  # 32 310               # 38  310
================================================================================
NOTES:
# LAST OF SEVERAL OCCURRENCES

COLUMN 17 PEAK WIND IN M.P.H.

PRELIMINARY LOCAL CLIMATOLOGICAL DATA (WS FORM: F-6) , PAGE 2

                                          STATION:  PIERRE SD
                                          MONTH:    FEBRUARY
                                          YEAR:     2019
                                          LATITUDE:   44 22 N
                                          LONGITUDE: 100 17 W

[TEMPERATURE DATA]      [PRECIPITATION DATA]       SYMBOLS USED IN COLUMN 16

AVERAGE MONTHLY:  5.4   TOTAL FOR MONTH:   0.43    1 = FOG OR MIST
DPTR FM NORMAL: -17.1   DPTR FM NORMAL:    0.18    2 = FOG REDUCING VISIBILITY
HIGHEST:    41 ON  1    GRTST 24HR  0.16 ON  3- 3      TO 1/4 MILE OR LESS
LOWEST:    -18 ON  8                               3 = THUNDER
                        SNOW, ICE PELLETS, HAIL    4 = ICE PELLETS
                        TOTAL MONTH:   5.8 INCHES  5 = HAIL
                        GRTST 24HR   2.5 ON 10-10  6 = FREEZING RAIN OR DRIZZLE
                        GRTST DEPTH:  14 ON 11     7 = DUSTSTORM OR SANDSTORM:
                                                       VSBY 1/2 MILE OR LESS
                                                   8 = SMOKE OR HAZE
[NO. OF DAYS WITH]      [WEATHER - DAYS WITH]      9 = BLOWING SNOW
                                                   X = TORNADO
MAX 32 OR BELOW:  13    0.01 INCH OR MORE:   6
MAX 90 OR ABOVE:   0    0.10 INCH OR MORE:   2
MIN 32 OR BELOW:  15    0.50 INCH OR MORE:   0
MIN  0 OR BELOW:  11    1.00 INCH OR MORE:   0

[HDD (BASE 65) ]
TOTAL THIS MO.   890    CLEAR  (SCALE 0-3)   6
DPTR FM NORMAL   253    PTCLDY (SCALE 4-7)   6
TOTAL FM JUL 1  5147    CLOUDY (SCALE 8-10)  3
DPTR FM NORMAL   150

[CDD (BASE 65) ]
TOTAL THIS MO.     0
DPTR FM NORMAL     0    [PRESSURE DATA]
TOTAL FM JAN 1     0    HIGHEST SLP M ON M
DPTR FM NORMAL     0    LOWEST  SLP 29.63 ON 13

[REMARKS]
