000
CXUS55 KABR 191508
CF6PIR
PRELIMINARY LOCAL CLIMATOLOGICAL DATA (WS FORM: F-6)

                                          STATION:   PIERRE SD
                                          MONTH:     APRIL
                                          YEAR:      2019
                                          LATITUDE:   44 22 N
                                          LONGITUDE: 100 17 W

  TEMPERATURE IN F:       :PCPN:    SNOW:  WIND      :SUNSHINE: SKY     :PK WND
================================================================================
1   2   3   4   5  6A  6B    7    8   9   10  11  12  13   14  15   16   17  18
                                     12Z  AVG MX 2MIN
DY MAX MIN AVG DEP HDD CDD  WTR  SNW DPTH SPD SPD DIR MIN PSBL S-S WX    SPD DR
================================================================================

 1  37  24  31 -10  34   0 0.05    T    T  5.0 13 240   M    M   6 1      17 240
 2  56  27  42   1  23   0 0.00  0.0    0 11.7 23 320   M    M   2        32 350
 3  48  26  37  -5  28   0 0.01  0.0    0 10.5 23 130   M    M   8 1      28 140
 4  55  36  46   4  19   0 0.00  0.0    0 12.6 18 150   M    M   7 1      23 160
 5  67  36  52  10  13   0 0.00  0.0    0  9.0 21  60   M    M   1 1      27  50
 6  70  43  57  14   8   0    T  0.0    0 10.5 20 110   M    M   5 12     25 110
 7  73  47  60  17   5   0 0.06  0.0    0 15.4 33 330   M    M   3 13     44 330
 8  70  42  56  12   9   0 0.00  0.0    0 14.7 32 320   M    M   1        42 320
 9  57  32  45   1  20   0 0.13  0.0    0 16.0 33  70   M    M   7 16     41  70
10  32  26  29 -16  36   0 0.92  5.1    1 22.6 32  40   M    M  10 1236   40  10
11  28  24  26 -19  39   0 1.04 10.2    9 28.6 39  10   M    M  10 12     50  10
12  36  24  30 -16  35   0 0.05  0.8   16 19.6 26 320   M    M  10 1      33 330
13  38  23  31 -15  34   0 0.00  0.0    9  7.2 14 340   M    M   1        17 350
14  43  25  34 -12  31   0 0.00  0.0    6 15.9 25 130   M    M   0        33 140
15  52  26  39  -8  26   0 0.00  0.0    4  4.2 14 340   M    M   1        18 330
16  64  35  50   3  15   0 0.00  0.0    2  9.1 22 120   M    M   2        28 120
17  54  34  44  -4  21   0 0.22  0.0    2 10.4 21 330   M    M   8 13     30 340
18  61  34  48   0  17   0 0.00  0.0    0 12.5 25 360   M    M   2 1      33  20
================================================================================
SM  941  564       413   0  2.48    16.1 235.5          M       84
================================================================================
AV 52.3 31.3                              13.1 FASTST   M    M   5    MAX(MPH)
                                 MISC ---->  # 39  10               # 50   10
================================================================================
NOTES:
# LAST OF SEVERAL OCCURRENCES

COLUMN 17 PEAK WIND IN M.P.H.

PRELIMINARY LOCAL CLIMATOLOGICAL DATA (WS FORM: F-6) , PAGE 2

                                          STATION:  PIERRE SD
                                          MONTH:    APRIL
                                          YEAR:     2019
                                          LATITUDE:   44 22 N
                                          LONGITUDE: 100 17 W

[TEMPERATURE DATA]      [PRECIPITATION DATA]       SYMBOLS USED IN COLUMN 16

AVERAGE MONTHLY: 41.8   TOTAL FOR MONTH:   2.48    1 = FOG OR MIST
DPTR FM NORMAL:  -2.6   DPTR FM NORMAL:    1.52    2 = FOG REDUCING VISIBILITY
HIGHEST:    73 ON  7    GRTST 24HR  1.04 ON 11-11      TO 1/4 MILE OR LESS
LOWEST:     23 ON 13                               3 = THUNDER
                        SNOW, ICE PELLETS, HAIL    4 = ICE PELLETS
                        TOTAL MONTH:  16.1 INCHES  5 = HAIL
                        GRTST 24HR  10.2 ON 11-11  6 = FREEZING RAIN OR DRIZZLE
                        GRTST DEPTH:  16 ON 12     7 = DUSTSTORM OR SANDSTORM:
                                                       VSBY 1/2 MILE OR LESS
                                                   8 = SMOKE OR HAZE
[NO. OF DAYS WITH]      [WEATHER - DAYS WITH]      9 = BLOWING SNOW
                                                   X = TORNADO
MAX 32 OR BELOW:   2    0.01 INCH OR MORE:   8
MAX 90 OR ABOVE:   0    0.10 INCH OR MORE:   4
MIN 32 OR BELOW:  10    0.50 INCH OR MORE:   2
MIN  0 OR BELOW:   0    1.00 INCH OR MORE:   1

[HDD (BASE 65) ]
TOTAL THIS MO.   413    CLEAR  (SCALE 0-3)   8
DPTR FM NORMAL    42    PTCLDY (SCALE 4-7)   6
TOTAL FM JUL 1  7557    CLOUDY (SCALE 8-10)  4
DPTR FM NORMAL   741

[CDD (BASE 65) ]
TOTAL THIS MO.     0
DPTR FM NORMAL     0    [PRESSURE DATA]
TOTAL FM JAN 1     0    HIGHEST SLP M ON M
DPTR FM NORMAL     0    LOWEST  SLP 29.64 ON 15

[REMARKS]
