000
CXUS51 KPBZ 190804
CF6PIT
PRELIMINARY LOCAL CLIMATOLOGICAL DATA (WS FORM: F-6)

                                          STATION:   PITTSBURGH PA
                                          MONTH:     APRIL
                                          YEAR:      2019
                                          LATITUDE:   40 30 N
                                          LONGITUDE:  80 13 W

  TEMPERATURE IN F:       :PCPN:    SNOW:  WIND      :SUNSHINE: SKY     :PK WND
================================================================================
1   2   3   4   5  6A  6B    7    8   9   10  11  12  13   14  15   16   17  18
                                     12Z  AVG MX 2MIN
DY MAX MIN AVG DEP HDD CDD  WTR  SNW DPTH SPD SPD DIR MIN PSBL S-S WX    SPD DR
================================================================================

 1  42  23  33 -13  32   0    T    T    0  6.7 17 340   M    M   4 1      24 350
 2  54  25  40  -6  25   0 0.00  0.0    0  4.2 15 210   M    M   7        22 250
 3  58  34  46   0  19   0 0.00  0.0    0 12.4 29 300   M    M   2        44 290
 4  56  38  47   0  18   0    T  0.0    0  5.1 16  50   M    M   9        20  50
 5  55  42  49   2  16   0 0.12  0.0    0  8.5 18 150   M    M   9 1      24 150
 6  66  45  56   8   9   0 0.00  0.0    0  1.8  8 360   M    M   8 18     10  10
 7  71  43  57   9   8   0 0.07  0.0    0  5.2 17 200   M    M   8 1      26 200
 8  68  55  62  14   3   0 0.00  0.0    0  9.2 17 230   M    M   9        23 230
 9  69  47  58   9   7   0 0.00  0.0    0 13.6 29 310   M    M   5        36 320
10  56  40  48  -1  17   0    T  0.0    0  8.8 17  10   M    M   6        23 320
11  72  40  56   6   9   0 0.00  0.0    0 10.7 18 120   M    M   9        23 130
12  75  57  66  16   0   1 0.19  0.0    0 10.2 26 270   M    M  10 1      34 270
13  69  48  59   9   6   0 0.00  0.0    0  5.0 15 220   M    M   8        20 220
14  75  47  61  10   4   0 0.90  0.0    0 10.0 38 280   M    M   9 1      47 280
15  57  35  46  -5  19   0    T    T    0 15.3 28 280   M    M   7 1      38 280
16  67  37  52   1  13   0 0.00  0.0    0  8.5 18 210   M    M   5        25 230
17  74  52  63  11   2   0 0.00  0.0    0  4.0 15 210   M    M   9        21 300
18  79  59  69  17   0   4    T  0.0    0  8.6 26 180   M    M   9        33 190
================================================================================
SM 1163  767       207   5  1.28    T    147.8          M      133
================================================================================
AV 64.6 42.6                               8.2 FASTST   M    M   7    MAX(MPH)
                                 MISC ---->  # 38 280               # 47  280
================================================================================
NOTES:
# LAST OF SEVERAL OCCURRENCES

COLUMN 17 PEAK WIND IN M.P.H.

PRELIMINARY LOCAL CLIMATOLOGICAL DATA (WS FORM: F-6) , PAGE 2

                                          STATION:  PITTSBURGH PA
                                          MONTH:    APRIL
                                          YEAR:     2019
                                          LATITUDE:   40 30 N
                                          LONGITUDE:  80 13 W

[TEMPERATURE DATA]      [PRECIPITATION DATA]       SYMBOLS USED IN COLUMN 16

AVERAGE MONTHLY: 53.6   TOTAL FOR MONTH:   1.28    1 = FOG OR MIST
DPTR FM NORMAL:   4.7   DPTR FM NORMAL:   -0.59    2 = FOG REDUCING VISIBILITY
HIGHEST:    79 ON 18    GRTST 24HR  0.90 ON 14-14      TO 1/4 MILE OR LESS
LOWEST:     23 ON  1                               3 = THUNDER
                        SNOW, ICE PELLETS, HAIL    4 = ICE PELLETS
                        TOTAL MONTH:    T          5 = HAIL
                        GRTST 24HR    T  ON 15-15  6 = FREEZING RAIN OR DRIZZLE
                        GRTST DEPTH:   0           7 = DUSTSTORM OR SANDSTORM:
                                                       VSBY 1/2 MILE OR LESS
                                                   8 = SMOKE OR HAZE
[NO. OF DAYS WITH]      [WEATHER - DAYS WITH]      9 = BLOWING SNOW
                                                   X = TORNADO
MAX 32 OR BELOW:   0    0.01 INCH OR MORE:   4
MAX 90 OR ABOVE:   0    0.10 INCH OR MORE:   3
MIN 32 OR BELOW:   2    0.50 INCH OR MORE:   1
MIN  0 OR BELOW:   0    1.00 INCH OR MORE:   0

[HDD (BASE 65) ]
TOTAL THIS MO.   207    CLEAR  (SCALE 0-3)   1
DPTR FM NORMAL   -86    PTCLDY (SCALE 4-7)   9
TOTAL FM JUL 1  5294    CLOUDY (SCALE 8-10)  8
DPTR FM NORMAL   -44

[CDD (BASE 65) ]
TOTAL THIS MO.     5
DPTR FM NORMAL     5    [PRESSURE DATA]
TOTAL FM JAN 1     5    HIGHEST SLP M ON M
DPTR FM NORMAL     4    LOWEST  SLP 29.29 ON 14

[REMARKS]
