000
CXUS51 KRLX 231259
CF6PKB
PRELIMINARY LOCAL CLIMATOLOGICAL DATA (WS FORM: F-6)

                                          STATION:   PARKERSBURG WV
                                          MONTH:     FEBRUARY
                                          YEAR:      2019
                                          LATITUDE:   39 20 N
                                          LONGITUDE:  81 26 W

  TEMPERATURE IN F:       :PCPN:    SNOW:  WIND      :SUNSHINE: SKY     :PK WND
================================================================================
1   2   3   4   5  6A  6B    7    8   9   10  11  12  13   14  15   16   17  18
                                     12Z  AVG MX 2MIN
DY MAX MIN AVG DEP HDD CDD  WTR  SNW DPTH SPD SPD DIR MIN PSBL S-S WX    SPD DR
================================================================================

 1  21  13  17 -15  48   0 0.09    M    M  2.0  7  70   M    M  10 18      9  60
 2  45  14  30  -2  35   0 0.00    M    M  1.8  9 210   M    M   6 128    12 210
 3  64  28  46  13  19   0 0.00    M    M  2.3 10 200   M    M   3 1      15 200
 4  67  30  49  16  16   0    T    M    M  4.5 14 200   M    M   3 1      17 210
 5  63  49  56  23   9   0 0.13    M    M  4.3 10 220   M    M  10 1      18 240
 6  57  48  53  20  12   0 2.48    M    M  2.4 10 330   M    M   9 12     13 330
 7  68  53  61  28   4   0 0.98    M    M  4.8 21 230   M    M  10 123    30 220
 8  60  22  41   8  24   0 0.08    M    M 13.8 22 280   M    M   6 1      33 290
 9  31  17  24 -10  41   0 0.00    M    M  3.6 13 300   M    M   4        17 310
10  33  16  25  -9  40   0 0.29    M    M  1.7  9  90   M    M   5 16     12  90
11  40  32  36   2  29   0 0.60    M    M  2.8  8  70   M    M  10 12      9  60
12  56  35  46  12  19   0 0.38    M    M 12.2 30 250   M    M  10 1      47 280
13  38  30  34   0  31   0    T    M    M 11.4 24 260   M    M   7 8      38 290
14  58  26  42   8  23   0 0.00    M    M  7.6 16 210   M    M   1        26 220
15  57  32  45  10  20   0 0.03    M    M 10.8 24 270   M    M   8        34 280
16  40  24  32  -3  33   0 0.00    M    M  6.8 13 330   M    M   1        17 320
17  36  24  30  -5  35   0 0.16    M    M  5.5 14 240   M    M   7 1      19 250
18  36  27  32  -3  33   0 0.01    M    M  9.4 17 310   M    M  10 18     25 310
19  36  20  28  -8  37   0 0.00    M    M  4.2 10  80   M    M   1 1      14  70
20  54  31  43   7  22   0 1.01    M    M  6.8 18 130   M    M  10 16     23 120
21  54  39  47  11  18   0 0.04    M    M  7.9 20 280   M    M   4 1      34 280
22  46  36  41   5  24   0 0.00  0.0    0  4.0  9  20   M    M   0        12  20
================================================================================
SM 1060  646       572   0  6.28     0.0 130.6          M      135
================================================================================
AV 48.2 29.4                               5.9 FASTST   M    M   6    MAX(MPH)
                                 MISC ---->  # 30 250               # 47  280
================================================================================
NOTES:
# LAST OF SEVERAL OCCURRENCES

COLUMN 17 PEAK WIND IN M.P.H.

PRELIMINARY LOCAL CLIMATOLOGICAL DATA (WS FORM: F-6) , PAGE 2

                                          STATION:  PARKERSBURG WV
                                          MONTH:    FEBRUARY
                                          YEAR:     2019
                                          LATITUDE:   39 20 N
                                          LONGITUDE:  81 26 W

[TEMPERATURE DATA]      [PRECIPITATION DATA]       SYMBOLS USED IN COLUMN 16

AVERAGE MONTHLY: 38.8   TOTAL FOR MONTH:   6.28    1 = FOG OR MIST
DPTR FM NORMAL:   4.7   DPTR FM NORMAL:    4.18    2 = FOG REDUCING VISIBILITY
HIGHEST:    68 ON  7    GRTST 24HR  2.48 ON  6- 6      TO 1/4 MILE OR LESS
LOWEST:     13 ON  1                               3 = THUNDER
                        SNOW, ICE PELLETS, HAIL    4 = ICE PELLETS
                        TOTAL MONTH:   0.0 INCH    5 = HAIL
                        GRTST 24HR     0.0         6 = FREEZING RAIN OR DRIZZLE
                        GRTST DEPTH:   0           7 = DUSTSTORM OR SANDSTORM:
                                                       VSBY 1/2 MILE OR LESS
                                                   8 = SMOKE OR HAZE
[NO. OF DAYS WITH]      [WEATHER - DAYS WITH]      9 = BLOWING SNOW
                                                   X = TORNADO
MAX 32 OR BELOW:   2    0.01 INCH OR MORE:  13
MAX 90 OR ABOVE:   0    0.10 INCH OR MORE:   8
MIN 32 OR BELOW:  16    0.50 INCH OR MORE:   4
MIN  0 OR BELOW:   0    1.00 INCH OR MORE:   2

[HDD (BASE 65) ]
TOTAL THIS MO.   572    CLEAR  (SCALE 0-3)   6
DPTR FM NORMAL  -108    PTCLDY (SCALE 4-7)   8
TOTAL FM JUL 1  3427    CLOUDY (SCALE 8-10)  8
DPTR FM NORMAL  -198

[CDD (BASE 65) ]
TOTAL THIS MO.     0
DPTR FM NORMAL     0    [PRESSURE DATA]
TOTAL FM JAN 1     0    HIGHEST SLP M ON M
DPTR FM NORMAL     0    LOWEST  SLP 29.61 ON 12

[REMARKS]
