000
CXUS51 KRLX 231105
CF6PKB
PRELIMINARY LOCAL CLIMATOLOGICAL DATA (WS FORM: F-6)

                                          STATION:   PARKERSBURG WV
                                          MONTH:     APRIL
                                          YEAR:      2019
                                          LATITUDE:   39 20 N
                                          LONGITUDE:  81 26 W

  TEMPERATURE IN F:       :PCPN:    SNOW:  WIND      :SUNSHINE: SKY     :PK WND
================================================================================
1   2   3   4   5  6A  6B    7    8   9   10  11  12  13   14  15   16   17  18
                                     12Z  AVG MX 2MIN
DY MAX MIN AVG DEP HDD CDD  WTR  SNW DPTH SPD SPD DIR MIN PSBL S-S WX    SPD DR
================================================================================

 1  47  23  35 -14  30   0 0.00    M    M  2.5 12  40   M    M   1        15  40
 2  58  27  43  -7  22   0 0.00    M    M  2.8 13 280   M    M   1 8      18 260
 3  65  37  51   1  14   0 0.00    M    M  7.7 18 310   M    M   1 8      26 310
 4  67  38  53   3  12   0 0.00    M    M  6.8 18  70   M    M   4        25  70
 5  60  48  54   3  11   0 0.12    M    M  4.8 17  80   M    M  10 1      23  80
 6  72  51  62  11   3   0 0.00    M    M  1.0  8 290   M    M   7 1      11 200
 7  75  45  60   9   5   0 0.09    M    M  4.8 18 210   M    M   4 18     26 220
 8  68  59  64  12   1   0 0.08    M    M  6.6 15 220   M    M   6 1      22 230
 9  75  53  64  12   1   0 0.00    M    M  8.8 22 320   M    M   1        29 300
10  70  39  55   3  10   0 0.00    M    M  4.8 12  60   M    M   2        16 320
11  85  47  66  13   0   1 0.00    M    M  9.1 24 160   M    M   0 8      33 150
12  74  61  68  15   0   3 0.15    M    M  9.5 22 190   M    M   6 1      31 170
13  75  47  61   7   4   0 0.00    M    M  3.1 12 220   M    M   1        19 220
14  82  51  67  13   0   2 0.72    M    M 10.8 29 270   M    M   7 13     45 260
15  56  36  46  -8  19   0 0.07    M    M 12.0 26 280   M    M   8 1      37 280
16  73  35  54   0  11   0 0.00    M    M  6.0 18 200   M    M   2        28 210
17  79  56  68  13   0   3 0.00    M    M  6.0 16 190   M    M   0        21 200
18  85  59  72  17   0   7    T    M    M  7.0 24 210   M    M   3        31 200
19  74  51  63   8   2   0 0.24    M    M  8.6 23 190   M    M   7 1      33 200
20  61  47  54  -2  11   0 0.18    M    M  5.8 16 230   M    M  10 12     24 230
21  54  45  50  -6  15   0 0.03    M    M  3.5 10 250   M    M  10 1      15 240
22  73  41  57   1   8   0 0.00    M    M  2.0  9  60   M    M   2 12     12  50
================================================================================
SM 1528  996       179  16  1.68    M    134.0          M       93
================================================================================
AV 69.5 45.3                               6.1 FASTST   M    M   4    MAX(MPH)
                                 MISC ---->  # 29 270               # 45  260
================================================================================
NOTES:
# LAST OF SEVERAL OCCURRENCES

COLUMN 17 PEAK WIND IN M.P.H.

PRELIMINARY LOCAL CLIMATOLOGICAL DATA (WS FORM: F-6) , PAGE 2

                                          STATION:  PARKERSBURG WV
                                          MONTH:    APRIL
                                          YEAR:     2019
                                          LATITUDE:   39 20 N
                                          LONGITUDE:  81 26 W

[TEMPERATURE DATA]      [PRECIPITATION DATA]       SYMBOLS USED IN COLUMN 16

AVERAGE MONTHLY: 57.4   TOTAL FOR MONTH:   1.68    1 = FOG OR MIST
DPTR FM NORMAL:   4.5   DPTR FM NORMAL:   -0.70    2 = FOG REDUCING VISIBILITY
HIGHEST:    85 ON 18,11 GRTST 24HR  0.72 ON 14-14      TO 1/4 MILE OR LESS
LOWEST:     23 ON  1                               3 = THUNDER
                        SNOW, ICE PELLETS, HAIL    4 = ICE PELLETS
                        TOTAL MONTH:    M          5 = HAIL
                        GRTST 24HR    M  ON   M    6 = FREEZING RAIN OR DRIZZLE
                        GRTST DEPTH:  M  ON   M    7 = DUSTSTORM OR SANDSTORM:
                                                       VSBY 1/2 MILE OR LESS
                                                   8 = SMOKE OR HAZE
[NO. OF DAYS WITH]      [WEATHER - DAYS WITH]      9 = BLOWING SNOW
                                                   X = TORNADO
MAX 32 OR BELOW:   0    0.01 INCH OR MORE:   9
MAX 90 OR ABOVE:   0    0.10 INCH OR MORE:   5
MIN 32 OR BELOW:   2    0.50 INCH OR MORE:   1
MIN  0 OR BELOW:   0    1.00 INCH OR MORE:   0

[HDD (BASE 65) ]
TOTAL THIS MO.   179    CLEAR  (SCALE 0-3)  10
DPTR FM NORMAL   -99    PTCLDY (SCALE 4-7)   9
TOTAL FM JUL 1  4475    CLOUDY (SCALE 8-10)  3
DPTR FM NORMAL  -264

[CDD (BASE 65) ]
TOTAL THIS MO.    16
DPTR FM NORMAL     4    [PRESSURE DATA]
TOTAL FM JAN 1    16    HIGHEST SLP M ON M
DPTR FM NORMAL     1    LOWEST  SLP 29.29 ON 14

[REMARKS]
