000
CXUS53 KAPX 250631
CF6PLN
PRELIMINARY LOCAL CLIMATOLOGICAL DATA (WS FORM: F-6)

                                          STATION:   PELLSTON
                                          MONTH:     APRIL
                                          YEAR:      2019
                                          LATITUDE:   45 34 N
                                          LONGITUDE:  84 48 W

  TEMPERATURE IN F:       :PCPN:    SNOW:  WIND      :SUNSHINE: SKY     :PK WND
================================================================================
1   2   3   4   5  6A  6B    7    8   9   10  11  12  13   14  15   16   17  18
                                     12Z  AVG MX 2MIN
DY MAX MIN AVG DEP HDD CDD  WTR  SNW DPTH SPD SPD DIR MIN PSBL S-S WX    SPD DR
================================================================================

 1  39   9  24  -9  41   0 0.01    M    M  6.3 17 260   M    M   4 1      25 260
 2  41  34  38   4  27   0 0.02    M    M  8.5 20 230   M    M   8 1      29 230
 3  37  21  29  -5  36   0 0.01    M    M 13.4 29 300   M    M   7 1      40 280
 4  41  15  28  -7  37   0 0.00    M    M  4.6 15  70   M    M   0        21 100
 5  39  30  35   0  30   0 0.04    M    M  5.6 13 280   M    M   9 16     17 280
 6  47  34  41   5  24   0 0.05    M    M  0.7  6  10   M    M  10 128     6 100
 7  53  37  45   9  20   0 0.08    M    M  5.3 15  70   M    M   8 12     18  90
 8  52  36  44   7  21   0 0.13    M    M  6.2 18 110   M    M   9 1      20 110
 9  43  34  39   2  26   0 0.11    M    M 11.3 22 290   M    M  10 1      29 320
10  44  28  36  -2  29   0 0.00    M    M  8.0 16  40   M    M   3        22  70
11  33  28  31  -7  34   0 0.36    M    M 15.9 29 100   M    M   7 12     42 100
12  47  33  40   1  25   0 0.44    M    M 12.3 25 240   M    M   9 136    41 220
13  42  32  37  -2  28   0 0.00    M    M 14.3 26 240   M    M  10        41 250
14  38  26  32  -8  33   0 0.00    M    M  7.4 22  70   M    M   6        29  60
15  50  32  41   1  24   0 0.00    M    M  9.3 20 280   M    M   1        27 320
16  54  28  41   1  24   0    T    M    M  3.3 10  70   M    M   5         M  M
17  58  24  41   0  24   0 0.53    M    M  9.2 21 140   M    M   5 13     29 140
18  46  38  42   1  23   0 0.10    M    M  7.3 17 150   M    M  10 1      25 150
19  55  28  42   0  23   0    T    M    M 10.3 20  30   M    M   3 1      27  40
20  62  21  42   0  23   0 0.00  0.0    M  4.1 14  80   M    M   0        19  40
21  67  40  54  12  11   0    T    M    M  3.8 15  50   M    M   8        20  60
22  69  40  55  12  10   0 0.11    M    M  5.6 16 350   M    M   6 1      20  30
23  47  35  41  -2  24   0 0.37    M    M 12.7 28 320   M    M   7 1      36 300
24  59  24  42  -2  23   0 0.00    M    M  4.2 14 260   M    M   3 1      20 280
================================================================================
SM 1163  707       620   0  2.36     0.0 189.6          M      148
================================================================================
AV 48.5 29.5                               7.9 FASTST   M    M   6    MAX(MPH)
                                 MISC ---->  # 29 300               # 42  100
================================================================================
NOTES:
# LAST OF SEVERAL OCCURRENCES

COLUMN 17 PEAK WIND IN M.P.H.

PRELIMINARY LOCAL CLIMATOLOGICAL DATA (WS FORM: F-6) , PAGE 2

                                          STATION:  PELLSTON
                                          MONTH:    APRIL
                                          YEAR:     2019
                                          LATITUDE:   45 34 N
                                          LONGITUDE:  84 48 W

[TEMPERATURE DATA]      [PRECIPITATION DATA]       SYMBOLS USED IN COLUMN 16

AVERAGE MONTHLY: 39.0   TOTAL FOR MONTH:   2.36    1 = FOG OR MIST
DPTR FM NORMAL:   0.2   DPTR FM NORMAL:    0.48    2 = FOG REDUCING VISIBILITY
HIGHEST:    69 ON 22    GRTST 24HR  0.53 ON 17-17      TO 1/4 MILE OR LESS
LOWEST:      9 ON  1                               3 = THUNDER
                        SNOW, ICE PELLETS, HAIL    4 = ICE PELLETS
                        TOTAL MONTH:   0.0 INCH    5 = HAIL
                        GRTST 24HR     0.0         6 = FREEZING RAIN OR DRIZZLE
                        GRTST DEPTH:  M  ON   M    7 = DUSTSTORM OR SANDSTORM:
                                                       VSBY 1/2 MILE OR LESS
                                                   8 = SMOKE OR HAZE
[NO. OF DAYS WITH]      [WEATHER - DAYS WITH]      9 = BLOWING SNOW
                                                   X = TORNADO
MAX 32 OR BELOW:   0    0.01 INCH OR MORE:  14
MAX 90 OR ABOVE:   0    0.10 INCH OR MORE:   8
MIN 32 OR BELOW:  14    0.50 INCH OR MORE:   1
MIN  0 OR BELOW:   0    1.00 INCH OR MORE:   0

[HDD (BASE 65) ]
TOTAL THIS MO.   620    CLEAR  (SCALE 0-3)   5
DPTR FM NORMAL   -12    PTCLDY (SCALE 4-7)  12
TOTAL FM JUL 1  7958    CLOUDY (SCALE 8-10)  7
DPTR FM NORMAL    19

[CDD (BASE 65) ]
TOTAL THIS MO.     0
DPTR FM NORMAL     0    [PRESSURE DATA]
TOTAL FM JAN 1     0    HIGHEST SLP M ON M
DPTR FM NORMAL     0    LOWEST  SLP 29.46 ON 18

[REMARKS]
