000
CXUS53 KAPX 180631
CF6PLN
PRELIMINARY LOCAL CLIMATOLOGICAL DATA (WS FORM: F-6)

                                          STATION:   PELLSTON
                                          MONTH:     FEBRUARY
                                          YEAR:      2019
                                          LATITUDE:   45 34 N
                                          LONGITUDE:  84 48 W

  TEMPERATURE IN F:       :PCPN:    SNOW:  WIND      :SUNSHINE: SKY     :PK WND
================================================================================
1   2   3   4   5  6A  6B    7    8   9   10  11  12  13   14  15   16   17  18
                                     12Z  AVG MX 2MIN
DY MAX MIN AVG DEP HDD CDD  WTR  SNW DPTH SPD SPD DIR MIN PSBL S-S WX    SPD DR
================================================================================

 1  17 -18   0 -16  65   0    T    M    M  4.2 14 200   M    M   8 18     22 180
 2  28  17  23   7  42   0 0.00    M    M  9.0 24 280   M    M  10 18     34 270
 3  40  26  33  17  32   0 0.02    M    M  2.6 10 250   M    M  10 126    16 260
 4  45  27  36  20  29   0 0.32    M    M  7.2 23 250   M    M  10 126    35 260
 5  27  12  20   4  45   0 0.01    M    M  8.2 14  90   M    M   7 168    17 110
 6  20  16  18   2  47   0 0.10    M    M  8.2 15  70   M    M  10 18     23  70
 7  35  18  27  11  38   0 0.56    M    M 10.4 25 260   M    M  10 16     36 260
 8  24   9  17   1  48   0 0.01    M    M 17.4 29 290   M    M   9 1289   40 290
 9  17   5  11  -5  54   0    T    M    M  7.8 20 280   M    M   9 1      27 280
10  20  -4   8  -9  57   0 0.01    M    M  2.4  9  80   M    M   8 1      11  80
11  26  12  19   2  46   0    T    M    M  9.9 21 100   M    M   9 18     29  90
12  24  17  21   4  44   0 0.19    M    M 15.1 26 100   M    M   8 12     38  90
13  23  13  18   1  47   0 0.03    M    M 12.9 25 300   M    M  10 128    35 300
14  31  12  22   5  43   0 0.32    M    M  5.7 15 150   M    M   9 18     20 140
15  33  19  26   9  39   0 0.10    M    M 18.6 31 290   M    M  10 128    43 300
16  24  -2  11  -7  54   0    T    M    M  7.8 22 340   M    M   8 8      29 350
17  23 -10   7 -11  58   0    T    M    M  4.4 17  70   M    M   5 18     24  60
================================================================================
SM  457  169       788   0  1.67    M    151.8          M      150
================================================================================
AV 26.9  9.9                               8.9 FASTST   M    M   9    MAX(MPH)
                                 MISC ---->  # 31 290               # 43  300
================================================================================
NOTES:
# LAST OF SEVERAL OCCURRENCES

COLUMN 17 PEAK WIND IN M.P.H.

PRELIMINARY LOCAL CLIMATOLOGICAL DATA (WS FORM: F-6) , PAGE 2

                                          STATION:  PELLSTON
                                          MONTH:    FEBRUARY
                                          YEAR:     2019
                                          LATITUDE:   45 34 N
                                          LONGITUDE:  84 48 W

[TEMPERATURE DATA]      [PRECIPITATION DATA]       SYMBOLS USED IN COLUMN 16

AVERAGE MONTHLY: 18.4   TOTAL FOR MONTH:   1.67    1 = FOG OR MIST
DPTR FM NORMAL:   1.8   DPTR FM NORMAL:    0.88    2 = FOG REDUCING VISIBILITY
HIGHEST:    45 ON  4    GRTST 24HR  0.56 ON  7- 7      TO 1/4 MILE OR LESS
LOWEST:    -18 ON  1                               3 = THUNDER
                        SNOW, ICE PELLETS, HAIL    4 = ICE PELLETS
                        TOTAL MONTH:    M          5 = HAIL
                        GRTST 24HR    M  ON   M    6 = FREEZING RAIN OR DRIZZLE
                        GRTST DEPTH:  M  ON   M    7 = DUSTSTORM OR SANDSTORM:
                                                       VSBY 1/2 MILE OR LESS
                                                   8 = SMOKE OR HAZE
[NO. OF DAYS WITH]      [WEATHER - DAYS WITH]      9 = BLOWING SNOW
                                                   X = TORNADO
MAX 32 OR BELOW:  13    0.01 INCH OR MORE:  11
MAX 90 OR ABOVE:   0    0.10 INCH OR MORE:   6
MIN 32 OR BELOW:  17    0.50 INCH OR MORE:   1
MIN  0 OR BELOW:   4    1.00 INCH OR MORE:   0

[HDD (BASE 65) ]
TOTAL THIS MO.   788    CLEAR  (SCALE 0-3)   0
DPTR FM NORMAL   -34    PTCLDY (SCALE 4-7)   4
TOTAL FM JUL 1  5448    CLOUDY (SCALE 8-10) 13
DPTR FM NORMAL  -156

[CDD (BASE 65) ]
TOTAL THIS MO.     0
DPTR FM NORMAL     0    [PRESSURE DATA]
TOTAL FM JAN 1     0    HIGHEST SLP M ON M
DPTR FM NORMAL     0    LOWEST  SLP 29.30 ON 15

[REMARKS]
