000
CXUS56 KLOX 251155
CF6PMD
PRELIMINARY LOCAL CLIMATOLOGICAL DATA (WS FORM: F-6)

                                          STATION:   PALMDALE AIRPORT CA
                                          MONTH:     APRIL
                                          YEAR:      2019
                                          LATITUDE:   34 37 N
                                          LONGITUDE: 118  5 W

  TEMPERATURE IN F:       :PCPN:    SNOW:  WIND      :SUNSHINE: SKY     :PK WND
================================================================================
1   2   3   4   5  6A  6B    7    8   9   10  11  12  13   14  15   16   17  18
                                     12Z  AVG MX 2MIN
DY MAX MIN AVG DEP HDD CDD  WTR  SNW DPTH SPD SPD DIR MIN PSBL S-S WX    SPD DR
================================================================================

 1  77  43  60   5   5   0 0.00  0.0    0  6.6 21 230   M    M   0        26 230
 2  70  48  59   4   6   0 0.00  0.0    0 18.0 37 220   M    M   3        42 210
 3  66  47  57   2   8   0 0.00  0.0    0 13.5 22 230   M    M   0        27 230
 4  65  47  56   1   9   0    T    M    0 14.0 30 250   M    M   2        35 240
 5  63  48  56   1   9   0 0.00  0.0    0 15.8 28 220   M    M   3        36 240
 6  74  41  58   2   7   0 0.00  0.0    0 13.3 32 290   M    M   0        38 290
 7  81  47  64   8   1   0 0.00  0.0    0  8.7 24 290   M    M   0        29 290
 8  87  49  68  12   0   3 0.00  0.0    0 12.0 28 290   M    M   0        33 290
 9  63  48  56   0   9   0 0.00  0.0    0 24.4 43 290   M    M   0 8      49 290
10  67  37  52  -4  13   0 0.00  0.0    0 12.3 28 290   M    M   0        34 290
11  66  43  55  -2  10   0 0.00  0.0    0 16.4 39 290   M    M   0 8      45 300
12  72  44  58   1   7   0    T    M    0 11.5 25 290   M    M   2        30 280
13  77  38  58   1   7   0 0.00  0.0    0  8.2 24 240   M    M   0        28 240
14  76  51  64   7   1   0 0.00  0.0    0 18.4 30 230   M    M   0        36 230
15  73  53  63   5   2   0 0.00  0.0    0 16.1 29 230   M    M   0        35 230
16  64  45  55  -3  10   0 0.00  0.0    0 15.9 31 270   M    M   4 8      38 280
17  79  40  60   2   5   0 0.00  0.0    0  5.8 15  30   M    M   0        22  50
18  88  44  66   8   0   1 0.00  0.0    0  5.9 23  60   M    M   0        27  60
19  88  51  70  11   0   5 0.00  0.0    0  8.4 23 210   M    M   0        28 270
20  72  53  63   4   2   0 0.00  0.0    0 20.0 30 230   M    M   0        36 240
21  73  44  59   0   6   0 0.00  0.0    0 14.3 37 280   M    M   1 8      42 290
22  81  43  62   2   3   0    T    M    0  9.2 25  20   M    M   2        31  30
23  88  47  68   8   0   3 0.00  0.0    0  8.5 23  40   M    M   0        29  50
24  91  51  71  11   0   6 0.00  0.0    0 10.0 24 240   M    M   0        30 230
================================================================================
SM 1801 1102       120  18    T      0.0 307.2          M       17
================================================================================
AV 75.0 45.9                              12.8 FASTST   M    M   1    MAX(MPH)
                                 MISC ---->  # 43 290               # 49  290
================================================================================
NOTES:
# LAST OF SEVERAL OCCURRENCES

COLUMN 17 PEAK WIND IN M.P.H.

PRELIMINARY LOCAL CLIMATOLOGICAL DATA (WS FORM: F-6) , PAGE 2

                                          STATION:  PALMDALE AIRPORT CA
                                          MONTH:    APRIL
                                          YEAR:     2019
                                          LATITUDE:   34 37 N
                                          LONGITUDE: 118  5 W

[TEMPERATURE DATA]      [PRECIPITATION DATA]       SYMBOLS USED IN COLUMN 16

AVERAGE MONTHLY: 60.5   TOTAL FOR MONTH:      T    1 = FOG OR MIST
DPTR FM NORMAL:   3.3   DPTR FM NORMAL:   -0.40    2 = FOG REDUCING VISIBILITY
HIGHEST:    91 ON 24    GRTST 24HR    T  ON 22-22      TO 1/4 MILE OR LESS
LOWEST:     37 ON 10                               3 = THUNDER
                        SNOW, ICE PELLETS, HAIL    4 = ICE PELLETS
                        TOTAL MONTH:   0.0 INCH    5 = HAIL
                        GRTST 24HR     0.0         6 = FREEZING RAIN OR DRIZZLE
                        GRTST DEPTH:   0           7 = DUSTSTORM OR SANDSTORM:
                                                       VSBY 1/2 MILE OR LESS
                                                   8 = SMOKE OR HAZE
[NO. OF DAYS WITH]      [WEATHER - DAYS WITH]      9 = BLOWING SNOW
                                                   X = TORNADO
MAX 32 OR BELOW:   0    0.01 INCH OR MORE:   0
MAX 90 OR ABOVE:   1    0.10 INCH OR MORE:   0
MIN 32 OR BELOW:   0    0.50 INCH OR MORE:   0
MIN  0 OR BELOW:   0    1.00 INCH OR MORE:   0

[HDD (BASE 65) ]
TOTAL THIS MO.   120    CLEAR  (SCALE 0-3)  23
DPTR FM NORMAL   -80    PTCLDY (SCALE 4-7)   1
TOTAL FM JUL 1  2615    CLOUDY (SCALE 8-10)  0
DPTR FM NORMAL  -206

[CDD (BASE 65) ]
TOTAL THIS MO.    18
DPTR FM NORMAL     9    [PRESSURE DATA]
TOTAL FM JAN 1    18    HIGHEST SLP M ON M
DPTR FM NORMAL     7    LOWEST  SLP 29.69 ON 12

[REMARKS]
