000
CXUS52 KMFL 251000
CF6PMP
PRELIMINARY LOCAL CLIMATOLOGICAL DATA (WS FORM: F-6)

                                          STATION:   POMPANO BEACH ARPK
                                          MONTH:     APRIL
                                          YEAR:      2019
                                          LATITUDE:   26 14 N
                                          LONGITUDE:  80  7 W

  TEMPERATURE IN F:       :PCPN:    SNOW:  WIND      :SUNSHINE: SKY     :PK WND
================================================================================
1   2   3   4   5  6A  6B    7    8   9   10  11  12  13   14  15   16   17  18
                                     12Z  AVG MX 2MIN
DY MAX MIN AVG DEP HDD CDD  WTR  SNW DPTH SPD SPD DIR MIN PSBL S-S WX    SPD DR
================================================================================

 1  84  67  76   3   0  11 0.00  0.0    0  9.0 21 140   M    M   1        24 140
 2  89  67  78   5   0  13    T  0.0    0  6.7 22 280   M    M   3        28 280
 3  81  73  77   4   0  12 0.00  0.0    0 13.5 21  60   M    M   7        26  50
 4  79  74  77   4   0  12 0.00  0.0    0 13.9 18  90   M    M   9        24  70
 5  83  75  79   6   0  14 0.00  0.0    0 10.4 20 150   M    M   4        23 150
 6  84  72  78   4   0  13 0.00  0.0    0  7.6 14  90   M    M   3        17 120
 7  85  77  81   7   0  16 0.00  0.0    0 12.4 18 100   M    M   4        24 120
 8  86  77  82   8   0  17    T  0.0    0 12.4 18 130   M    M   4        24 130
 9  81  72  77   3   0  12 0.10  0.0    0 10.3 17 250   M    M   6 3      23 250
10  88  71  80   6   0  15    T  0.0    0 10.4 21 250   M    M   4 1      27 240
11  86  68  77   3   0  12 0.00  0.0    0  8.3 17 140   M    M   0 1      22 140
12  86  74  80   6   0  15 0.00  0.0    0 10.3 20 130   M    M   2        24 130
13  86  78  82   8   0  17 0.00  0.0    0 13.7 21 120   M    M   2        25 120
14  88  79  84  10   0  19 0.00  0.0    0 14.9 23 150   M    M   4        30 160
15  88  70  79   5   0  14 0.02  0.0    0  9.1 20 290   M    M   4 1      27 220
16  83  72  78   3   0  13 0.00  0.0    0 10.0 17  60   M    M   2        22  40
17  83  74  79   4   0  14 0.00  0.0    0  9.3 16  90   M    M   5        21  90
18  88  76  82   7   0  17 0.02  0.0    0 13.0 22 140   M    M   3        27 140
19  88  72  80   5   0  15 0.49  0.0    0 14.6 29 150   M    M   5 138    39 150
20  85  66  76   1   0  11 0.00  0.0    0 11.5 20 300   M    M   6        25 310
21  81  60  71  -4   0   6 0.00  0.0    0  5.3 13 120   M    M   1        17 280
22  81  70  76   1   0  11 0.00  0.0    0  9.2 16  60   M    M   3        22  30
23  82  70  76   1   0  11 0.00  0.0    0  9.1 17  40   M    M   4        21  30
24  81  67  74  -2   0   9 0.00  0.0    0  6.9 14 100   M    M   1        17  80
================================================================================
SM 2026 1721         0 319  0.63     0.0 251.8          M       87
================================================================================
AV 84.4 71.7                              10.5 FASTST   M    M   4    MAX(MPH)
                                 MISC ---->  # 29 150               # 39  150
================================================================================
NOTES:
# LAST OF SEVERAL OCCURRENCES

COLUMN 17 PEAK WIND IN M.P.H.

PRELIMINARY LOCAL CLIMATOLOGICAL DATA (WS FORM: F-6) , PAGE 2

                                          STATION:  POMPANO BEACH ARPK
                                          MONTH:    APRIL
                                          YEAR:     2019
                                          LATITUDE:   26 14 N
                                          LONGITUDE:  80  7 W

[TEMPERATURE DATA]      [PRECIPITATION DATA]       SYMBOLS USED IN COLUMN 16

AVERAGE MONTHLY: 78.1   TOTAL FOR MONTH:   0.63    1 = FOG OR MIST
DPTR FM NORMAL:   3.9   DPTR FM NORMAL:   -2.15    2 = FOG REDUCING VISIBILITY
HIGHEST:    89 ON  2    GRTST 24HR  0.49 ON 19-19      TO 1/4 MILE OR LESS
LOWEST:     60 ON 21                               3 = THUNDER
                        SNOW, ICE PELLETS, HAIL    4 = ICE PELLETS
                        TOTAL MONTH:   0.0 INCH    5 = HAIL
                        GRTST 24HR     0.0         6 = FREEZING RAIN OR DRIZZLE
                        GRTST DEPTH:   0           7 = DUSTSTORM OR SANDSTORM:
                                                       VSBY 1/2 MILE OR LESS
                                                   8 = SMOKE OR HAZE
[NO. OF DAYS WITH]      [WEATHER - DAYS WITH]      9 = BLOWING SNOW
                                                   X = TORNADO
MAX 32 OR BELOW:   0    0.01 INCH OR MORE:   4
MAX 90 OR ABOVE:   0    0.10 INCH OR MORE:   2
MIN 32 OR BELOW:   0    0.50 INCH OR MORE:   0
MIN  0 OR BELOW:   0    1.00 INCH OR MORE:   0

[HDD (BASE 65) ]
TOTAL THIS MO.     0    CLEAR  (SCALE 0-3)  10
DPTR FM NORMAL     0    PTCLDY (SCALE 4-7)  13
TOTAL FM JUL 1    75    CLOUDY (SCALE 8-10)  1
DPTR FM NORMAL   -96

[CDD (BASE 65) ]
TOTAL THIS MO.   319
DPTR FM NORMAL    94    [PRESSURE DATA]
TOTAL FM JAN 1  1045    HIGHEST SLP M ON M
DPTR FM NORMAL   335    LOWEST  SLP 29.75 ON 10

[REMARKS]
