000
CXUS54 KOUN 200700
CF6PNC
PRELIMINARY LOCAL CLIMATOLOGICAL DATA (WS FORM: F-6)

                                          STATION:   PONCA CITY
                                          MONTH:     FEBRUARY
                                          YEAR:      2019
                                          LATITUDE:   36 44 N
                                          LONGITUDE:  97  6 W

  TEMPERATURE IN F:       :PCPN:    SNOW:  WIND      :SUNSHINE: SKY     :PK WND
================================================================================
1   2   3   4   5  6A  6B    7    8   9   10  11  12  13   14  15   16   17  18
                                     12Z  AVG MX 2MIN
DY MAX MIN AVG DEP HDD CDD  WTR  SNW DPTH SPD SPD DIR MIN PSBL S-S WX    SPD DR
================================================================================

 1  59  24  42   6  23   0 0.00  0.0    0  5.6 15 150   M    M   9 128    18 150
 2  67  50  59  23   6   0 0.00  0.0    0 12.8 22 170   M    M   8 1      31 160
 3  72  56  64  27   1   0 0.00  0.0    0 15.0 29 160   M    M   5        36 160
 4  61  34  48  11  17   0 0.00  0.0    0 11.8 22 360   M    M   6 1      29 330
 5  34  29  32  -5  33   0 0.00  0.0    0 10.4 18  80   M    M  10 18     34  30
 6  33  27  30  -7  35   0 0.09    M    0 10.5175  30   M    M  10 136   175  30
 7  27  15  21 -17  44   0 0.10    T    0  6.4 12 300   M    M   5 136    21 310
 8  28  10  19 -19  46   0 0.00  0.0    0  6.9 17 290   M    M   0        23 280
 9  36  18  27 -11  38   0 0.00  0.0    0 10.3 17 140   M    M   8        21 130
10  42  33  38   0  27   0 0.00  0.0    0  7.9 16 160   M    M  10 1      23 160
11  47  37  42   4  23   0 0.04  0.0    0  8.2 21 330   M    M  10 12     28 340
12  53  30  42   3  23   0 0.00  0.0    0  9.0 25 330   M    M   3        37 340
13  60  35  48   9  17   0 0.00  0.0    0 13.9 28 210   M    M   0        39 200
14  69  33  51  12  14   0 0.00  0.0    0 13.9 25  20   M    M   0        32  30
15  33  21  27 -13  38   0 0.04  0.0    0 15.0 22  30   M    M   9 168    39  40
16  29  20  25 -15  40   0 0.00  0.0    0  7.5 15  40   M    M  10 18     19  40
17  43  20  32  -8  33   0 0.00  0.0    0  9.3 18 340   M    M   4        24 320
18  38  15  27 -14  38   0 0.00  0.0    0 10.3 17 360   M    M   3        21 360
19  34  27  31 -10  34   0 0.23    M    0  9.3 18  80   M    M   9 16     23  90
================================================================================
SM  865  534       530   0  0.50    T    194.0          M      119
================================================================================
AV 45.5 28.1                              10.2 FASTST   M    M   6    MAX(MPH)
                                 MISC ---->  #175  30               #175   30
================================================================================
NOTES:
# LAST OF SEVERAL OCCURRENCES

COLUMN 17 PEAK WIND IN M.P.H.

PRELIMINARY LOCAL CLIMATOLOGICAL DATA (WS FORM: F-6) , PAGE 2

                                          STATION:  PONCA CITY
                                          MONTH:    FEBRUARY
                                          YEAR:     2019
                                          LATITUDE:   36 44 N
                                          LONGITUDE:  97  6 W

[TEMPERATURE DATA]      [PRECIPITATION DATA]       SYMBOLS USED IN COLUMN 16

AVERAGE MONTHLY: 36.8   TOTAL FOR MONTH:   0.50    1 = FOG OR MIST
DPTR FM NORMAL:  -1.6   DPTR FM NORMAL:   -0.34    2 = FOG REDUCING VISIBILITY
HIGHEST:    72 ON  3    GRTST 24HR  0.23 ON 19-19      TO 1/4 MILE OR LESS
LOWEST:     10 ON  8                               3 = THUNDER
                        SNOW, ICE PELLETS, HAIL    4 = ICE PELLETS
                        TOTAL MONTH:    T          5 = HAIL
                        GRTST 24HR    T  ON  7- 7  6 = FREEZING RAIN OR DRIZZLE
                        GRTST DEPTH:   0           7 = DUSTSTORM OR SANDSTORM:
                                                       VSBY 1/2 MILE OR LESS
                                                   8 = SMOKE OR HAZE
[NO. OF DAYS WITH]      [WEATHER - DAYS WITH]      9 = BLOWING SNOW
                                                   X = TORNADO
MAX 32 OR BELOW:   3    0.01 INCH OR MORE:   5
MAX 90 OR ABOVE:   0    0.10 INCH OR MORE:   2
MIN 32 OR BELOW:  12    0.50 INCH OR MORE:   0
MIN  0 OR BELOW:   0    1.00 INCH OR MORE:   0

[HDD (BASE 65) ]
TOTAL THIS MO.   530    CLEAR  (SCALE 0-3)   4
DPTR FM NORMAL    25    PTCLDY (SCALE 4-7)   7
TOTAL FM JUL 1  3106    CLOUDY (SCALE 8-10)  8
DPTR FM NORMAL    23

[CDD (BASE 65) ]
TOTAL THIS MO.     0
DPTR FM NORMAL     0    [PRESSURE DATA]
TOTAL FM JAN 1     0    HIGHEST SLP M ON M
DPTR FM NORMAL     0    LOWEST  SLP 29.57 ON 14

[REMARKS]
