000
CXUS54 KOUN 240700
CF6PNC
PRELIMINARY LOCAL CLIMATOLOGICAL DATA (WS FORM: F-6)

                                          STATION:   PONCA CITY
                                          MONTH:     APRIL
                                          YEAR:      2019
                                          LATITUDE:   36 44 N
                                          LONGITUDE:  97  6 W

  TEMPERATURE IN F:       :PCPN:    SNOW:  WIND      :SUNSHINE: SKY     :PK WND
================================================================================
1   2   3   4   5  6A  6B    7    8   9   10  11  12  13   14  15   16   17  18
                                     12Z  AVG MX 2MIN
DY MAX MIN AVG DEP HDD CDD  WTR  SNW DPTH SPD SPD DIR MIN PSBL S-S WX    SPD DR
================================================================================

 1  57  31  44 -10  21   0 0.00  0.0    0  4.8 14 250   M    M   2        19 250
 2  70  41  56   2   9   0 0.00  0.0    0  5.8 17 170   M    M   0        27 160
 3   M   M   M   M   M   M    M    M    M   M   M   M   M    M   M         M  M
 4  66  47  57   2   8   0 0.35    M    0  6.2 26 100   M    M   6 13     35 100
 5  75  43  59   4   6   0 0.00  0.0    0  8.0 16 150   M    M   0 1      21 160
 6  70  51  61   6   4   0 0.20  0.0    0 10.4 22 160   M    M   5 123    30 100
 7  78  53  66  10   0   1 0.20  0.0    0  5.4 23 150   M    M   3 123    29 100
 8  81  47  64   8   1   0 0.00  0.0    0  3.7 10  20   M    M   0        15 350
 9  87  48  68  12   0   3 0.00  0.0    0  2.0  8 210   M    M   0        10 210
10  86  58  72  15   0   7 0.00  0.0    0 18.6 28 160   M    M   0        35 160
11  58  37  48  -9  17   0 0.00  0.0    0 12.3 25 260   M    M   3        38 270
12  57  35  46 -11  19   0 0.00  0.0    0  6.3 18 320   M    M   2        24 330
13  53  44  49  -9  16   0    T  0.0    0 17.3 31  20   M    M   6        43  40
14  65  37  51  -7  14   0 0.00  0.0    0  9.8 21 350   M    M   1        27  10
15  81  53  67   9   0   2 0.00  0.0    0 14.3 25 160   M    M   0        31 160
16  79  62  71  13   0   6 0.00  0.0    0 12.9 22 160   M    M   1        30 160
17  81  58  70  11   0   5 0.41  0.0    0 13.6 31 360   M    M   5 13     37 350
18  69  50  60   1   5   0 0.06  0.0    0 14.9 36 350   M    M   3 38     49  10
19  67  42  55  -5  10   0 0.00  0.0    0 10.8 22 350   M    M   0        32 360
20  82  38  60   0   5   0 0.00  0.0    0  6.8 21 150   M    M   0        32 160
21  87  62  75  15   0  10 0.00  0.0    0 19.0 29 160   M    M   0        39 170
22  73  59  66   6   0   1 0.00  0.0    0  6.8 21 160   M    M   6        30 160
23  61  53  57  -4   8   0 0.55  0.0    0  7.6 23  10   M    M  10 1      28  10
================================================================================
SM 1583 1049       143  35  1.77     0.0 217.3          M       53
================================================================================
AV 72.0 47.7                               9.9 FASTST   M    M   2    MAX(MPH)
                                 MISC ---->  # 36 350               # 49   10
================================================================================
NOTES:
# LAST OF SEVERAL OCCURRENCES

COLUMN 17 PEAK WIND IN M.P.H.

PRELIMINARY LOCAL CLIMATOLOGICAL DATA (WS FORM: F-6) , PAGE 2

                                          STATION:  PONCA CITY
                                          MONTH:    APRIL
                                          YEAR:     2019
                                          LATITUDE:   36 44 N
                                          LONGITUDE:  97  6 W

[TEMPERATURE DATA]      [PRECIPITATION DATA]       SYMBOLS USED IN COLUMN 16

AVERAGE MONTHLY: 59.8   TOTAL FOR MONTH:   1.77    1 = FOG OR MIST
DPTR FM NORMAL:   2.6   DPTR FM NORMAL:   -0.72    2 = FOG REDUCING VISIBILITY
HIGHEST:    87 ON 21, 9 GRTST 24HR  0.55 ON 23-23      TO 1/4 MILE OR LESS
LOWEST:     31 ON  1                               3 = THUNDER
                        SNOW, ICE PELLETS, HAIL    4 = ICE PELLETS
                        TOTAL MONTH:   0.0 INCH    5 = HAIL
                        GRTST 24HR     0.0         6 = FREEZING RAIN OR DRIZZLE
                        GRTST DEPTH:   0           7 = DUSTSTORM OR SANDSTORM:
                                                       VSBY 1/2 MILE OR LESS
                                                   8 = SMOKE OR HAZE
[NO. OF DAYS WITH]      [WEATHER - DAYS WITH]      9 = BLOWING SNOW
                                                   X = TORNADO
MAX 32 OR BELOW:   0    0.01 INCH OR MORE:   6
MAX 90 OR ABOVE:   0    0.10 INCH OR MORE:   5
MIN 32 OR BELOW:   1    0.50 INCH OR MORE:   1
MIN  0 OR BELOW:   0    1.00 INCH OR MORE:   0

[HDD (BASE 65) ]
TOTAL THIS MO.   143    CLEAR  (SCALE 0-3)  14
DPTR FM NORMAL   -62    PTCLDY (SCALE 4-7)   7
TOTAL FM JUL 1  4094    CLOUDY (SCALE 8-10)  1
DPTR FM NORMAL    95

[CDD (BASE 65) ]
TOTAL THIS MO.    35
DPTR FM NORMAL     6    [PRESSURE DATA]
TOTAL FM JAN 1    39    HIGHEST SLP M ON M
DPTR FM NORMAL     3    LOWEST  SLP 29.23 ON 10

[REMARKS]
