000
CXUS55 KPAH 250628
CF6POF
PRELIMINARY LOCAL CLIMATOLOGICAL DATA (WS FORM: F-6)

                                          STATION:   POPLAR BLUFF MO
                                          MONTH:     APRIL
                                          YEAR:      2019
                                          LATITUDE:   36 46 N
                                          LONGITUDE:  90 19 W

  TEMPERATURE IN F:       :PCPN:    SNOW:  WIND      :SUNSHINE: SKY     :PK WND
================================================================================
1   2   3   4   5  6A  6B    7    8   9   10  11  12  13   14  15   16   17  18
                                     12Z  AVG MX 2MIN
DY MAX MIN AVG DEP HDD CDD  WTR  SNW DPTH SPD SPD DIR MIN PSBL S-S WX    SPD DR
================================================================================

 1  51  29  40 -13  25   0 0.00    M    M  3.3 12 120   M    M   0        17 130
 2  67  31  49  -5  16   0 0.00    M    M  6.1 17 210   M    M   0 8      23 210
 3  72  46  59   5   6   0 0.00    M    M  5.0 17 160   M    M   0 18     26 160
 4  56  46  51  -3  14   0 0.30    M    M  3.4 21 140   M    M   8 1      29 120
 5  65  52  59   4   6   0 0.00    M    M  2.3  7  80   M    M   9 12     10 280
 6  72  46  59   4   6   0 0.08    M    0  3.7 15 130   M    M   4 1      22 140
 7  72  60  66  11   0   1 0.00    M    M  9.4 21 210   M    M   7 1      29 200
 8  77  58  68  12   0   3    T    M    M  2.7 12 140   M    M   2 1      14 240
 9  80  53  67  11   0   2 0.00    M    M  5.9 17  30   M    M   0 1      24  40
10  83  50  67  11   0   2 0.00    M    M 10.3 24 180   M    M   0        37 170
11  80  56  68  11   0   3 0.15  0.0    0 15.3 32 200   M    M   2 13     55 220
12  67  43  55  -2  10   0    T    M    M  6.5 17 200   M    M   0        24 280
13  57  45  51  -6  14   0 1.29    M    M 11.9 25  60   M    M   6 13     39  50
14  50  37  44 -14  21   0 0.19    M    M 10.6 24  30   M    M   7 1      37  30
15  68  33  51  -7  14   0 0.00    M    M  6.4 17 160   M    M   0        26 150
16  74  50  62   4   3   0 0.00    M    M 12.2 26 220   M    M   0        37 200
17  72  57  65   6   0   0 0.00  0.0    0 10.1 23 200   M    M   6        30 200
18  66  48  57  -2   8   0 2.03    M    M 11.2 24  20   M    M   9 13     33  10
19  52  45  49 -10  16   0 0.09    M    M 11.5 28 360   M    M   9 1      40  10
20  73  42  58  -2   7   0 0.00  0.0    0  9.0 24 350   M    M   0        35 330
21  78  40  59  -1   6   0 0.00    M    M  4.4 15 160   M    M   0        20 160
22  79  52  66   6   0   1 0.00    M    M  9.0 22 220   M    M   0        31 180
23  79  58  69   8   0   4 0.00    M    M  7.1 18 210   M    M   0 1      26 220
24  78  56  67   6   0   2 0.40    M    M  4.6 18 320   M    M   5 123    25 310
================================================================================
SM 1668 1133       172  18  4.53     0.0 181.9          M       74
================================================================================
AV 69.5 47.2                               7.6 FASTST   M    M   3    MAX(MPH)
                                 MISC ---->  # 32 200               # 55  220
================================================================================
NOTES:
# LAST OF SEVERAL OCCURRENCES

COLUMN 17 PEAK WIND IN M.P.H.

PRELIMINARY LOCAL CLIMATOLOGICAL DATA (WS FORM: F-6) , PAGE 2

                                          STATION:  POPLAR BLUFF MO
                                          MONTH:    APRIL
                                          YEAR:     2019
                                          LATITUDE:   36 46 N
                                          LONGITUDE:  90 19 W

[TEMPERATURE DATA]      [PRECIPITATION DATA]       SYMBOLS USED IN COLUMN 16

AVERAGE MONTHLY: 58.4   TOTAL FOR MONTH:   4.53    1 = FOG OR MIST
DPTR FM NORMAL:   1.2   DPTR FM NORMAL:    0.86    2 = FOG REDUCING VISIBILITY
HIGHEST:    83 ON 10    GRTST 24HR  2.03 ON 18-18      TO 1/4 MILE OR LESS
LOWEST:     29 ON  1                               3 = THUNDER
                        SNOW, ICE PELLETS, HAIL    4 = ICE PELLETS
                        TOTAL MONTH:   0.0 INCH    5 = HAIL
                        GRTST 24HR     0.0         6 = FREEZING RAIN OR DRIZZLE
                        GRTST DEPTH:   0           7 = DUSTSTORM OR SANDSTORM:
                                                       VSBY 1/2 MILE OR LESS
                                                   8 = SMOKE OR HAZE
[NO. OF DAYS WITH]      [WEATHER - DAYS WITH]      9 = BLOWING SNOW
                                                   X = TORNADO
MAX 32 OR BELOW:   0    0.01 INCH OR MORE:   8
MAX 90 OR ABOVE:   0    0.10 INCH OR MORE:   6
MIN 32 OR BELOW:   2    0.50 INCH OR MORE:   2
MIN  0 OR BELOW:   0    1.00 INCH OR MORE:   2

[HDD (BASE 65) ]
TOTAL THIS MO.   172    CLEAR  (SCALE 0-3)  14
DPTR FM NORMAL   -35    PTCLDY (SCALE 4-7)   6
TOTAL FM JUL 1  3976    CLOUDY (SCALE 8-10)  4
DPTR FM NORMAL   -20

[CDD (BASE 65) ]
TOTAL THIS MO.    18
DPTR FM NORMAL     0    [PRESSURE DATA]
TOTAL FM JAN 1    18    HIGHEST SLP M ON M
DPTR FM NORMAL    -4    LOWEST  SLP 29.36 ON 14

[REMARKS]
