000
CXUS55 KPAH 210640
CF6POF
PRELIMINARY LOCAL CLIMATOLOGICAL DATA (WS FORM: F-6)

                                          STATION:   POPLAR BLUFF MO
                                          MONTH:     FEBRUARY
                                          YEAR:      2019
                                          LATITUDE:   36 46 N
                                          LONGITUDE:  90 19 W

  TEMPERATURE IN F:       :PCPN:    SNOW:  WIND      :SUNSHINE: SKY     :PK WND
================================================================================
1   2   3   4   5  6A  6B    7    8   9   10  11  12  13   14  15   16   17  18
                                     12Z  AVG MX 2MIN
DY MAX MIN AVG DEP HDD CDD  WTR  SNW DPTH SPD SPD DIR MIN PSBL S-S WX    SPD DR
================================================================================

 1  51  32  42   5  23   0 0.07    M    M  2.1  9 130   M    M   4 12     12 140
 2  59  37  48  11  17   0 0.00  0.0    0  2.7 13 180   M    M   7 12     17 220
 3  68  32  50  13  15   0 0.00    M    M  6.8 18 210   M    M   4 12     23 220
 4  66  53  60  23   5   0 0.02  0.0    M  7.9 16  50   M    M  10 12     22 200
 5  54  39  47  10  18   0 0.00  0.0    M  6.7 15  30   M    M  10 12     20  30
 6  60  45  53  15  12   0 2.20    M    M  5.1 14  40   M    M  10 123    18  40
 7  67  23  45   7  20   0 1.05    M    M 12.2 37 290   M    M   8 13     55 300
 8  33  18  26 -12  39   0 0.00    M    M  9.0 18 320   M    M   0        30 340
 9  34  20  27 -11  38   0 0.00    M    M  9.4 17  40   M    M   1        24  30
10  40  31  36  -2  29   0 0.98    M    M  2.6  9  70   M    M  10 1      12  50
11  51  40  46   7  19   0 1.74    M    M  4.7 12 240   M    M  10 12     16 250
12  50  36  43   4  22   0 0.05    M    M 10.9 28 300   M    M   5 12     39 310
13  51  30  41   2  24   0 0.00    M    M  8.7 16 160   M    M   0        26 170
14  56  45  51  11  14   0 0.00    M    0 14.2 26 210   M    M   3        40 220
15  49  26  38  -2  27   0 0.45    M    M 11.7 22  20   M    M   7 168    31 360
16  34  25  30 -10  35   0 0.01    M    0  9.1 20  20   M    M   8 16     27  30
17  43  31  37  -3  28   0 0.01    M    M  7.6 18 330   M    M   7 1      25 330
18  41  24  33  -8  32   0 0.00    M    M  6.8 16  50   M    M   0        23  50
19  39  29  34  -7  31   0 0.90    M    M 11.5 18  60   M    M   4 13     27  70
20  52  35  44   3  21   0 0.24    M    0  5.7 15 260   M    M   6 13     21 290
================================================================================
SM  998  651       469   0  7.72     0.0 155.4          M      114
================================================================================
AV 49.9 32.6                               7.8 FASTST   M    M   6    MAX(MPH)
                                 MISC ---->  # 37 290               # 55  300
================================================================================
NOTES:
# LAST OF SEVERAL OCCURRENCES

COLUMN 17 PEAK WIND IN M.P.H.

PRELIMINARY LOCAL CLIMATOLOGICAL DATA (WS FORM: F-6) , PAGE 2

                                          STATION:  POPLAR BLUFF MO
                                          MONTH:    FEBRUARY
                                          YEAR:     2019
                                          LATITUDE:   36 46 N
                                          LONGITUDE:  90 19 W

[TEMPERATURE DATA]      [PRECIPITATION DATA]       SYMBOLS USED IN COLUMN 16

AVERAGE MONTHLY: 41.2   TOTAL FOR MONTH:   7.72    1 = FOG OR MIST
DPTR FM NORMAL:   2.5   DPTR FM NORMAL:    5.33    2 = FOG REDUCING VISIBILITY
HIGHEST:    68 ON  3    GRTST 24HR  2.20 ON  6- 6      TO 1/4 MILE OR LESS
LOWEST:     18 ON  8                               3 = THUNDER
                        SNOW, ICE PELLETS, HAIL    4 = ICE PELLETS
                        TOTAL MONTH:   0.0 INCH    5 = HAIL
                        GRTST 24HR     0.0         6 = FREEZING RAIN OR DRIZZLE
                        GRTST DEPTH:   0           7 = DUSTSTORM OR SANDSTORM:
                                                       VSBY 1/2 MILE OR LESS
                                                   8 = SMOKE OR HAZE
[NO. OF DAYS WITH]      [WEATHER - DAYS WITH]      9 = BLOWING SNOW
                                                   X = TORNADO
MAX 32 OR BELOW:   0    0.01 INCH OR MORE:  12
MAX 90 OR ABOVE:   0    0.10 INCH OR MORE:   7
MIN 32 OR BELOW:  12    0.50 INCH OR MORE:   5
MIN  0 OR BELOW:   0    1.00 INCH OR MORE:   3

[HDD (BASE 65) ]
TOTAL THIS MO.   469    CLEAR  (SCALE 0-3)   4
DPTR FM NORMAL   -55    PTCLDY (SCALE 4-7)  10
TOTAL FM JUL 1  3031    CLOUDY (SCALE 8-10)  6
DPTR FM NORMAL   -56

[CDD (BASE 65) ]
TOTAL THIS MO.     0
DPTR FM NORMAL     0    [PRESSURE DATA]
TOTAL FM JAN 1     0    HIGHEST SLP M ON M
DPTR FM NORMAL     0    LOWEST  SLP 29.62 ON 12

[REMARKS]
