000
CXUS55 KALY 250711
CF6POU
PRELIMINARY LOCAL CLIMATOLOGICAL DATA (WS FORM: F-6)

                                          STATION:   POUGHKEEPSIE NY
                                          MONTH:     APRIL
                                          YEAR:      2019
                                          LATITUDE:   41 37 N
                                          LONGITUDE:  73 53 W

  TEMPERATURE IN F:       :PCPN:    SNOW:  WIND      :SUNSHINE: SKY     :PK WND
================================================================================
1   2   3   4   5  6A  6B    7    8   9   10  11  12  13   14  15   16   17  18
                                     12Z  AVG MX 2MIN
DY MAX MIN AVG DEP HDD CDD  WTR  SNW DPTH SPD SPD DIR MIN PSBL S-S WX    SPD DR
================================================================================

 1  45  26  36  -7  29   0 0.00    M    M  8.6 21 280   M    M   3        28 270
 2  52  20  36  -7  29   0 0.00    M    M  5.0 18 140   M    M   2        27 130
 3  65  34  50   6  15   0 0.00999.0    M 11.9 32 250   M    M   2        41 260
 4  55  33  44   0  21   0 0.00    M    M 10.0 24 280   M    M   0        33 260
 5  42  29  36  -9  29   0 0.31    M    M  1.7 10 200   M    M   6 18     15 190
 6  65  35  50   5  15   0 0.01    M    M  2.8 12  10   M    M   4 1      15  10
 7  69  34  52   7  13   0 0.00    M    M  4.4 13 170   M    M   2        19 160
 8  74  49  62  16   3   0 0.42    M    M  3.7 13 350   M    M   7 1      16  10
 9  58  39  49   3  16   0 0.03    M    M  4.7 18 150   M    M   5 128    27 160
10  56  36  46  -1  19   0 0.00    M    M  8.2 21 280   M    M   4 12     25 310
11  50  33  42  -5  23   0 0.00    M    M  1.7 10  30   M    M   5        13  20
12  63  39  51   3  14   0 0.27    M    M  3.9 14 130   M    M   9 18     18 130
13  77  50  64  16   1   0 0.47    M    M  4.3 17 230   M    M   4 1      23 230
14  72  50  61  13   4   0 0.04    M    M  5.3 14 180   M    M   6 1      21 170
15  68  43  56   7   9   0 0.54    M    M 13.0 31 230   M    M   7 138    47 240
16  64  39  52   3  13   0 0.00    M    M 10.4 24 310   M    M   3 8      32 300
17  64  42  53   4  12   0 0.00    M    M  3.8 13 170   M    M   3        18 160
18  56  46  51   1  14   0    T    M    M  3.9 17 130   M    M   9 1      24 130
19  78  44  61  11   4   0 0.12    M    M  8.7 20 210   M    M   7 1      31 180
20  69  57  63  13   2   0 0.37    M    M  9.2 21 130   M    M   7 18     30 130
21  66  49  58   7   7   0    T    M    M  4.1 14 130   M    M   6        19 110
22  68  49  59   8   6   0 0.05    M    M  6.2 18 330   M    M   6 12     24  30
23  76  46  61   9   4   0 0.05    M    M  2.5 15 260   M    M   4 128    19 200
24  63  44  54   2  11   0 0.00    M    M  9.7 22 280   M    M   2 12     27 290
================================================================================
SM 1515  966       313   0  2.68   999.0 147.7          M      113
================================================================================
AV 63.1 40.3                               6.2 FASTST   M    M   5    MAX(MPH)
                                 MISC ---->  # 32 250               # 47  240
================================================================================
NOTES:
# LAST OF SEVERAL OCCURRENCES

COLUMN 17 PEAK WIND IN M.P.H.

PRELIMINARY LOCAL CLIMATOLOGICAL DATA (WS FORM: F-6) , PAGE 2

                                          STATION:  POUGHKEEPSIE NY
                                          MONTH:    APRIL
                                          YEAR:     2019
                                          LATITUDE:   41 37 N
                                          LONGITUDE:  73 53 W

[TEMPERATURE DATA]      [PRECIPITATION DATA]       SYMBOLS USED IN COLUMN 16

AVERAGE MONTHLY: 51.7   TOTAL FOR MONTH:   2.68    1 = FOG OR MIST
DPTR FM NORMAL:   4.1   DPTR FM NORMAL:   -0.33    2 = FOG REDUCING VISIBILITY
HIGHEST:    78 ON 19    GRTST 24HR  0.54 ON 15-15      TO 1/4 MILE OR LESS
LOWEST:     20 ON  2                               3 = THUNDER
                        SNOW, ICE PELLETS, HAIL    4 = ICE PELLETS
                        TOTAL MONTH: 999.0 INCHES  5 = HAIL
                        GRTST 24HR 999.0 ON  3- 3  6 = FREEZING RAIN OR DRIZZLE
                        GRTST DEPTH:  M  ON   M    7 = DUSTSTORM OR SANDSTORM:
                                                       VSBY 1/2 MILE OR LESS
                                                   8 = SMOKE OR HAZE
[NO. OF DAYS WITH]      [WEATHER - DAYS WITH]      9 = BLOWING SNOW
                                                   X = TORNADO
MAX 32 OR BELOW:   0    0.01 INCH OR MORE:  12
MAX 90 OR ABOVE:   0    0.10 INCH OR MORE:   7
MIN 32 OR BELOW:   3    0.50 INCH OR MORE:   1
MIN  0 OR BELOW:   0    1.00 INCH OR MORE:   0

[HDD (BASE 65) ]
TOTAL THIS MO.   313    CLEAR  (SCALE 0-3)   7
DPTR FM NORMAL  -107    PTCLDY (SCALE 4-7)  15
TOTAL FM JUL 1  5523    CLOUDY (SCALE 8-10)  2
DPTR FM NORMAL  -342

[CDD (BASE 65) ]
TOTAL THIS MO.     0
DPTR FM NORMAL     0    [PRESSURE DATA]
TOTAL FM JAN 1     0    HIGHEST SLP M ON M
DPTR FM NORMAL     0    LOWEST  SLP 29.25 ON 15

[REMARKS]
