837
CXUS55 KALY 170710
CF6POU
PRELIMINARY LOCAL CLIMATOLOGICAL DATA (WS FORM: F-6)

                                          STATION:   POUGHKEEPSIE NY
                                          MONTH:     AUGUST
                                          YEAR:      2019
                                          LATITUDE:   41 37 N
                                          LONGITUDE:  73 53 W

  TEMPERATURE IN F:       :PCPN:    SNOW:  WIND      :SUNSHINE: SKY     :PK WND
================================================================================
1   2   3   4   5  6A  6B    7    8   9   10  11  12  13   14  15   16   17  18
                                     12Z  AVG MX 2MIN
DY MAX MIN AVG DEP HDD CDD  WTR  SNW DPTH SPD SPD DIR MIN PSBL S-S WX    SPD DR
================================================================================

 1  88  65  77   4   0  12 0.00    M    M  2.6 10 330   M    M   3 12     16 280
 2  88  61  75   2   0  10 0.00    M    M  2.8 10 160   M    M   1        15 180
 3  88  65  77   4   0  12 0.05    M    M  3.8 21 360   M    M   4 13     32 360
 4  85  64  75   2   0  10    T    M    M  2.0 10 300   M    M   5 1238   13 290
 5  84  59  72   0   0   7 0.00    M    M  2.7 10 230   M    M   1        14 250
 6  83  61  72   0   0   7 0.11    M    M  3.1 13 130   M    M   4 13     17 150
 7  85  68  77   5   0  12 0.11    M    M  3.4 14 210   M    M   5 13     20 200
 8  87  63  75   3   0  10 0.07    M    M  6.0 25 310   M    M   2 3      34 320
 9  85  60  73   1   0   8 0.00    M    M  5.7 23 330   M    M   1        33 320
10  81  56  69  -3   0   4 0.00    M    M  7.4 22 270   M    M   3        28 270
11  82  51  67  -5   0   2 0.00    M    M  2.5 12 250   M    M   1        16 280
12  87  54  71  -1   0   6 0.00    M    M  3.9 16 270   M    M   2        22 210
13  80  68  74   2   0   9 0.08    M    M  3.4 10 250   M    M   5 1      14 210
14  82  66  74   2   0   9 0.24    M    M  2.2 14 340   M    M   4 1      18 350
15  85  62  74   2   0   9 0.05    M    M  3.5 12 140   M    M   3        16 130
16  85  62  74   3   0   9 0.02    M    M  3.5 10 240   M    M   5 1      14 220
================================================================================
SM 1355  985         0 136  0.73    M     58.5          M       49
================================================================================
AV 84.7 61.6                               3.7 FASTST   M    M   3    MAX(MPH)
                                 MISC ---->  # 25 310               # 34  320
================================================================================
NOTES:
# LAST OF SEVERAL OCCURRENCES

COLUMN 17 PEAK WIND IN M.P.H.

PRELIMINARY LOCAL CLIMATOLOGICAL DATA (WS FORM: F-6) , PAGE 2

                                          STATION:  POUGHKEEPSIE NY
                                          MONTH:    AUGUST
                                          YEAR:     2019
                                          LATITUDE:   41 37 N
                                          LONGITUDE:  73 53 W

[TEMPERATURE DATA]      [PRECIPITATION DATA]       SYMBOLS USED IN COLUMN 16

AVERAGE MONTHLY: 73.1   TOTAL FOR MONTH:   0.73    1 = FOG OR MIST
DPTR FM NORMAL:   0.9   DPTR FM NORMAL:   -1.59    2 = FOG REDUCING VISIBILITY
HIGHEST:    88 ON  3, 2 GRTST 24HR  0.24 ON 14-14      TO 1/4 MILE OR LESS
LOWEST:     51 ON 11                               3 = THUNDER
                        SNOW, ICE PELLETS, HAIL    4 = ICE PELLETS
                        TOTAL MONTH:    M          5 = HAIL
                        GRTST 24HR    M  ON   M    6 = FREEZING RAIN OR DRIZZLE
                        GRTST DEPTH:  M  ON   M    7 = DUSTSTORM OR SANDSTORM:
                                                       VSBY 1/2 MILE OR LESS
                                                   8 = SMOKE OR HAZE
[NO. OF DAYS WITH]      [WEATHER - DAYS WITH]      9 = BLOWING SNOW
                                                   X = TORNADO
MAX 32 OR BELOW:   0    0.01 INCH OR MORE:   8
MAX 90 OR ABOVE:   0    0.10 INCH OR MORE:   3
MIN 32 OR BELOW:   0    0.50 INCH OR MORE:   0
MIN  0 OR BELOW:   0    1.00 INCH OR MORE:   0

[HDD (BASE 65) ]
TOTAL THIS MO.     0    CLEAR  (SCALE 0-3)   9
DPTR FM NORMAL     0    PTCLDY (SCALE 4-7)   7
TOTAL FM JUL 1     0    CLOUDY (SCALE 8-10)  0
DPTR FM NORMAL    -5

[CDD (BASE 65) ]
TOTAL THIS MO.   136
DPTR FM NORMAL    17    [PRESSURE DATA]
TOTAL FM JAN 1   640    HIGHEST SLP M ON M
DPTR FM NORMAL   118    LOWEST  SLP 29.67 ON  9

[REMARKS]
