239
CXUS56 KLOX 241655
CF6PRB
PRELIMINARY LOCAL CLIMATOLOGICAL DATA (WS FORM: F-6)

                                          STATION:   PASO ROBLES AIRPORT CA
                                          MONTH:     AUGUST
                                          YEAR:      2019
                                          LATITUDE:   35 40 N
                                          LONGITUDE: 120 38 W

  TEMPERATURE IN F:       :PCPN:    SNOW:  WIND      :SUNSHINE: SKY     :PK WND
================================================================================
1   2   3   4   5  6A  6B    7    8   9   10  11  12  13   14  15   16   17  18
                                     12Z  AVG MX 2MIN
DY MAX MIN AVG DEP HDD CDD  WTR  SNW DPTH SPD SPD DIR MIN PSBL S-S WX    SPD DR
================================================================================

 1  92  48  70  -4   0   5 0.00  0.0    0  7.4 22 310   M    M   2 12     26 300
 2  99  54  77   3   0  12 0.00  0.0    0  9.3 20 300   M    M   2 1      25 300
 3 101  55  78   4   0  13 0.00  0.0    0  5.8 17 300   M    M   0        22 300
 4 102  55  79   5   0  14 0.00  0.0    0  7.0 20 310   M    M   0        24 310
 5 100  61  81   7   0  16 0.00  0.0    0  7.5 21 200   M    M   0        25 210
 6  92  59  76   2   0  11 0.00  0.0    0  8.2 23 190   M    M   0        27 200
 7  92  55  74   0   0   9 0.00  0.0    0  8.9 23 190   M    M   2 1      27 200
 8  94  54  74   0   0   9 0.00  0.0    0 11.7 22 310   M    M   1 8      28 280
 9  93  52  73  -1   0   8 0.00  0.0    0 10.2 21 320   M    M   0        25 320
10  89  57  73  -1   0   8 0.00  0.0    0  8.9 21 310   M    M   2        26 310
11  94  56  75   1   0  10 0.00  0.0    0  7.2 21 320   M    M   0        25 320
12  99  53  76   3   0  11 0.00  0.0    0  6.5 20 330   M    M   0        24 320
13 101  55  78   5   0  13 0.00  0.0    0  4.6 17 310   M    M   0        20 310
14 106  56  81   8   0  16 0.00  0.0    0  5.0 20 190   M    M   0        23 190
15 107  58  83  10   0  18 0.00  0.0    0  3.9 16 230   M    M   0        20 230
16  96  57  77   4   0  12 0.00  0.0    0  8.9 25 200   M    M   0        32 210
17  76  52  64  -9   1   0 0.00  0.0    0 10.6 22 230   M    M   1        26 230
18  78  55  67  -6   0   2 0.00  0.0    0  9.5 20 200   M    M   3        25 220
19  83  54  69  -4   0   4 0.00  0.0    0  8.0 20 190   M    M   4        23 200
20  94  54  74   1   0   9 0.00  0.0    0  9.4 22 310   M    M   2        28 310
21  98  54  76   3   0  11 0.00  0.0    0  9.7 23 310   M    M   0        28 310
22  98  59  79   6   0  14 0.00  0.0    0  6.1 17 210   M    M   0        22 210
23  79  60  70  -3   0   5 0.00  0.0    0  9.6 23 230   M    M   0        28 210
================================================================================
SM 2163 1273         1 230  0.00     0.0 183.9          M       19
================================================================================
AV 94.0 55.4                               8.0 FASTST   M    M   1    MAX(MPH)
                                 MISC ---->  # 25 200               # 32  210
================================================================================
NOTES:
# LAST OF SEVERAL OCCURRENCES

COLUMN 17 PEAK WIND IN M.P.H.

PRELIMINARY LOCAL CLIMATOLOGICAL DATA (WS FORM: F-6) , PAGE 2

                                          STATION:  PASO ROBLES AIRPORT CA
                                          MONTH:    AUGUST
                                          YEAR:     2019
                                          LATITUDE:   35 40 N
                                          LONGITUDE: 120 38 W

[TEMPERATURE DATA]      [PRECIPITATION DATA]       SYMBOLS USED IN COLUMN 16

AVERAGE MONTHLY: 74.7   TOTAL FOR MONTH:   0.00    1 = FOG OR MIST
DPTR FM NORMAL:   1.2   DPTR FM NORMAL:   -0.07    2 = FOG REDUCING VISIBILITY
HIGHEST:   107 ON 15    GRTST 24HR  0.00 ON 23-23      TO 1/4 MILE OR LESS
LOWEST:     48 ON  1                               3 = THUNDER
                        SNOW, ICE PELLETS, HAIL    4 = ICE PELLETS
                        TOTAL MONTH:   0.0 INCH    5 = HAIL
                        GRTST 24HR     0.0         6 = FREEZING RAIN OR DRIZZLE
                        GRTST DEPTH:   0           7 = DUSTSTORM OR SANDSTORM:
                                                       VSBY 1/2 MILE OR LESS
                                                   8 = SMOKE OR HAZE
[NO. OF DAYS WITH]      [WEATHER - DAYS WITH]      9 = BLOWING SNOW
                                                   X = TORNADO
MAX 32 OR BELOW:   0    0.01 INCH OR MORE:   0
MAX 90 OR ABOVE:  18    0.10 INCH OR MORE:   0
MIN 32 OR BELOW:   0    0.50 INCH OR MORE:   0
MIN  0 OR BELOW:   0    1.00 INCH OR MORE:   0

[HDD (BASE 65) ]
TOTAL THIS MO.     1    CLEAR  (SCALE 0-3)  22
DPTR FM NORMAL     1    PTCLDY (SCALE 4-7)   1
TOTAL FM JUL 1     1    CLOUDY (SCALE 8-10)  0
DPTR FM NORMAL    -3

[CDD (BASE 65) ]
TOTAL THIS MO.   230
DPTR FM NORMAL    33    [PRESSURE DATA]
TOTAL FM JAN 1   723    HIGHEST SLP M ON M
DPTR FM NORMAL    49    LOWEST  SLP 29.69 ON 22

[REMARKS]
