000
CXUS56 KFGZ 200900
CF6PRC
PRELIMINARY LOCAL CLIMATOLOGICAL DATA (WS FORM: F-6)

                                          STATION:   PRESCOTT AZ AIRPORT
                                          MONTH:     FEBRUARY
                                          YEAR:      2019
                                          LATITUDE:   34 39 N
                                          LONGITUDE: 112 26 W

  TEMPERATURE IN F:       :PCPN:    SNOW:  WIND      :SUNSHINE: SKY     :PK WND
================================================================================
1   2   3   4   5  6A  6B    7    8   9   10  11  12  13   14  15   16   17  18
                                     12Z  AVG MX 2MIN
DY MAX MIN AVG DEP HDD CDD  WTR  SNW DPTH SPD SPD DIR MIN PSBL S-S WX    SPD DR
================================================================================

 1  58  33  46   6  19   0 0.00  0.0    0  5.0 14 130   M    M   3        22 130
 2  53  34  44   4  21   0 0.07    M    M 10.3 23 140   M    M   8 18     29 140
 3  54  37  46   6  19   0 0.44    M    M 12.7 30 210   M    M   7 1      40 210
 4  47  33  40   0  25   0 0.02    M    M  8.4 21 190   M    M   6 1      31 200
 5  46  35  41   1  24   0 0.22    M    M 15.6 30 200   M    M   7 18     39 190
 6  37  23  30 -10  35   0 0.01    M    M 12.5 24 230   M    M   5 1      30 240
 7  40  16  28 -12  37   0 0.00    M    M  4.0 10 330   M    M   0        13 330
 8  53  17  35  -6  30   0 0.00    M    M  5.1 15 140   M    M   0        21 130
 9  48  27  38  -3  27   0 0.00    M    M  8.2 23 240   M    M   0        30 210
10  50  20  35  -6  30   0 0.00    M    M  9.7 25 190   M    M   1        34 190
11  44  18  31 -10  34   0 0.01    M    M  8.8 22 290   M    M   2 1      28 290
12  56  16  36  -5  29   0 0.00    M    M  3.7 14 130   M    M   0        18 130
13  57  32  45   4  20   0    T    M    M  6.4 16 180   M    M   5        22 180
14  50  37  44   3  21   0 1.07    M    M 16.2 37 230   M    M  10 1      47 230
15  54  34  44   2  21   0 0.00    M    M  8.1 18 210   M    M   2        27 230
16  44  32  38  -4  27   0 0.02    M    M 10.7 21 280   M    M   7 18     26 280
17  39  27  33  -9  32   0 0.04    M    M  9.8 25 220   M    M   7 18     33 220
18  36  25  31 -11  34   0 0.05    M    M  8.1 24 230   M    M   8 128    32 240
19  37  20  29 -13  36   0 0.00  0.0    0  7.8 18 280   M    M   4        23 280
================================================================================
SM  903  516       521   0  1.95     0.0 171.1          M       82
================================================================================
AV 47.5 27.2                               9.0 FASTST   M    M   4    MAX(MPH)
                                 MISC ---->  # 37 230               # 47  230
================================================================================
NOTES:
# LAST OF SEVERAL OCCURRENCES

COLUMN 17 PEAK WIND IN M.P.H.

PRELIMINARY LOCAL CLIMATOLOGICAL DATA (WS FORM: F-6) , PAGE 2

                                          STATION:  PRESCOTT AZ AIRPORT
                                          MONTH:    FEBRUARY
                                          YEAR:     2019
                                          LATITUDE:   34 39 N
                                          LONGITUDE: 112 26 W

[TEMPERATURE DATA]      [PRECIPITATION DATA]       SYMBOLS USED IN COLUMN 16

AVERAGE MONTHLY: 37.3   TOTAL FOR MONTH:   1.95    1 = FOG OR MIST
DPTR FM NORMAL:  -3.6   DPTR FM NORMAL:    1.04    2 = FOG REDUCING VISIBILITY
HIGHEST:    58 ON  1    GRTST 24HR  1.07 ON 14-14      TO 1/4 MILE OR LESS
LOWEST:     16 ON 12, 7                            3 = THUNDER
                        SNOW, ICE PELLETS, HAIL    4 = ICE PELLETS
                        TOTAL MONTH:   0.0 INCH    5 = HAIL
                        GRTST 24HR     0.0         6 = FREEZING RAIN OR DRIZZLE
                        GRTST DEPTH:   0           7 = DUSTSTORM OR SANDSTORM:
                                                       VSBY 1/2 MILE OR LESS
                                                   8 = SMOKE OR HAZE
[NO. OF DAYS WITH]      [WEATHER - DAYS WITH]      9 = BLOWING SNOW
                                                   X = TORNADO
MAX 32 OR BELOW:   0    0.01 INCH OR MORE:  10
MAX 90 OR ABOVE:   0    0.10 INCH OR MORE:   3
MIN 32 OR BELOW:  12    0.50 INCH OR MORE:   1
MIN  0 OR BELOW:   0    1.00 INCH OR MORE:   1

[HDD (BASE 65) ]
TOTAL THIS MO.   521    CLEAR  (SCALE 0-3)   8
DPTR FM NORMAL    64    PTCLDY (SCALE 4-7)  10
TOTAL FM JUL 1  2942    CLOUDY (SCALE 8-10)  1
DPTR FM NORMAL   -32

[CDD (BASE 65) ]
TOTAL THIS MO.     0
DPTR FM NORMAL     0    [PRESSURE DATA]
TOTAL FM JAN 1     0    HIGHEST SLP M ON M
DPTR FM NORMAL     0    LOWEST  SLP 29.63 ON  6

[REMARKS]
