000
CXUS56 KFGZ 210900
CF6PRC
PRELIMINARY LOCAL CLIMATOLOGICAL DATA (WS FORM: F-6)

                                          STATION:   PRESCOTT AZ AIRPORT
                                          MONTH:     APRIL
                                          YEAR:      2019
                                          LATITUDE:   34 39 N
                                          LONGITUDE: 112 26 W

  TEMPERATURE IN F:       :PCPN:    SNOW:  WIND      :SUNSHINE: SKY     :PK WND
================================================================================
1   2   3   4   5  6A  6B    7    8   9   10  11  12  13   14  15   16   17  18
                                     12Z  AVG MX 2MIN
DY MAX MIN AVG DEP HDD CDD  WTR  SNW DPTH SPD SPD DIR MIN PSBL S-S WX    SPD DR
================================================================================

 1  67  29  48  -1  17   0 0.00    M    M  6.0 14 250   M    M   0        17 180
 2  67  40  54   5  11   0 0.00    M    M 10.6 26 230   M    M   1        35 230
 3  65  38  52   2  13   0 0.00    M    M  6.9 17 240   M    M   1        23 230
 4  65  38  52   2  13   0 0.00    M    M  8.6 23 230   M    M   0        30 130
 5  64  35  50   0  15   0 0.00    M    M  7.4 17 210   M    M   1        22 200
 6  65  43  54   4  11   0 0.00    M    M  6.2 15 280   M    M   5        19 240
 7  75  38  57   7   8   0 0.00    M    M  6.2 15 340   M    M   0        19 300
 8  81  41  61  10   4   0 0.00    M    M  6.2 18 240   M    M   0        23 260
 9  77  47  62  11   3   0 0.00    M    M 16.1 38 240   M    M   0        50 230
10  57  36  47  -4  18   0 0.00    M    M 16.3 32 310   M    M   2        46 310
11  59  31  45  -6  20   0 0.00    M    M 10.4 24 260   M    M   1        29 230
12  55  35  45  -7  20   0 0.02    M    M  6.8 25 320   M    M   8        30 320
13   M   M   M   M   M   M    M    M    M   M   M   M   M    M   M         M  M
14  70  38  54   2  11   0 0.00    M    M  8.6 20 230   M    M   0        28 180
15  69  43  56   4   9   0 0.00    M    M  8.8 23 180   M    M   0        35 190
16  63  43  53   0  12   0 0.02    M    M 11.1 25 180   M    M   4 1      33 210
17  68  42  55   2  10   0 0.00    M    M  9.2 18 340   M    M   5        27 330
18  78  40  59   6   6   0 0.00    M    M  5.0 12  10   M    M   0        14 290
19  83  41  62   9   3   0 0.00  0.0    0  6.8 20 130   M    M   0        29 130
20  75  50  63   9   2   0 0.00  0.0    0 11.9 26 230   M    M   1        34 210
================================================================================
SM 1303  748       206   0  0.04     0.0 169.1          M       29
================================================================================
AV 68.6 39.4                               8.9 FASTST   M    M   2    MAX(MPH)
                                 MISC ---->  # 38 240               # 50  230
================================================================================
NOTES:
# LAST OF SEVERAL OCCURRENCES

COLUMN 17 PEAK WIND IN M.P.H.

PRELIMINARY LOCAL CLIMATOLOGICAL DATA (WS FORM: F-6) , PAGE 2

                                          STATION:  PRESCOTT AZ AIRPORT
                                          MONTH:    APRIL
                                          YEAR:     2019
                                          LATITUDE:   34 39 N
                                          LONGITUDE: 112 26 W

[TEMPERATURE DATA]      [PRECIPITATION DATA]       SYMBOLS USED IN COLUMN 16

AVERAGE MONTHLY: 54.0   TOTAL FOR MONTH:   0.04    1 = FOG OR MIST
DPTR FM NORMAL:   2.7   DPTR FM NORMAL:   -0.33    2 = FOG REDUCING VISIBILITY
HIGHEST:    83 ON 19    GRTST 24HR  0.02 ON 16-16      TO 1/4 MILE OR LESS
LOWEST:     29 ON  1                               3 = THUNDER
                        SNOW, ICE PELLETS, HAIL    4 = ICE PELLETS
                        TOTAL MONTH:   0.0 INCH    5 = HAIL
                        GRTST 24HR     0.0         6 = FREEZING RAIN OR DRIZZLE
                        GRTST DEPTH:   0           7 = DUSTSTORM OR SANDSTORM:
                                                       VSBY 1/2 MILE OR LESS
                                                   8 = SMOKE OR HAZE
[NO. OF DAYS WITH]      [WEATHER - DAYS WITH]      9 = BLOWING SNOW
                                                   X = TORNADO
MAX 32 OR BELOW:   0    0.01 INCH OR MORE:   2
MAX 90 OR ABOVE:   0    0.10 INCH OR MORE:   0
MIN 32 OR BELOW:   2    0.50 INCH OR MORE:   0
MIN  0 OR BELOW:   0    1.00 INCH OR MORE:   0

[HDD (BASE 65) ]
TOTAL THIS MO.   206    CLEAR  (SCALE 0-3)  15
DPTR FM NORMAL   -68    PTCLDY (SCALE 4-7)   4
TOTAL FM JUL 1  3984    CLOUDY (SCALE 8-10)  0
DPTR FM NORMAL   -37

[CDD (BASE 65) ]
TOTAL THIS MO.     0
DPTR FM NORMAL     0    [PRESSURE DATA]
TOTAL FM JAN 1     0    HIGHEST SLP M ON M
DPTR FM NORMAL     0    LOWEST  SLP 29.48 ON 10

[REMARKS]
