000
CXUS54 KMAF 231100
CF6PRS
PRELIMINARY LOCAL CLIMATOLOGICAL DATA (WS FORM: F-6)

                                          STATION:   Presidio Lely
                                          MONTH:     APRIL
                                          YEAR:      2019
                                          LATITUDE:   29 38 N
                                          LONGITUDE: 104 22 W

  TEMPERATURE IN F:       :PCPN:    SNOW:  WIND      :SUNSHINE: SKY     :PK WND
================================================================================
1   2   3   4   5  6A  6B    7    8   9   10  11  12  13   14  15   16   17  18
                                     12Z  AVG MX 2MIN
DY MAX MIN AVG DEP HDD CDD  WTR  SNW DPTH SPD SPD DIR MIN PSBL S-S WX    SPD DR
================================================================================

 1  73  46  60   M   5   0 0.00  0.0    0  6.2 12  40   M    M   0        17  40
 2  83  52  68   M   0   3 0.00  0.0    0  4.3 12 360   M    M   0         M  M
 3  89  56  73   M   0   8 0.00  0.0    0  7.7 13 210   M    M   0        25 200
 4  85  55  70   M   0   5 0.00  0.0    0  7.6 17 290   M    M   0        24 290
 5  88  56  72   M   0   7 0.00  0.0    0  7.9 37 300   M    M   0        48 300
 6  82  54  68   M   0   3 0.00  0.0    0  6.3 16 290   M    M   0        24 290
 7  87  51  69   M   0   4 0.00  0.0    0  8.8 17 270   M    M   0        29 290
 8  91  55  73   M   0   8 0.00  0.0    0  6.1 14 190   M    M   0        24 190
 9  96  60  78   M   0  13 0.00  0.0    0  6.8 14 240   M    M   0        23 240
10  99  62  81   M   0  16 0.00  0.0    0 11.7 24 290   M    M   0        35 240
11  77  56  67   M   0   2 0.00  0.0    0 18.8 32 280   M    M   0        41 290
12  80  49  65   M   0   0 0.00  0.0    0  7.0 21 290   M    M   0        32 290
13  74  55  65   M   0   0 0.00  0.0    0 15.2 25 290   M    M   4        39 290
14  82  47  65   M   0   0 0.00  0.0    0  5.9 12 210   M    M   0        20 210
15  94  60  77   M   0  12 0.00  0.0    0  8.2 16  50   M    M   0        27  50
16  88  65  77   M   0  12 0.00  0.0    0  5.6 14  50   M    M   0        21  50
17  85  64  75   M   0  10 0.00  0.0    0 15.2 30 290   M    M   0        45 300
18  85  59  72   M   0   7 0.00  0.0    0  9.8 17 270   M    M   2        31 270
19  88  55  72   M   0   7 0.00  0.0    0  6.8 16  60   M    M   0        23  60
20  96  63  80   M   0  15 0.00  0.0    0  8.0 15 170   M    M   0        21 170
21  94  62  78   M   0  13 0.00  0.0    0  6.2 12 210   M    M   0        20 170
22  89  69  79   M   0  14 0.00  0.0    0  8.7 24 160   M    M   1        32 160
================================================================================
SM 1905 1251         5 159  0.00     0.0 188.8          M        7
================================================================================
AV 86.6 56.9                               8.6 FASTST   M    M   0    MAX(MPH)
                                 MISC ---->  # 37 300               # 48  300
================================================================================
NOTES:
# LAST OF SEVERAL OCCURRENCES

COLUMN 17 PEAK WIND IN M.P.H.

PRELIMINARY LOCAL CLIMATOLOGICAL DATA (WS FORM: F-6) , PAGE 2

                                          STATION:  Presidio Lely
                                          MONTH:    APRIL
                                          YEAR:     2019
                                          LATITUDE:   29 38 N
                                          LONGITUDE: 104 22 W

[TEMPERATURE DATA]      [PRECIPITATION DATA]       SYMBOLS USED IN COLUMN 16

AVERAGE MONTHLY: 71.7   TOTAL FOR MONTH:   0.00    1 = FOG OR MIST
DPTR FM NORMAL:     M   DPTR FM NORMAL:       M    2 = FOG REDUCING VISIBILITY
HIGHEST:    99 ON 10    GRTST 24HR  0.00 ON 22-22      TO 1/4 MILE OR LESS
LOWEST:     46 ON  1                               3 = THUNDER
                        SNOW, ICE PELLETS, HAIL    4 = ICE PELLETS
                        TOTAL MONTH:   0.0 INCH    5 = HAIL
                        GRTST 24HR     0.0         6 = FREEZING RAIN OR DRIZZLE
                        GRTST DEPTH:   0           7 = DUSTSTORM OR SANDSTORM:
                                                       VSBY 1/2 MILE OR LESS
                                                   8 = SMOKE OR HAZE
[NO. OF DAYS WITH]      [WEATHER - DAYS WITH]      9 = BLOWING SNOW
                                                   X = TORNADO
MAX 32 OR BELOW:   0    0.01 INCH OR MORE:   0
MAX 90 OR ABOVE:   6    0.10 INCH OR MORE:   0
MIN 32 OR BELOW:   0    0.50 INCH OR MORE:   0
MIN  0 OR BELOW:   0    1.00 INCH OR MORE:   0

[HDD (BASE 65) ]
TOTAL THIS MO.     5    CLEAR  (SCALE 0-3)  21
DPTR FM NORMAL     M    PTCLDY (SCALE 4-7)   1
TOTAL FM JUL 1  1359    CLOUDY (SCALE 8-10)  0
DPTR FM NORMAL     M

[CDD (BASE 65) ]
TOTAL THIS MO.   159
DPTR FM NORMAL     M    [PRESSURE DATA]
TOTAL FM JAN 1   287    HIGHEST SLP M ON M
DPTR FM NORMAL     M    LOWEST  SLP M ON M

[REMARKS]
