000
CXUS54 KMAF 231100
CF6PRS
PRELIMINARY LOCAL CLIMATOLOGICAL DATA (WS FORM: F-6)

                                          STATION:   Presidio Lely
                                          MONTH:     FEBRUARY
                                          YEAR:      2019
                                          LATITUDE:   29 38 N
                                          LONGITUDE: 104 22 W

  TEMPERATURE IN F:       :PCPN:    SNOW:  WIND      :SUNSHINE: SKY     :PK WND
================================================================================
1   2   3   4   5  6A  6B    7    8   9   10  11  12  13   14  15   16   17  18
                                     12Z  AVG MX 2MIN
DY MAX MIN AVG DEP HDD CDD  WTR  SNW DPTH SPD SPD DIR MIN PSBL S-S WX    SPD DR
================================================================================

 1  75  43  59   M   6   0 0.00  0.0    0  5.4 10  10   M    M   1         M  M
 2  73  46  60   M   5   0 0.00  0.0    0  4.5  9  20   M    M   0         M  M
 3  78  49  64   M   1   0 0.00  0.0    0  4.4  9 350   M    M   1         M  M
 4  80  54  67   M   0   2 0.00  0.0    0  6.5 10 150   M    M   2        16 120
 5  79  56  68   M   0   3 0.00  0.0    0  8.1 23 190   M    M   4        33 190
 6  83  61  72   M   0   7 0.00  0.0    0 12.8 28 210   M    M   1        40 210
 7  67  46  57   M   8   0 0.00  0.0    0 11.2 22 280   M    M   0        29 280
 8  59  40  50   M  15   0 0.00  0.0    0 13.7 24  40   M    M   3        29  40
 9  60  37  49   M  16   0 0.00  0.0    0  8.4 14  40   M    M   0        23  40
10  52  46  49   M  16   0 0.02    M    0  4.0  9 270   M    M   6         M  M
11  59  44  52   M  13   0 0.02    M    0  5.9 10 270   M    M   5         M  M
12  65  32  49   M  16   0 0.00  0.0    0  3.9 10 300   M    M   0        16 320
13  71  35  53   M  12   0 0.00  0.0    0  6.1 12 360   M    M   0         M  M
14  79  47  63   M   2   0 0.00  0.0    0  4.5 10 240   M    M   0         M  M
15  83  55  69   M   0   4 0.00  0.0    0  5.9 15 200   M    M   0        22 270
16  87  54  71   M   0   6 0.00  0.0    0  9.4 18 240   M    M   0        32 220
17  70  43  57   M   8   0 0.00  0.0    0  5.3 16 280   M    M   0        18 290
18  58  50  54   M  11   0 0.00  0.0    0 10.3 18  30   M    M   0        25  40
19  67  45  56   M   9   0 0.00  0.0    0 14.0 28 290   M    M   0        33 290
20  58  36  47   M  18   0 0.00  0.0    0  2.4 13 270   M    M   0        22 270
21  76  46  61   M   4   0 0.00  0.0    0  6.6 13 120   M    M   0        16 120
22  80  44  62   M   3   0 0.00  0.0    0 12.9 33 210   M    M   0        41 210
================================================================================
SM 1559 1009       163  22  0.04     0.0 166.2          M       23
================================================================================
AV 70.9 45.9                               7.6 FASTST   M    M   1    MAX(MPH)
                                 MISC ---->  # 33 210               # 41  210
================================================================================
NOTES:
# LAST OF SEVERAL OCCURRENCES

COLUMN 17 PEAK WIND IN M.P.H.

PRELIMINARY LOCAL CLIMATOLOGICAL DATA (WS FORM: F-6) , PAGE 2

                                          STATION:  Presidio Lely
                                          MONTH:    FEBRUARY
                                          YEAR:     2019
                                          LATITUDE:   29 38 N
                                          LONGITUDE: 104 22 W

[TEMPERATURE DATA]      [PRECIPITATION DATA]       SYMBOLS USED IN COLUMN 16

AVERAGE MONTHLY: 58.4   TOTAL FOR MONTH:   0.04    1 = FOG OR MIST
DPTR FM NORMAL:     M   DPTR FM NORMAL:       M    2 = FOG REDUCING VISIBILITY
HIGHEST:    87 ON 16    GRTST 24HR  0.02 ON 11-11      TO 1/4 MILE OR LESS
LOWEST:     32 ON 12                               3 = THUNDER
                        SNOW, ICE PELLETS, HAIL    4 = ICE PELLETS
                        TOTAL MONTH:   0.0 INCH    5 = HAIL
                        GRTST 24HR     0.0         6 = FREEZING RAIN OR DRIZZLE
                        GRTST DEPTH:   0           7 = DUSTSTORM OR SANDSTORM:
                                                       VSBY 1/2 MILE OR LESS
                                                   8 = SMOKE OR HAZE
[NO. OF DAYS WITH]      [WEATHER - DAYS WITH]      9 = BLOWING SNOW
                                                   X = TORNADO
MAX 32 OR BELOW:   0    0.01 INCH OR MORE:   2
MAX 90 OR ABOVE:   0    0.10 INCH OR MORE:   0
MIN 32 OR BELOW:   1    0.50 INCH OR MORE:   0
MIN  0 OR BELOW:   0    1.00 INCH OR MORE:   0

[HDD (BASE 65) ]
TOTAL THIS MO.   163    CLEAR  (SCALE 0-3)  19
DPTR FM NORMAL     M    PTCLDY (SCALE 4-7)   3
TOTAL FM JUL 1  1233    CLOUDY (SCALE 8-10)  0
DPTR FM NORMAL     M

[CDD (BASE 65) ]
TOTAL THIS MO.    22
DPTR FM NORMAL     M    [PRESSURE DATA]
TOTAL FM JAN 1    22    HIGHEST SLP M ON M
DPTR FM NORMAL     M    LOWEST  SLP M ON M

[REMARKS]
