000
CXUS54 KFWD 200730
CF6PRX
PRELIMINARY LOCAL CLIMATOLOGICAL DATA (WS FORM: F-6)

                                          STATION:   PARIS
                                          MONTH:     FEBRUARY
                                          YEAR:      2019
                                          LATITUDE:   33 37 N
                                          LONGITUDE:  95 27 W

  TEMPERATURE IN F:       :PCPN:    SNOW:  WIND      :SUNSHINE: SKY     :PK WND
================================================================================
1   2   3   4   5  6A  6B    7    8   9   10  11  12  13   14  15   16   17  18
                                     12Z  AVG MX 2MIN
DY MAX MIN AVG DEP HDD CDD  WTR  SNW DPTH SPD SPD DIR MIN PSBL S-S WX    SPD DR
================================================================================

 1  62  45  54  10  11   0 0.00  0.0    0  5.8 10 130   M    M  10         M  M
 2  61  49  55  10  10   0 0.06  0.0    0  7.1 13 150   M    M   8 12      M  M
 3  65  50  58  13   7   0 0.05  0.0    0 10.3 18 190   M    M   9 1       M  M
 4  79  62  71  26   0   6 0.00  0.0    0 11.1 16 230   M    M   5 1      24 200
 5  76  60  68  23   0   3 0.00  0.0    0  9.1 17 190   M    M   8 18     20 200
 6  78  66  72  27   0   7 0.00  0.0    0 12.2 17 180   M    M   8 1      24 200
 7  71  25  48   2  17   0 0.75  0.0    0 17.3 22 320   M    M   7 13     30 320
 8  38  20  29 -17  36   0 0.00  0.0    0  9.0 14  10   M    M   0        17 350
 9  37  30  34 -12  31   0 0.23    M    0  9.8 15  90   M    M   9 1       M  M
10  42  33  38  -8  27   0 0.63    M    0  7.2 10 120   M    M  10 1       M  M
11  58  42  50   4  15   0 0.66    M    0  7.5 14 230   M    M  10 1       M  M
12  55  38  47   0  18   0 0.00  0.0    0 13.3 29 330   M    M   3        36 320
13  63  31  47   0  18   0 0.00  0.0    0 10.2 21 180   M    M   0        24 200
14  71  51  61  14   4   0 0.00  0.0    0 15.2 22 220   M    M   1        33 210
15  70  34  52   5  13   0 0.00  0.0    0 10.8 18 340   M    M   5        23 340
16  42  33  38 -10  27   0 0.01    M    0  9.4 15 120   M    M  10 1       M  M
17  46  36  41  -7  24   0 0.02    M    0  9.5 21 330   M    M   5 1      29 330
18  44  29  37 -11  28   0 0.00  0.0    0  9.8 16 360   M    M   0        21 360
19  38  35  37 -11  28   0 1.36  0.0    0 13.2 20  80   M    M   8 13     25  80
================================================================================
SM 1096  769       314  16  3.77     0.0 197.8          M      116
================================================================================
AV 57.7 40.5                              10.4 FASTST   M    M   6    MAX(MPH)
                                 MISC ---->  # 29 330               # 36  320
================================================================================
NOTES:
# LAST OF SEVERAL OCCURRENCES

COLUMN 17 PEAK WIND IN M.P.H.

PRELIMINARY LOCAL CLIMATOLOGICAL DATA (WS FORM: F-6) , PAGE 2

                                          STATION:  PARIS
                                          MONTH:    FEBRUARY
                                          YEAR:     2019
                                          LATITUDE:   33 37 N
                                          LONGITUDE:  95 27 W

[TEMPERATURE DATA]      [PRECIPITATION DATA]       SYMBOLS USED IN COLUMN 16

AVERAGE MONTHLY: 49.1   TOTAL FOR MONTH:   3.77    1 = FOG OR MIST
DPTR FM NORMAL:   2.8   DPTR FM NORMAL:    1.62    2 = FOG REDUCING VISIBILITY
HIGHEST:    79 ON  4    GRTST 24HR  1.36 ON 19-19      TO 1/4 MILE OR LESS
LOWEST:     20 ON  8                               3 = THUNDER
                        SNOW, ICE PELLETS, HAIL    4 = ICE PELLETS
                        TOTAL MONTH:   0.0 INCH    5 = HAIL
                        GRTST 24HR     0.0         6 = FREEZING RAIN OR DRIZZLE
                        GRTST DEPTH:   0           7 = DUSTSTORM OR SANDSTORM:
                                                       VSBY 1/2 MILE OR LESS
                                                   8 = SMOKE OR HAZE
[NO. OF DAYS WITH]      [WEATHER - DAYS WITH]      9 = BLOWING SNOW
                                                   X = TORNADO
MAX 32 OR BELOW:   0    0.01 INCH OR MORE:   9
MAX 90 OR ABOVE:   0    0.10 INCH OR MORE:   5
MIN 32 OR BELOW:   5    0.50 INCH OR MORE:   4
MIN  0 OR BELOW:   0    1.00 INCH OR MORE:   1

[HDD (BASE 65) ]
TOTAL THIS MO.   314    CLEAR  (SCALE 0-3)   4
DPTR FM NORMAL   -42    PTCLDY (SCALE 4-7)   8
TOTAL FM JUL 1  2158    CLOUDY (SCALE 8-10)  7
DPTR FM NORMAL    56

[CDD (BASE 65) ]
TOTAL THIS MO.    16
DPTR FM NORMAL    16    [PRESSURE DATA]
TOTAL FM JAN 1    16    HIGHEST SLP M ON M
DPTR FM NORMAL    15    LOWEST  SLP M ON M

[REMARKS]
