000
CXUS54 KFWD 240730
CF6PRX
PRELIMINARY LOCAL CLIMATOLOGICAL DATA (WS FORM: F-6)

                                          STATION:   PARIS
                                          MONTH:     APRIL
                                          YEAR:      2019
                                          LATITUDE:   33 37 N
                                          LONGITUDE:  95 27 W

  TEMPERATURE IN F:       :PCPN:    SNOW:  WIND      :SUNSHINE: SKY     :PK WND
================================================================================
1   2   3   4   5  6A  6B    7    8   9   10  11  12  13   14  15   16   17  18
                                     12Z  AVG MX 2MIN
DY MAX MIN AVG DEP HDD CDD  WTR  SNW DPTH SPD SPD DIR MIN PSBL S-S WX    SPD DR
================================================================================

 1  57  37  47 -13  18   0 0.00  0.0    0  6.2 10 130   M    M   1         M  M
 2  67  35  51  -9  14   0 0.00  0.0    0  7.9 15 200   M    M   0        18 260
 3  71  42  57  -4   8   0 0.03  0.0    0 11.3 21 160   M    M   5 3      25 160
 4  70  52  61   0   4   0 0.25  0.0    0  7.5 12 140   M    M   6 13      M  M
 5  73  54  64   3   1   0 0.00  0.0    0  7.0 12  90   M    M   6 12      M  M
 6  64  57  61   0   4   0 0.83  0.0    0  6.7 13 100   M    M   5 13      M  M
 7  80  58  69   7   0   4 0.06  0.0    0  7.4 21 130   M    M   5 3       M  M
 8  81  56  69   7   0   4 0.00  0.0    0  8.0 21 340   M    M   1 1      25 340
 9  86  51  69   7   0   4 0.00  0.0    0  5.7 10 200   M    M   0         M  M
10  87  57  72  10   0   7 0.00  0.0    0 16.0 27 180   M    M   0        38 180
11  74  47  61  -2   4   0 0.00  0.0    0 12.8 23 170   M    M   0        22 200
12  70  41  56  -7   9   0 0.03  0.0    0  7.8 13  80   M    M   0 3      17  90
13  57  46  52 -11  13   0 2.23  0.0    0 13.2 20 330   M    M  10 13     36  60
14  65  42  54 -10  11   0 0.01  0.0    0 11.5 21 320   M    M   4 1      32 330
15  78  45  62  -2   3   0 0.00  0.0    0 11.9 20 170   M    M   0        24 170
16  77  56  67   3   0   2 0.00  0.0    0 12.6 17 180   M    M   3        23 180
17  69  64  67   3   0   2 0.62  0.0    0 11.9 18 150   M    M   9 13     24 150
18  69  54  62  -3   3   0 0.94  0.0    0 13.5 25 330   M    M   6 13     36 330
19  67  48  58  -7   7   0 0.00  0.0    0 13.3 23 300   M    M   3        33 300
20  76  42  59  -6   6   0 0.00  0.0    0  6.3 12 220   M    M   0         M  M
21  81  51  66   1   0   1 0.00  0.0    0 11.2 20 170   M    M   0        27 180
22  77  58  68   2   0   3 0.00  0.0    0  9.4 15 150   M    M   3         M  M
23  79  62  71   5   0   6 0.07  0.0    0  7.6 14 180   M    M   7 3       M  M
================================================================================
SM 1675 1155       105  33  5.07     0.0 226.7          M       74
================================================================================
AV 72.8 50.2                               9.9 FASTST   M    M   3    MAX(MPH)
                                 MISC ---->  # 27 180               # 38  180
================================================================================
NOTES:
# LAST OF SEVERAL OCCURRENCES

COLUMN 17 PEAK WIND IN M.P.H.

PRELIMINARY LOCAL CLIMATOLOGICAL DATA (WS FORM: F-6) , PAGE 2

                                          STATION:  PARIS
                                          MONTH:    APRIL
                                          YEAR:     2019
                                          LATITUDE:   33 37 N
                                          LONGITUDE:  95 27 W

[TEMPERATURE DATA]      [PRECIPITATION DATA]       SYMBOLS USED IN COLUMN 16

AVERAGE MONTHLY: 61.5   TOTAL FOR MONTH:   5.07    1 = FOG OR MIST
DPTR FM NORMAL:  -1.5   DPTR FM NORMAL:    2.57    2 = FOG REDUCING VISIBILITY
HIGHEST:    87 ON 10    GRTST 24HR  2.23 ON 13-13      TO 1/4 MILE OR LESS
LOWEST:     35 ON  2                               3 = THUNDER
                        SNOW, ICE PELLETS, HAIL    4 = ICE PELLETS
                        TOTAL MONTH:   0.0 INCH    5 = HAIL
                        GRTST 24HR     0.0         6 = FREEZING RAIN OR DRIZZLE
                        GRTST DEPTH:   0           7 = DUSTSTORM OR SANDSTORM:
                                                       VSBY 1/2 MILE OR LESS
                                                   8 = SMOKE OR HAZE
[NO. OF DAYS WITH]      [WEATHER - DAYS WITH]      9 = BLOWING SNOW
                                                   X = TORNADO
MAX 32 OR BELOW:   0    0.01 INCH OR MORE:  10
MAX 90 OR ABOVE:   0    0.10 INCH OR MORE:   5
MIN 32 OR BELOW:   0    0.50 INCH OR MORE:   4
MIN  0 OR BELOW:   0    1.00 INCH OR MORE:   1

[HDD (BASE 65) ]
TOTAL THIS MO.   105    CLEAR  (SCALE 0-3)  13
DPTR FM NORMAL     1    PTCLDY (SCALE 4-7)   8
TOTAL FM JUL 1  2795    CLOUDY (SCALE 8-10)  2
DPTR FM NORMAL   137

[CDD (BASE 65) ]
TOTAL THIS MO.    33
DPTR FM NORMAL   -24    [PRESSURE DATA]
TOTAL FM JAN 1    55    HIGHEST SLP M ON M
DPTR FM NORMAL   -28    LOWEST  SLP M ON M

[REMARKS]
