000
CXUS55 KALY 170710
CF6PSF
PRELIMINARY LOCAL CLIMATOLOGICAL DATA (WS FORM: F-6)

                                          STATION:   PITTSFIELD MA
                                          MONTH:     FEBRUARY
                                          YEAR:      2019
                                          LATITUDE:   42 25 N
                                          LONGITUDE:  73 18 W

  TEMPERATURE IN F:       :PCPN:    SNOW:  WIND      :SUNSHINE: SKY     :PK WND
================================================================================
1   2   3   4   5  6A  6B    7    8   9   10  11  12  13   14  15   16   17  18
                                     12Z  AVG MX 2MIN
DY MAX MIN AVG DEP HDD CDD  WTR  SNW DPTH SPD SPD DIR MIN PSBL S-S WX    SPD DR
================================================================================

 1  14  -4   5 -16  60   0 0.00    M    M  7.8 18 270   M    M   0        22 270
 2  31  -5  13  -8  52   0    T    M    M  7.4 22 290   M    M   5 168    28 290
 3  44  29  37  16  28   0 0.00    M    M  2.7 17 280   M    M   7 168    23 310
 4  60  27  44  22  21   0 0.00    M    M  0.9 10 180   M    M   4 128    14 170
 5  54  30  42  20  23   0 0.05    M    M  5.1 18 320   M    M   6 18     34 340
 6  41  26  34  12  31   0 0.63    M    M  5.9 15 150   M    M   3 1      20 130
 7  42  34  38  16  27   0 0.10    M    M  4.6  9  60   M    M  10 18     14 110
 8  46  22  34  12  31   0 0.27    M    M 11.1 36 280   M    M   8 12     44 290
 9  27  17  22   0  43   0    T    M    M 17.6 38 290   M    M   5 8      51 300
10  28  17  23   0  42   0 0.00    M    M  5.7 17 280   M    M   6        22 300
11  35  20  28   5  37   0    T    M    M  4.5 10 300   M    M   6        15 330
12  27  15  21  -2  44   0 0.44    M    M  6.2 16  60   M    M   7 168    26  60
13  35  24  30   7  35   0 0.13    M    M  9.3 21 270   M    M   9 168    27 290
14  34  22  28   4  37   0    T    M    M  9.4 24 290   M    M   7        34 290
15  48  22  35  11  30   0 0.06    M    M  9.4 22 170   M    M   7        30 170
16  31  19  25   1  40   0 0.00    M    M 11.1 22 300   M    M   5        29 330
================================================================================
SM  597  315       581   0  1.68    M    118.7          M       95
================================================================================
AV 37.3 19.7                               7.4 FASTST   M    M   6    MAX(MPH)
                                 MISC ---->  # 38 290               # 51  300
================================================================================
NOTES:
# LAST OF SEVERAL OCCURRENCES

COLUMN 17 PEAK WIND IN M.P.H.

PRELIMINARY LOCAL CLIMATOLOGICAL DATA (WS FORM: F-6) , PAGE 2

                                          STATION:  PITTSFIELD MA
                                          MONTH:    FEBRUARY
                                          YEAR:     2019
                                          LATITUDE:   42 25 N
                                          LONGITUDE:  73 18 W

[TEMPERATURE DATA]      [PRECIPITATION DATA]       SYMBOLS USED IN COLUMN 16

AVERAGE MONTHLY: 28.5   TOTAL FOR MONTH:   1.68    1 = FOG OR MIST
DPTR FM NORMAL:   6.1   DPTR FM NORMAL:    0.19    2 = FOG REDUCING VISIBILITY
HIGHEST:    60 ON  4    GRTST 24HR  0.63 ON  6- 6      TO 1/4 MILE OR LESS
LOWEST:     -5 ON  2                               3 = THUNDER
                        SNOW, ICE PELLETS, HAIL    4 = ICE PELLETS
                        TOTAL MONTH:    M          5 = HAIL
                        GRTST 24HR    M  ON   M    6 = FREEZING RAIN OR DRIZZLE
                        GRTST DEPTH:  M  ON   M    7 = DUSTSTORM OR SANDSTORM:
                                                       VSBY 1/2 MILE OR LESS
                                                   8 = SMOKE OR HAZE
[NO. OF DAYS WITH]      [WEATHER - DAYS WITH]      9 = BLOWING SNOW
                                                   X = TORNADO
MAX 32 OR BELOW:   6    0.01 INCH OR MORE:   7
MAX 90 OR ABOVE:   0    0.10 INCH OR MORE:   5
MIN 32 OR BELOW:  15    0.50 INCH OR MORE:   1
MIN  0 OR BELOW:   2    1.00 INCH OR MORE:   0

[HDD (BASE 65) ]
TOTAL THIS MO.   581    CLEAR  (SCALE 0-3)   2
DPTR FM NORMAL  -101    PTCLDY (SCALE 4-7)  12
TOTAL FM JUL 1  4545    CLOUDY (SCALE 8-10)  2
DPTR FM NORMAL  -362

[CDD (BASE 65) ]
TOTAL THIS MO.     0
DPTR FM NORMAL     0    [PRESSURE DATA]
TOTAL FM JAN 1     0    HIGHEST SLP M ON M
DPTR FM NORMAL     0    LOWEST  SLP 29.53 ON 15

[REMARKS]
