000
CXUS55 KALY 240815
CF6PSF
PRELIMINARY LOCAL CLIMATOLOGICAL DATA (WS FORM: F-6)

                                          STATION:   PITTSFIELD MA
                                          MONTH:     APRIL
                                          YEAR:      2019
                                          LATITUDE:   42 25 N
                                          LONGITUDE:  73 18 W

  TEMPERATURE IN F:       :PCPN:    SNOW:  WIND      :SUNSHINE: SKY     :PK WND
================================================================================
1   2   3   4   5  6A  6B    7    8   9   10  11  12  13   14  15   16   17  18
                                     12Z  AVG MX 2MIN
DY MAX MIN AVG DEP HDD CDD  WTR  SNW DPTH SPD SPD DIR MIN PSBL S-S WX    SPD DR
================================================================================

 1  37  24  31  -7  34   0    T    M    M 16.2 33 280   M    M   5 8      49 260
 2  49  19  34  -4  31   0 0.00    M    M  6.9 17 140   M    M   1        27 210
 3  60  32  46   7  19   0 0.00    M    M 12.7 36 270   M    M   2        50 260
 4  44  29  37  -2  28   0 0.00    M    M 17.7 30 290   M    M   0        41 280
 5  41  24  33  -7  32   0 0.28    M    M  4.7 13 230   M    M   5 16     20 150
 6  56  33  45   5  20   0 0.03    M    M  4.3 20 290   M    M   7 1      29 310
 7  64  30  47   6  18   0 0.00    M    M  4.1 15 180   M    M   4 1      24 170
 8  55  38  47   6  18   0 0.23    M    M  6.0 16 170   M    M  10 12     25 150
 9  57  35  46   5  19   0 0.36    M    M  6.1 22 140   M    M   6 12     30 130
10  43  29  36  -6  29   0 0.00    M    M 10.7 24 280   M    M   8        32 280
11  49  28  39  -3  26   0 0.00    M    M  5.1 15 270   M    M   5        19 310
12  58  35  47   4  18   0 0.25    M    M  6.0 17 170   M    M   8 18     24 170
13  71  47  59  16   6   0 0.35    M    M  8.1 16 200   M    M   6 1      25 200
14  70  47  59  15   6   0 0.15    M    M  7.2 22 140   M    M   7 18     28 140
15  66  37  52   8  13   0 0.77    M    M 15.0 37 290   M    M   9 13     51 280
16  53  33  43  -1  22   0 0.00    M    M 19.1 30 280   M    M   2        41 300
17  61  30  46   1  19   0 0.00    M    M  3.2 13 310   M    M   1        17 300
18  52  41  47   2  18   0 0.02    M    M 10.4 23 150   M    M   9 18     34 140
19  74  43  59  13   6   0 0.18    M    M 11.0 21 190   M    M   8 1      33 180
20  67  56  62  16   3   0 0.59    M    M 12.5 22 180   M    M   7 18     36 130
21  64  47  56   9   9   0 0.00    M    M  5.4 18 140   M    M   5 1      22 140
22  70  46  58  11   7   0 0.21    M    M  5.5 14  10   M    M   8 1      20 320
23  73  46  60  13   5   0 0.24    M    M  6.2 18 240   M    M   4 1      25 170
================================================================================
SM 1334  829       406   0  3.66    M    204.1          M      127
================================================================================
AV 58.0 36.0                               8.9 FASTST   M    M   6    MAX(MPH)
                                 MISC ---->  # 37 290               # 51  280
================================================================================
NOTES:
# LAST OF SEVERAL OCCURRENCES

COLUMN 17 PEAK WIND IN M.P.H.

PRELIMINARY LOCAL CLIMATOLOGICAL DATA (WS FORM: F-6) , PAGE 2

                                          STATION:  PITTSFIELD MA
                                          MONTH:    APRIL
                                          YEAR:     2019
                                          LATITUDE:   42 25 N
                                          LONGITUDE:  73 18 W

[TEMPERATURE DATA]      [PRECIPITATION DATA]       SYMBOLS USED IN COLUMN 16

AVERAGE MONTHLY: 47.0   TOTAL FOR MONTH:   3.66    1 = FOG OR MIST
DPTR FM NORMAL:   4.3   DPTR FM NORMAL:    0.50    2 = FOG REDUCING VISIBILITY
HIGHEST:    74 ON 19    GRTST 24HR  0.77 ON 15-15      TO 1/4 MILE OR LESS
LOWEST:     19 ON  2                               3 = THUNDER
                        SNOW, ICE PELLETS, HAIL    4 = ICE PELLETS
                        TOTAL MONTH:    M          5 = HAIL
                        GRTST 24HR    M  ON   M    6 = FREEZING RAIN OR DRIZZLE
                        GRTST DEPTH:  M  ON   M    7 = DUSTSTORM OR SANDSTORM:
                                                       VSBY 1/2 MILE OR LESS
                                                   8 = SMOKE OR HAZE
[NO. OF DAYS WITH]      [WEATHER - DAYS WITH]      9 = BLOWING SNOW
                                                   X = TORNADO
MAX 32 OR BELOW:   0    0.01 INCH OR MORE:  13
MAX 90 OR ABOVE:   0    0.10 INCH OR MORE:  11
MIN 32 OR BELOW:   9    0.50 INCH OR MORE:   2
MIN  0 OR BELOW:   0    1.00 INCH OR MORE:   0

[HDD (BASE 65) ]
TOTAL THIS MO.   406    CLEAR  (SCALE 0-3)   5
DPTR FM NORMAL  -108    PTCLDY (SCALE 4-7)  14
TOTAL FM JUL 1  6478    CLOUDY (SCALE 8-10)  4
DPTR FM NORMAL  -443

[CDD (BASE 65) ]
TOTAL THIS MO.     0
DPTR FM NORMAL     0    [PRESSURE DATA]
TOTAL FM JAN 1     0    HIGHEST SLP M ON M
DPTR FM NORMAL     0    LOWEST  SLP 29.25 ON 15

[REMARKS]
