000
CXUS54 KFWD 200730
CF6PSN
PRELIMINARY LOCAL CLIMATOLOGICAL DATA (WS FORM: F-6)

                                          STATION:   PALESTINE
                                          MONTH:     APRIL
                                          YEAR:      2019
                                          LATITUDE:   31 46 N
                                          LONGITUDE:  95 42 W

  TEMPERATURE IN F:       :PCPN:    SNOW:  WIND      :SUNSHINE: SKY     :PK WND
================================================================================
1   2   3   4   5  6A  6B    7    8   9   10  11  12  13   14  15   16   17  18
                                     12Z  AVG MX 2MIN
DY MAX MIN AVG DEP HDD CDD  WTR  SNW DPTH SPD SPD DIR MIN PSBL S-S WX    SPD DR
================================================================================

 1  55  33  44 -16  21   0 0.00  0.0    0  1.8  8  40   M    M   3         M  M
 2  67  34  51 -10  14   0 0.00  0.0    0  3.2  9 190   M    M   0 1       M  M
 3  71  46  59  -2   6   0 0.00  0.0    0  6.8 12 130   M    M   6        20 150
 4  85  62  74  13   0   9 0.00  0.0    0  6.4 10 280   M    M   6 1      17 140
 5  72  59  66   5   0   1 0.00  0.0    0  5.5  9  90   M    M  10 1       M  M
 6  71  61  66   4   0   1 2.12  0.0    0  7.3 16  30   M    M   8 1      23  30
 7  69  62  66   4   0   1 0.67  0.0    0  3.6 14 350   M    M   9 1       9 200
 8  79  59  69   7   0   4 0.08  0.0    0  5.4 13 360   M    M   4 1      16 320
 9  86  50  68   6   0   3 0.00  0.0    0  1.8  6 110   M    M   0 1       M  M
10  88  64  76  13   0  11 0.00  0.0    0 10.4 17 170   M    M   0        27 160
11  79  52  66   3   0   1 0.00  0.0    0  7.5 15 290   M    M   1        20 290
12  76  48  62  -1   3   0 0.00  0.0    0  7.2 13  70   M    M   3        17  70
13  67  46  57  -6   8   0 0.65  0.0    0 12.2 23 260   M    M   9 13     31 250
14  67  45  56  -8   9   0 0.00  0.0    0 10.0 21 290   M    M   3        30 280
15  78  48  63  -1   2   0 0.00  0.0    0  7.4 15 180   M    M   0        22 180
16  78  57  68   4   0   3 0.00  0.0    0  8.5 14 170   M    M   2        22 150
17  76  66  71   7   0   6 0.00  0.0    0  8.2 14 150   M    M  10 1      21 150
18  70  51  61  -4   4   0 1.43  0.0    0  7.5 16  90   M    M   7 1      23 330
19  66  46  56  -9   9   0 0.00  0.0    0  8.2 18 310   M    M   1        27 320
================================================================================
SM 1400  989        76  40  4.95     0.0 128.9          M       82
================================================================================
AV 73.7 52.1                               6.8 FASTST   M    M   4    MAX(MPH)
                                 MISC ---->  # 23 260               # 31  250
================================================================================
NOTES:
# LAST OF SEVERAL OCCURRENCES

COLUMN 17 PEAK WIND IN M.P.H.

PRELIMINARY LOCAL CLIMATOLOGICAL DATA (WS FORM: F-6) , PAGE 2

                                          STATION:  PALESTINE
                                          MONTH:    APRIL
                                          YEAR:     2019
                                          LATITUDE:   31 46 N
                                          LONGITUDE:  95 42 W

[TEMPERATURE DATA]      [PRECIPITATION DATA]       SYMBOLS USED IN COLUMN 16

AVERAGE MONTHLY: 62.9   TOTAL FOR MONTH:   4.95    1 = FOG OR MIST
DPTR FM NORMAL:   0.2   DPTR FM NORMAL:    2.99    2 = FOG REDUCING VISIBILITY
HIGHEST:    88 ON 10    GRTST 24HR  2.12 ON  6- 6      TO 1/4 MILE OR LESS
LOWEST:     33 ON  1                               3 = THUNDER
                        SNOW, ICE PELLETS, HAIL    4 = ICE PELLETS
                        TOTAL MONTH:   0.0 INCH    5 = HAIL
                        GRTST 24HR     0.0         6 = FREEZING RAIN OR DRIZZLE
                        GRTST DEPTH:   0           7 = DUSTSTORM OR SANDSTORM:
                                                       VSBY 1/2 MILE OR LESS
                                                   8 = SMOKE OR HAZE
[NO. OF DAYS WITH]      [WEATHER - DAYS WITH]      9 = BLOWING SNOW
                                                   X = TORNADO
MAX 32 OR BELOW:   0    0.01 INCH OR MORE:   5
MAX 90 OR ABOVE:   0    0.10 INCH OR MORE:   4
MIN 32 OR BELOW:   0    0.50 INCH OR MORE:   4
MIN  0 OR BELOW:   0    1.00 INCH OR MORE:   2

[HDD (BASE 65) ]
TOTAL THIS MO.    76    CLEAR  (SCALE 0-3)   9
DPTR FM NORMAL    -8    PTCLDY (SCALE 4-7)   5
TOTAL FM JUL 1  2152    CLOUDY (SCALE 8-10)  5
DPTR FM NORMAL  -187

[CDD (BASE 65) ]
TOTAL THIS MO.    40
DPTR FM NORMAL     1    [PRESSURE DATA]
TOTAL FM JAN 1    81    HIGHEST SLP M ON M
DPTR FM NORMAL    12    LOWEST  SLP M ON M

[REMARKS]
