000
CXUS54 KFWD 180730
CF6PSN
PRELIMINARY LOCAL CLIMATOLOGICAL DATA (WS FORM: F-6)

                                          STATION:   PALESTINE
                                          MONTH:     FEBRUARY
                                          YEAR:      2019
                                          LATITUDE:   31 46 N
                                          LONGITUDE:  95 42 W

  TEMPERATURE IN F:       :PCPN:    SNOW:  WIND      :SUNSHINE: SKY     :PK WND
================================================================================
1   2   3   4   5  6A  6B    7    8   9   10  11  12  13   14  15   16   17  18
                                     12Z  AVG MX 2MIN
DY MAX MIN AVG DEP HDD CDD  WTR  SNW DPTH SPD SPD DIR MIN PSBL S-S WX    SPD DR
================================================================================

 1  67  51  59  12   6   0 0.00  0.0    0  2.2  6  30   M    M   9 1       M  M
 2  66  54  60  13   5   0 0.00  0.0    0  4.4  8 150   M    M   8 1       M  M
 3  68  59  64  17   1   0 0.00  0.0    0  5.6  8 150   M    M  10 1       M  M
 4  77  65  71  23   0   6 0.00  0.0    0  7.3 13 190   M    M   6 1      18 190
 5  76  67  72  24   0   7 0.01  0.0    0  7.6 15 180   M    M   8 1      18 190
 6  74  68  71  23   0   6 0.00  0.0    0  7.9 15 170   M    M   8 1      22 170
 7  73  33  53   5  12   0 0.34  0.0    0 11.7 15 310   M    M   6        29 330
 8  33  28  31 -17  34   0 0.16    M    0  8.5 13 360   M    M   5        18  10
 9  37  32  35 -13  30   0 0.24    M    0  5.0  8  90   M    M  10 16      M  M
10  49  37  43  -5  22   0 0.01    M    0  2.6  7 320   M    M  10 1       M  M
11  63  46  55   6  10   0 0.53    M    0  4.5 12 200   M    M  10 12      M  M
12  59  34  47  -2  18   0 0.00  0.0    0  8.8 15 310   M    M   1        25 250
13  62  31  47  -2  18   0 0.00  0.0    0  5.3 14 150   M    M   0        18 180
14  74  50  62  13   3   0 0.00  0.0    0 11.3 23 200   M    M   1        32 200
15  81  48  65  16   0   0 0.00  0.0    0  7.8 16 330   M    M   3 1      18 180
16  48  40  44  -6  21   0 0.00  0.0    0  3.6 10 360   M    M   9 12      M  M
17  56  43  50   0  15   0 0.01    M    0  8.2 15 340   M    M   6 12     21 350
================================================================================
SM 1063  786       195  19  1.30     0.0 112.3          M      110
================================================================================
AV 62.5 46.2                               6.6 FASTST   M    M   6    MAX(MPH)
                                 MISC ---->  # 23 200               # 32  200
================================================================================
NOTES:
# LAST OF SEVERAL OCCURRENCES

COLUMN 17 PEAK WIND IN M.P.H.

PRELIMINARY LOCAL CLIMATOLOGICAL DATA (WS FORM: F-6) , PAGE 2

                                          STATION:  PALESTINE
                                          MONTH:    FEBRUARY
                                          YEAR:     2019
                                          LATITUDE:   31 46 N
                                          LONGITUDE:  95 42 W

[TEMPERATURE DATA]      [PRECIPITATION DATA]       SYMBOLS USED IN COLUMN 16

AVERAGE MONTHLY: 54.4   TOTAL FOR MONTH:   1.30    1 = FOG OR MIST
DPTR FM NORMAL:   6.0   DPTR FM NORMAL:   -1.06    2 = FOG REDUCING VISIBILITY
HIGHEST:    81 ON 15    GRTST 24HR  0.53 ON 11-11      TO 1/4 MILE OR LESS
LOWEST:     28 ON  8                               3 = THUNDER
                        SNOW, ICE PELLETS, HAIL    4 = ICE PELLETS
                        TOTAL MONTH:   0.0 INCH    5 = HAIL
                        GRTST 24HR     0.0         6 = FREEZING RAIN OR DRIZZLE
                        GRTST DEPTH:   0           7 = DUSTSTORM OR SANDSTORM:
                                                       VSBY 1/2 MILE OR LESS
                                                   8 = SMOKE OR HAZE
[NO. OF DAYS WITH]      [WEATHER - DAYS WITH]      9 = BLOWING SNOW
                                                   X = TORNADO
MAX 32 OR BELOW:   0    0.01 INCH OR MORE:   7
MAX 90 OR ABOVE:   0    0.10 INCH OR MORE:   4
MIN 32 OR BELOW:   3    0.50 INCH OR MORE:   1
MIN  0 OR BELOW:   0    1.00 INCH OR MORE:   0

[HDD (BASE 65) ]
TOTAL THIS MO.   195    CLEAR  (SCALE 0-3)   4
DPTR FM NORMAL   -92    PTCLDY (SCALE 4-7)   5
TOTAL FM JUL 1  1629    CLOUDY (SCALE 8-10)  8
DPTR FM NORMAL  -187

[CDD (BASE 65) ]
TOTAL THIS MO.    19
DPTR FM NORMAL    19    [PRESSURE DATA]
TOTAL FM JAN 1    21    HIGHEST SLP M ON M
DPTR FM NORMAL    18    LOWEST  SLP M ON M

[REMARKS]
