000
CXUS54 KHGX 231515
CF6PSX
PRELIMINARY LOCAL CLIMATOLOGICAL DATA (WS FORM: F-6)

                                          STATION:   PALACIOS
                                          MONTH:     APRIL
                                          YEAR:      2019
                                          LATITUDE:   28 43 N
                                          LONGITUDE:  96 15 W

  TEMPERATURE IN F:       :PCPN:    SNOW:  WIND      :SUNSHINE: SKY     :PK WND
================================================================================
1   2   3   4   5  6A  6B    7    8   9   10  11  12  13   14  15   16   17  18
                                     12Z  AVG MX 2MIN
DY MAX MIN AVG DEP HDD CDD  WTR  SNW DPTH SPD SPD DIR MIN PSBL S-S WX    SPD DR
================================================================================

 1  60  43  52 -14  13   0 0.00  0.0    0  8.6 16  10   M    M   7        19  10
 2  71  41  56 -11   9   0 0.00  0.0    0  7.5 18 140   M    M   0 8      22 130
 3  73  57  65  -2   0   0 0.01  0.0    0 11.7 20 110   M    M   9 1      27 110
 4  79  68  74   7   0   9 0.05  0.0    0  8.3 15 160   M    M   9 128    27 330
 5  83  68  76   9   0  11 0.00  0.0    0  6.7 18 130   M    M   8 128    21 130
 6  82  71  77   9   0  12    T  0.0    0 15.2 25 130   M    M   7 18     29 130
 7  79  62  71   3   0   6 0.08  0.0    0 10.7 26 260   M    M   3 13     33  90
 8  87  61  74   6   0   9 0.00  0.0    0  9.9 20 310   M    M   0        25 290
 9  86  63  75   7   0  10 0.00  0.0    0  7.3 12 180   M    M   0         M  M
10  81  72  77   8   0  12 0.00  0.0    0 16.6 25 150   M    M   0 8      34 150
11  80  69  75   6   0  10 0.00  0.0    0 10.5 25 170   M    M  10 1      35 180
12  82  65  74   5   0   9 0.00  0.0    0 14.0 24 110   M    M   8 1      31 100
13  88  55  72   3   0   7 0.00  0.0    0 17.2 33 290   M    M   6 18     41 280
14  77  47  62  -8   3   0 0.00  0.0    0 10.2 25 340   M    M   0        36 330
15  76  58  67  -3   0   2 0.00  0.0    0 12.9 21 140   M    M   0        26 150
16  80  69  75   5   0  10 0.00  0.0    0 14.4 25 140   M    M   6        31 150
17  80  73  77   7   0  12    T  0.0    0 18.0 26 140   M    M   9 1      33 140
18  81  60  71   1   0   6 0.60  0.0    0 15.1 38 150   M    M   5 13     47 150
19  79  55  67  -4   0   2 0.00  0.0    0 12.9 30 320   M    M   1        36 320
20  77  52  65  -6   0   0 0.00  0.0    0  6.7 15 170   M    M   0        20 160
21  79  67  73   2   0   8 0.00  0.0    0 15.4 25 150   M    M   0 8      31 160
22  79  69  74   2   0   9 0.00  0.0    0 14.2 24 140   M    M   6        30 140
================================================================================
SM 1739 1345        25 144  0.74     0.0 264.0          M       94
================================================================================
AV 79.1 61.1                              12.0 FASTST   M    M   4    MAX(MPH)
                                 MISC ---->  # 38 150               # 47  150
================================================================================
NOTES:
# LAST OF SEVERAL OCCURRENCES

COLUMN 17 PEAK WIND IN M.P.H.

PRELIMINARY LOCAL CLIMATOLOGICAL DATA (WS FORM: F-6) , PAGE 2

                                          STATION:  PALACIOS
                                          MONTH:    APRIL
                                          YEAR:     2019
                                          LATITUDE:   28 43 N
                                          LONGITUDE:  96 15 W

[TEMPERATURE DATA]      [PRECIPITATION DATA]       SYMBOLS USED IN COLUMN 16

AVERAGE MONTHLY: 70.1   TOTAL FOR MONTH:   0.74    1 = FOG OR MIST
DPTR FM NORMAL:   1.1   DPTR FM NORMAL:   -1.16    2 = FOG REDUCING VISIBILITY
HIGHEST:    88 ON 13    GRTST 24HR  0.60 ON 18-18      TO 1/4 MILE OR LESS
LOWEST:     41 ON  2                               3 = THUNDER
                        SNOW, ICE PELLETS, HAIL    4 = ICE PELLETS
                        TOTAL MONTH:   0.0 INCH    5 = HAIL
                        GRTST 24HR     0.0         6 = FREEZING RAIN OR DRIZZLE
                        GRTST DEPTH:   0           7 = DUSTSTORM OR SANDSTORM:
                                                       VSBY 1/2 MILE OR LESS
                                                   8 = SMOKE OR HAZE
[NO. OF DAYS WITH]      [WEATHER - DAYS WITH]      9 = BLOWING SNOW
                                                   X = TORNADO
MAX 32 OR BELOW:   0    0.01 INCH OR MORE:   4
MAX 90 OR ABOVE:   0    0.10 INCH OR MORE:   1
MIN 32 OR BELOW:   0    0.50 INCH OR MORE:   1
MIN  0 OR BELOW:   0    1.00 INCH OR MORE:   0

[HDD (BASE 65) ]
TOTAL THIS MO.    25    CLEAR  (SCALE 0-3)   9
DPTR FM NORMAL    -3    PTCLDY (SCALE 4-7)   8
TOTAL FM JUL 1   987    CLOUDY (SCALE 8-10)  5
DPTR FM NORMAL  -206

[CDD (BASE 65) ]
TOTAL THIS MO.   144
DPTR FM NORMAL    29    [PRESSURE DATA]
TOTAL FM JAN 1   275    HIGHEST SLP M ON M
DPTR FM NORMAL    69    LOWEST  SLP 29.48 ON 13

[REMARKS]
