000
CXUS54 KHGX 201515
CF6PSX
PRELIMINARY LOCAL CLIMATOLOGICAL DATA (WS FORM: F-6)

                                          STATION:   PALACIOS
                                          MONTH:     FEBRUARY
                                          YEAR:      2019
                                          LATITUDE:   28 43 N
                                          LONGITUDE:  96 15 W

  TEMPERATURE IN F:       :PCPN:    SNOW:  WIND      :SUNSHINE: SKY     :PK WND
================================================================================
1   2   3   4   5  6A  6B    7    8   9   10  11  12  13   14  15   16   17  18
                                     12Z  AVG MX 2MIN
DY MAX MIN AVG DEP HDD CDD  WTR  SNW DPTH SPD SPD DIR MIN PSBL S-S WX    SPD DR
================================================================================

 1  72  59  66  11   0   1 0.00  0.0    M  9.8 17  70   M    M  10 1      23  80
 2  68  62  65  10   0   0 0.56  0.0    0 12.0 17 110   M    M  10 1      22  80
 3  71  64  68  13   0   3 0.01  0.0    0  9.1 16 160   M    M   9 12     20 160
 4  73  65  69  13   0   4 0.00  0.0    0  7.3 14 150   M    M  10 12     16 160
 5  74  67  71  15   0   6 0.00  0.0    0 10.5 18 150   M    M  10 12     22 150
 6  76  69  73  17   0   8 0.00  0.0    0 14.0 22 150   M    M  10 1      28 150
 7  73  48  61   5   4   0 0.08  0.0    0 15.1 29  10   M    M   9 12     36 360
 8  48  41  45 -11  20   0 0.00  0.0    0 18.2 30  10   M    M  10        36  10
 9  48  39  44 -12  21   0 0.02  0.0    0 12.9 18  10   M    M  10 1      23  20
10  70  45  58   2   7   0 0.17    M    0  8.4 16  90   M    M  10 1      21  70
11  75  56  66  10   0   1 0.06  0.0    0  7.3 20 160   M    M   9 12     23 160
12  67  48  58   1   7   0 0.08    M    0 13.5 25 350   M    M   3 1      32 360
13  66  40  53  -4  12   0 0.00  0.0    0  8.6 17 140   M    M   0        21 140
14  71  54  63   6   2   0 0.00  0.0    0  8.5 15 170   M    M   2         M  M
15  68  60  64   7   1   0 0.00  0.0    0  6.2 14 190   M    M   8 12     19 190
16  71  60  66   9   0   1 0.00  0.0    0  6.7 17  10   M    M  10 128    20  10
17  68  51  60   2   5   0 0.04  0.0    0 14.4 26 360   M    M   7 18     33  10
18  69  51  60   2   5   0 0.00  0.0    0 15.5 25  20   M    M   6        31  20
19  59  50  55  -3  10   0 0.02  0.0    0 14.1 21  50   M    M  10 1      26  30
================================================================================
SM 1287 1029        94  24  1.04     0.0 212.1          M      153
================================================================================
AV 67.7 54.2                              11.2 FASTST   M    M   8    MAX(MPH)
                                 MISC ---->  # 30  10               # 36  360
================================================================================
NOTES:
# LAST OF SEVERAL OCCURRENCES

COLUMN 17 PEAK WIND IN M.P.H.

PRELIMINARY LOCAL CLIMATOLOGICAL DATA (WS FORM: F-6) , PAGE 2

                                          STATION:  PALACIOS
                                          MONTH:    FEBRUARY
                                          YEAR:     2019
                                          LATITUDE:   28 43 N
                                          LONGITUDE:  96 15 W

[TEMPERATURE DATA]      [PRECIPITATION DATA]       SYMBOLS USED IN COLUMN 16

AVERAGE MONTHLY: 61.0   TOTAL FOR MONTH:   1.04    1 = FOG OR MIST
DPTR FM NORMAL:   4.5   DPTR FM NORMAL:   -0.60    2 = FOG REDUCING VISIBILITY
HIGHEST:    76 ON  6    GRTST 24HR  0.56 ON  2- 2      TO 1/4 MILE OR LESS
LOWEST:     39 ON  9                               3 = THUNDER
                        SNOW, ICE PELLETS, HAIL    4 = ICE PELLETS
                        TOTAL MONTH:   0.0 INCH    5 = HAIL
                        GRTST 24HR     0.0         6 = FREEZING RAIN OR DRIZZLE
                        GRTST DEPTH:   0           7 = DUSTSTORM OR SANDSTORM:
                                                       VSBY 1/2 MILE OR LESS
                                                   8 = SMOKE OR HAZE
[NO. OF DAYS WITH]      [WEATHER - DAYS WITH]      9 = BLOWING SNOW
                                                   X = TORNADO
MAX 32 OR BELOW:   0    0.01 INCH OR MORE:   9
MAX 90 OR ABOVE:   0    0.10 INCH OR MORE:   2
MIN 32 OR BELOW:   0    0.50 INCH OR MORE:   1
MIN  0 OR BELOW:   0    1.00 INCH OR MORE:   0

[HDD (BASE 65) ]
TOTAL THIS MO.    94    CLEAR  (SCALE 0-3)   3
DPTR FM NORMAL   -80    PTCLDY (SCALE 4-7)   2
TOTAL FM JUL 1   797    CLOUDY (SCALE 8-10) 14
DPTR FM NORMAL  -176

[CDD (BASE 65) ]
TOTAL THIS MO.    24
DPTR FM NORMAL     8    [PRESSURE DATA]
TOTAL FM JAN 1    33    HIGHEST SLP M ON M
DPTR FM NORMAL     5    LOWEST  SLP 29.61 ON 17

[REMARKS]
