000
CXUS55 KPUB 161159
CF6PUB
PRELIMINARY LOCAL CLIMATOLOGICAL DATA (WS FORM: F-6)

                                          STATION:   PUEBLO CO
                                          MONTH:     FEBRUARY
                                          YEAR:      2019
                                          LATITUDE:   38 16 N
                                          LONGITUDE: 104 31 W

  TEMPERATURE IN F:       :PCPN:    SNOW:  WIND      :SUNSHINE: SKY     :PK WND
================================================================================
1   2   3   4   5  6A  6B    7    8   9   10  11  12  13   14  15   16   17  18
                                     12Z  AVG MX 2MIN
DY MAX MIN AVG DEP HDD CDD  WTR  SNW DPTH SPD SPD DIR MIN PSBL S-S WX    SPD DR
================================================================================

 1  59  17  38   7  27   0 0.00  0.0    0  4.2 13 130   M    M   0        15 120
 2  67  19  43  12  22   0 0.00  0.0    0 13.8 33 280   M    M   0        44 300
 3  69  34  52  20  13   0 0.00  0.0    0 11.8 30 280   M    M   0        41 250
 4  66  29  48  16  17   0 0.00  0.0    0 10.2 26 200   M    M   1 8      36 200
 5  60  24  42  10  23   0 0.00  0.0    0  8.5 28 280   M    M   3 12     38 270
 6  59  13  36   4  29   0    T  0.3    0 15.1 40 230   M    M   3 1      55 220
 7  27   8  18 -14  47   0    T    T    T  6.7 14 100   M    M   5 18     16 110
 8  41   4  23  -9  42   0 0.00  0.0    0  4.9 13 130   M    M   0 8      17 130
 9  60  10  35   3  30   0 0.00  0.0    0  6.3 24 190   M    M   0        33 260
10  46  18  32  -1  33   0 0.00  0.0    0 10.4 20 120   M    M   0 8      24 120
11  54   9  32  -1  33   0 0.00  0.0    0  9.2 31  30   M    M   1 8      45  20
12  57  16  37   4  28   0 0.00  0.0    0  8.9 22 270   M    M   0        29 290
13  70  16  43  10  22   0 0.00  0.0    0 18.2 45 280   M    M   0        60 280
14  66  33  50  16  15   0 0.00  0.0    0 26.4 48 280   M    M   1        64 290
15  67  19  43   9  22   0 0.00  0.0    0 10.5 29 290   M    M   2        38 280
================================================================================
SM  868  269       403   0    T      0.3 165.1          M       16
================================================================================
AV 57.9 17.9                              11.0 FASTST   M    M   1    MAX(MPH)
                                 MISC ---->  # 48 280               # 64  290
================================================================================
NOTES:
# LAST OF SEVERAL OCCURRENCES

COLUMN 17 PEAK WIND IN M.P.H.

PRELIMINARY LOCAL CLIMATOLOGICAL DATA (WS FORM: F-6) , PAGE 2

                                          STATION:  PUEBLO CO
                                          MONTH:    FEBRUARY
                                          YEAR:     2019
                                          LATITUDE:   38 16 N
                                          LONGITUDE: 104 31 W

[TEMPERATURE DATA]      [PRECIPITATION DATA]       SYMBOLS USED IN COLUMN 16

AVERAGE MONTHLY: 37.9   TOTAL FOR MONTH:      T    1 = FOG OR MIST
DPTR FM NORMAL:   5.5   DPTR FM NORMAL:   -0.13    2 = FOG REDUCING VISIBILITY
HIGHEST:    70 ON 13    GRTST 24HR    T  ON  7- 7      TO 1/4 MILE OR LESS
LOWEST:      4 ON  8                               3 = THUNDER
                        SNOW, ICE PELLETS, HAIL    4 = ICE PELLETS
                        TOTAL MONTH:   0.3 INCH    5 = HAIL
                        GRTST 24HR   0.3 ON  6- 6  6 = FREEZING RAIN OR DRIZZLE
                        GRTST DEPTH:   T           7 = DUSTSTORM OR SANDSTORM:
                                                       VSBY 1/2 MILE OR LESS
                                                   8 = SMOKE OR HAZE
[NO. OF DAYS WITH]      [WEATHER - DAYS WITH]      9 = BLOWING SNOW
                                                   X = TORNADO
MAX 32 OR BELOW:   1    0.01 INCH OR MORE:   0
MAX 90 OR ABOVE:   0    0.10 INCH OR MORE:   0
MIN 32 OR BELOW:  13    0.50 INCH OR MORE:   0
MIN  0 OR BELOW:   0    1.00 INCH OR MORE:   0

[HDD (BASE 65) ]
TOTAL THIS MO.   403    CLEAR  (SCALE 0-3)  12
DPTR FM NORMAL   -88    PTCLDY (SCALE 4-7)   3
TOTAL FM JUL 1  3623    CLOUDY (SCALE 8-10)  0
DPTR FM NORMAL  -300

[CDD (BASE 65) ]
TOTAL THIS MO.     0
DPTR FM NORMAL     0    [PRESSURE DATA]
TOTAL FM JAN 1     0    HIGHEST SLP M ON M
DPTR FM NORMAL     0    LOWEST  SLP 29.53 ON  6

[REMARKS]
