000
CXUS55 KPUB 251059
CF6PUB
PRELIMINARY LOCAL CLIMATOLOGICAL DATA (WS FORM: F-6)

                                          STATION:   PUEBLO CO
                                          MONTH:     AUGUST
                                          YEAR:      2019
                                          LATITUDE:   38 16 N
                                          LONGITUDE: 104 31 W

  TEMPERATURE IN F:       :PCPN:    SNOW:  WIND      :SUNSHINE: SKY     :PK WND
================================================================================
1   2   3   4   5  6A  6B    7    8   9   10  11  12  13   14  15   16   17  18
                                     12Z  AVG MX 2MIN
DY MAX MIN AVG DEP HDD CDD  WTR  SNW DPTH SPD SPD DIR MIN PSBL S-S WX    SPD DR
================================================================================

 1  92  66  79   4   0  14    T  0.0    0  7.0 31  10   M    M   2        43  10
 2  92  63  78   3   0  13 0.69    T    0  6.5 36 200   M    M   2 35     49 190
 3  92  64  78   3   0  13    T  0.0    0  7.7 21  50   M    M   2        27  50
 4  97  67  82   7   0  17 0.00  0.0    0  6.7 25 290   M    M   1        35 290
 5  96  67  82   7   0  17 0.08  0.0    0  9.6 23 280   M    M   4 3      31 320
 6  99  62  81   6   0  16    T  0.0    0  8.8 30 340   M    M   0 3      40 350
 7  99  63  81   6   0  16    T  0.0    0 10.2 31 300   M    M   2 3      41 300
 8  90  68  79   4   0  14    T  0.0    0  7.9 17  70   M    M   2        24 120
 9  94  63  79   5   0  14 0.01  0.0    0  7.9 23  10   M    M   3 3      32  10
10  96  64  80   6   0  15 0.27  0.0    0  7.0 55 340   M    M   1 13     76 340
11  96  66  81   7   0  16 0.00  0.0    0  6.7 38 290   M    M   1 3      50 300
12  94  62  78   4   0  13 0.00  0.0    0  7.3 18 120   M    M   0        26 140
13  98  60  79   5   0  14 0.00  0.0    0  6.3 28  50   M    M   0        36  50
14  92  60  76   2   0  11 0.00  0.0    0  7.3 24  90   M    M   2        30  90
15 101  57  79   5   0  14 0.00  0.0    0  7.5 23  10   M    M   0 3      30  10
16 100  59  80   6   0  15 0.00  0.0    0  7.4 26  70   M    M   0 3      34 280
17  99  57  78   4   0  13 0.00  0.0    0  7.3 25  40   M    M   0        35  40
18  99  58  79   6   0  14 0.00  0.0    0  8.8 24 140   M    M   0        32 140
19 102  59  81   8   0  16 0.00  0.0    0  4.6 15  90   M    M   0        21 100
20 103  62  83  10   0  18 0.00  0.0    0  6.5 23  30   M    M   0        30  20
21  87  62  75   2   0  10    T  0.0    0  9.5 26 100   M    M   0        34 200
22  93  56  75   2   0  10 0.00  0.0    0  6.0 25 310   M    M   1        35 310
23  93  58  76   4   0  11 0.00  0.0    0  9.0 29  30   M    M   0        39  20
24  91  58  75   3   0  10 0.00  0.0    0  6.5 22 100   M    M   1        32 110
================================================================================
SM 2295 1481         0 334  1.05    T    180.0          M       24
================================================================================
AV 95.6 61.7                               7.5 FASTST   M    M   1    MAX(MPH)
                                 MISC ---->  # 55 340               # 76  340
================================================================================
NOTES:
# LAST OF SEVERAL OCCURRENCES

COLUMN 17 PEAK WIND IN M.P.H.

PRELIMINARY LOCAL CLIMATOLOGICAL DATA (WS FORM: F-6) , PAGE 2

                                          STATION:  PUEBLO CO
                                          MONTH:    AUGUST
                                          YEAR:     2019
                                          LATITUDE:   38 16 N
                                          LONGITUDE: 104 31 W

[TEMPERATURE DATA]      [PRECIPITATION DATA]       SYMBOLS USED IN COLUMN 16

AVERAGE MONTHLY: 78.7   TOTAL FOR MONTH:   1.05    1 = FOG OR MIST
DPTR FM NORMAL:   4.7   DPTR FM NORMAL:   -0.86    2 = FOG REDUCING VISIBILITY
HIGHEST:   103 ON 20    GRTST 24HR  0.69 ON  2- 2      TO 1/4 MILE OR LESS
LOWEST:     56 ON 22                               3 = THUNDER
                        SNOW, ICE PELLETS, HAIL    4 = ICE PELLETS
                        TOTAL MONTH:    T          5 = HAIL
                        GRTST 24HR    T  ON  2- 2  6 = FREEZING RAIN OR DRIZZLE
                        GRTST DEPTH:   0           7 = DUSTSTORM OR SANDSTORM:
                                                       VSBY 1/2 MILE OR LESS
                                                   8 = SMOKE OR HAZE
[NO. OF DAYS WITH]      [WEATHER - DAYS WITH]      9 = BLOWING SNOW
                                                   X = TORNADO
MAX 32 OR BELOW:   0    0.01 INCH OR MORE:   4
MAX 90 OR ABOVE:  23    0.10 INCH OR MORE:   2
MIN 32 OR BELOW:   0    0.50 INCH OR MORE:   1
MIN  0 OR BELOW:   0    1.00 INCH OR MORE:   0

[HDD (BASE 65) ]
TOTAL THIS MO.     0    CLEAR  (SCALE 0-3)  23
DPTR FM NORMAL     0    PTCLDY (SCALE 4-7)   1
TOTAL FM JUL 1     0    CLOUDY (SCALE 8-10)  0
DPTR FM NORMAL    -1

[CDD (BASE 65) ]
TOTAL THIS MO.   334
DPTR FM NORMAL   116    [PRESSURE DATA]
TOTAL FM JAN 1   899    HIGHEST SLP M ON M
DPTR FM NORMAL   136    LOWEST  SLP 29.83 ON 17

[REMARKS]
