000
CXUS56 KOTX 250900
CF6PUW
PRELIMINARY LOCAL CLIMATOLOGICAL DATA (WS FORM: F-6)

                                          STATION:   PULLMAN-MOSCOW  AIRPORT
                                          MONTH:     APRIL
                                          YEAR:      2019
                                          LATITUDE:   46 44 N
                                          LONGITUDE: 117  7 W

  TEMPERATURE IN F:       :PCPN:    SNOW:  WIND      :SUNSHINE: SKY     :PK WND
================================================================================
1   2   3   4   5  6A  6B    7    8   9   10  11  12  13   14  15   16   17  18
                                     12Z  AVG MX 2MIN
DY MAX MIN AVG DEP HDD CDD  WTR  SNW DPTH SPD SPD DIR MIN PSBL S-S WX    SPD DR
================================================================================

 1  61  38  50   7  15   0 0.00    M    M  6.3 12  30   M    M   0        15  90
 2  64  38  51   7  14   0 0.00    M    M  7.0 15 100   M    M   2        19  90
 3  58  46  52   8  13   0 0.18    M    M  9.3 22 270   M    M   8 18     27 270
 4  57  42  50   6  15   0 0.02    M    M  4.6 15 250   M    M   6        20 240
 5  58  41  50   6  15   0 0.52    M    M  8.3 22 250   M    M   8 13     30 260
 6  50  36  43  -1  22   0 0.22    M    M  9.9 23 220   M    M   6 1      27 230
 7  54  43  49   5  16   0 0.45    M    M 11.3 25 250   M    M  10 1      35 240
 8  51  43  47   3  18   0 0.51    M    M  7.3 17 100   M    M  10 1      21  90
 9  46  40  43  -2  22   0 1.21    M    M 14.0 24 250   M    M  10 1      32 250
10  51  36  44  -1  21   0 0.01    M    M 15.5 25 240   M    M   5        32 260
11  51  38  45   0  20   0 0.03    M    M 10.5 18 270   M    M   8        23 260
12  50  38  44  -1  21   0 0.01    M    M  3.4 12 230   M    M   9        16 240
13  51  40  46   1  19   0 0.26    M    M  9.7 26 250   M    M   9 1      34 250
14  45  36  41  -5  24   0    T    M    M 14.2 24 240   M    M   7        29 240
15  52  31  42  -4  23   0 0.00    M    M  5.7 12 120   M    M   6 12     15 100
16  53  40  47   1  18   0 0.00    M    M  8.5 16 230   M    M   8        21 260
17  58  43  51   5  14   0 0.00    M    M 11.8 23 240   M    M   6        29 260
18  68  42  55   9  10   0 0.00    M    M  5.5 15 100   M    M   3        18 210
19  71  51  61  14   4   0 0.06    M    M  7.9 20 290   M    M   9 1      24 280
20  57  45  51   4  14   0 0.10    M    M  7.0 14 280   M    M   7 1      19 260
21  60  41  51   4  14   0 0.00    M    M  7.4 16 280   M    M   0        20 280
22  65  38  52   5  13   0    T    M    M  5.8 16 230   M    M   2        22 230
23  65  52  59  11   6   0    T    M    M 13.9 22 240   M    M   8        28 230
24  60  39  50   2  15   0 0.00    M    M  8.4 18 240   M    M   2        27 240
================================================================================
SM 1356  977       386   0  3.58    M    213.2          M      149
================================================================================
AV 56.5 40.7                               8.9 FASTST   M    M   6    MAX(MPH)
                                 MISC ---->  # 26 250               # 35  240
================================================================================
NOTES:
# LAST OF SEVERAL OCCURRENCES

COLUMN 17 PEAK WIND IN M.P.H.

PRELIMINARY LOCAL CLIMATOLOGICAL DATA (WS FORM: F-6) , PAGE 2

                                          STATION:  PULLMAN-MOSCOW  AIRPORT
                                          MONTH:    APRIL
                                          YEAR:     2019
                                          LATITUDE:   46 44 N
                                          LONGITUDE: 117  7 W

[TEMPERATURE DATA]      [PRECIPITATION DATA]       SYMBOLS USED IN COLUMN 16

AVERAGE MONTHLY: 48.6   TOTAL FOR MONTH:   3.58    1 = FOG OR MIST
DPTR FM NORMAL:   3.2   DPTR FM NORMAL:    2.31    2 = FOG REDUCING VISIBILITY
HIGHEST:    71 ON 19    GRTST 24HR  1.21 ON  9- 9      TO 1/4 MILE OR LESS
LOWEST:     31 ON 15                               3 = THUNDER
                        SNOW, ICE PELLETS, HAIL    4 = ICE PELLETS
                        TOTAL MONTH:    M          5 = HAIL
                        GRTST 24HR    M  ON   M    6 = FREEZING RAIN OR DRIZZLE
                        GRTST DEPTH:  M  ON   M    7 = DUSTSTORM OR SANDSTORM:
                                                       VSBY 1/2 MILE OR LESS
                                                   8 = SMOKE OR HAZE
[NO. OF DAYS WITH]      [WEATHER - DAYS WITH]      9 = BLOWING SNOW
                                                   X = TORNADO
MAX 32 OR BELOW:   0    0.01 INCH OR MORE:  13
MAX 90 OR ABOVE:   0    0.10 INCH OR MORE:   8
MIN 32 OR BELOW:   1    0.50 INCH OR MORE:   3
MIN  0 OR BELOW:   0    1.00 INCH OR MORE:   1

[HDD (BASE 65) ]
TOTAL THIS MO.   386    CLEAR  (SCALE 0-3)   5
DPTR FM NORMAL   -85    PTCLDY (SCALE 4-7)  11
TOTAL FM JUL 1  6023    CLOUDY (SCALE 8-10)  8
DPTR FM NORMAL    93

[CDD (BASE 65) ]
TOTAL THIS MO.     0
DPTR FM NORMAL     0    [PRESSURE DATA]
TOTAL FM JAN 1     0    HIGHEST SLP M ON M
DPTR FM NORMAL     0    LOWEST  SLP 29.65 ON  5

[REMARKS]
