000
CXUS51 KBOX 181200
CF6PVD
PRELIMINARY LOCAL CLIMATOLOGICAL DATA (WS FORM: F-6)

                                          STATION:   PROVIDENCE RI
                                          MONTH:     APRIL
                                          YEAR:      2019
                                          LATITUDE:   41 43 N
                                          LONGITUDE:  71 26 W

  TEMPERATURE IN F:       :PCPN:    SNOW:  WIND      :SUNSHINE: SKY     :PK WND
================================================================================
1   2   3   4   5  6A  6B    7    8   9   10  11  12  13   14  15   16   17  18
                                     12Z  AVG MX 2MIN
DY MAX MIN AVG DEP HDD CDD  WTR  SNW DPTH SPD SPD DIR MIN PSBL S-S WX    SPD DR
================================================================================

 1  46  31  39  -5  26   0 0.00  0.0    0 12.7 26 290   M    M   1        35 290
 2  48  24  36  -8  29   0 0.15  0.0    0  8.6 21 150   M    M   7 1      30 130
 3  65  38  52   7  13   0 0.50  0.0    0 16.7 29 260   M    M   5 1      39  20
 4  54  37  46   1  19   0 0.00  0.0    0 14.9 30 280   M    M   3        42 270
 5  45  32  39  -7  26   0 0.18    T    0  7.3 17 180   M    M   8 14     23 210
 6  67  37  52   6  13   0 0.10  0.0    0  6.1 16 290   M    M   5 1      23 310
 7  63  37  50   4  15   0 0.00  0.0    0  8.5 22 160   M    M   5        30 130
 8  51  39  45  -2  20   0 0.87  0.0    0  8.2 15 360   M    M  10 1      19 360
 9  53  36  45  -2  20   0 0.16  0.0    0  8.5 17 160   M    M   9 1      22 180
10  50  35  43  -4  22   0    T  0.0    0 11.5 23 350   M    M   6        29 320
11  53  32  43  -5  22   0 0.00  0.0    0  6.8 15 160   M    M   4        21 310
12  59  41  50   2  15   0 0.06  0.0    0  7.7 18 210   M    M  10 1      27 190
13  70  48  59  11   6   0 0.73  0.0    0 10.2 20 240   M    M   8 1      27 240
14  70  47  59  10   6   0 0.08  0.0    0  5.7 16 190   M    M   8 1      20 180
15  68  44  56   7   9   0 0.49  0.0    0 17.1 35 210   M    M   8 13     44 200
16  61  42  52   3  13   0 0.00  0.0    0 15.8 26 290   M    M   3        39 320
17  63  39  51   1  14   0 0.00  0.0    0  7.1 18 160   M    M   3        23 350
================================================================================
SM  986  639       288   0  3.32    T    173.4          M      103
================================================================================
AV 58.0 37.6                              10.2 FASTST   M    M   6    MAX(MPH)
                                 MISC ---->  # 35 210               # 44  200
================================================================================
NOTES:
# LAST OF SEVERAL OCCURRENCES

COLUMN 17 PEAK WIND IN M.P.H.

PRELIMINARY LOCAL CLIMATOLOGICAL DATA (WS FORM: F-6) , PAGE 2

                                          STATION:  PROVIDENCE RI
                                          MONTH:    APRIL
                                          YEAR:     2019
                                          LATITUDE:   41 43 N
                                          LONGITUDE:  71 26 W

[TEMPERATURE DATA]      [PRECIPITATION DATA]       SYMBOLS USED IN COLUMN 16

AVERAGE MONTHLY: 47.8   TOTAL FOR MONTH:   3.32    1 = FOG OR MIST
DPTR FM NORMAL:   0.9   DPTR FM NORMAL:    0.67    2 = FOG REDUCING VISIBILITY
HIGHEST:    70 ON 14,13 GRTST 24HR  0.87 ON  8- 8      TO 1/4 MILE OR LESS
LOWEST:     24 ON  2                               3 = THUNDER
                        SNOW, ICE PELLETS, HAIL    4 = ICE PELLETS
                        TOTAL MONTH:    T          5 = HAIL
                        GRTST 24HR    T  ON  5- 5  6 = FREEZING RAIN OR DRIZZLE
                        GRTST DEPTH:   0           7 = DUSTSTORM OR SANDSTORM:
                                                       VSBY 1/2 MILE OR LESS
                                                   8 = SMOKE OR HAZE
[NO. OF DAYS WITH]      [WEATHER - DAYS WITH]      9 = BLOWING SNOW
                                                   X = TORNADO
MAX 32 OR BELOW:   0    0.01 INCH OR MORE:  10
MAX 90 OR ABOVE:   0    0.10 INCH OR MORE:   8
MIN 32 OR BELOW:   4    0.50 INCH OR MORE:   3
MIN  0 OR BELOW:   0    1.00 INCH OR MORE:   0

[HDD (BASE 65) ]
TOTAL THIS MO.   288    CLEAR  (SCALE 0-3)   2
DPTR FM NORMAL   -20    PTCLDY (SCALE 4-7)  11
TOTAL FM JUL 1  5203    CLOUDY (SCALE 8-10)  4
DPTR FM NORMAL    24

[CDD (BASE 65) ]
TOTAL THIS MO.     0
DPTR FM NORMAL     0    [PRESSURE DATA]
TOTAL FM JAN 1     0    HIGHEST SLP M ON M
DPTR FM NORMAL     0    LOWEST  SLP 29.18 ON 15

[REMARKS]
