000
CXUS51 KBOX 211200
CF6PVD
PRELIMINARY LOCAL CLIMATOLOGICAL DATA (WS FORM: F-6)

                                          STATION:   PROVIDENCE RI
                                          MONTH:     JULY
                                          YEAR:      2019
                                          LATITUDE:   41 43 N
                                          LONGITUDE:  71 26 W

  TEMPERATURE IN F:       :PCPN:    SNOW:  WIND      :SUNSHINE: SKY     :PK WND
================================================================================
1   2   3   4   5  6A  6B    7    8   9   10  11  12  13   14  15   16   17  18
                                     12Z  AVG MX 2MIN
DY MAX MIN AVG DEP HDD CDD  WTR  SNW DPTH SPD SPD DIR MIN PSBL S-S WX    SPD DR
================================================================================

 1  84  61  73   1   0   8 0.00  0.0    0  8.6 20 350   M    M   3        25 350
 2  82  68  75   3   0  10 0.00  0.0    0  7.5 16 250   M    M   6        18 240
 3  88  66  77   5   0  12 0.00  0.0    0  5.8 13 150   M    M   3        16 150
 4  90  66  78   5   0  13 0.00  0.0    0  4.8 14 140   M    M   5 18     17 150
 5  82  66  74   1   0   9 0.00  0.0    0  7.6 15 200   M    M   5 1      15 200
 6  89  73  81   8   0  16 0.02  0.0    0  9.2 23 230   M    M   8 1      27 330
 7  80  63  72  -1   0   7 0.00  0.0    0  9.5 20  30   M    M   5        26  40
 8  81  60  71  -2   0   6 0.00  0.0    0  5.3 12 210   M    M   4        13 150
 9  88  62  75   2   0  10 0.00  0.0    0  5.7 16 160   M    M   5        21  50
10  89  64  77   4   0  12 0.00  0.0    0  6.2 18 150   M    M   6        28 160
11  83  69  76   3   0  11 0.06  0.0    0  9.6 22 200   M    M   8 18     27 210
12  89  71  80   6   0  15 1.01  0.0    0  4.9 15  30   M    M   6 13     19 360
13  86  70  78   4   0  13 0.00  0.0    0  8.9 17 230   M    M   4        24 240
14  90  69  80   6   0  15 0.00  0.0    0  8.6 17 290   M    M   2        26 310
15  84  66  75   1   0  10 0.00  0.0    0  6.9 16 300   M    M   4        20 300
16  87  63  75   1   0  10 0.00  0.0    0  7.2 16 160   M    M   6 8      30 110
17  91  72  82   8   0  17 0.39  0.0    0  8.3 21 340   M    M   6 138    26 270
18  78  64  71  -3   0   6 0.16  0.0    0  8.1 21  20   M    M   8 1      24  20
19  89  65  77   3   0  12 0.00  0.0    0  7.2 16 220   M    M   7        21 160
20  94  77  86  12   0  21 0.00  0.0    0  6.9 13 200   M    M   5 8      22 210
================================================================================
SM 1724 1335         0 233  1.64     0.0 146.8          M      106
================================================================================
AV 86.2 66.8                               7.3 FASTST   M    M   5    MAX(MPH)
                                 MISC ---->  # 23 230                 30    M
================================================================================
NOTES:
# LAST OF SEVERAL OCCURRENCES

COLUMN 17 PEAK WIND IN M.P.H.

PRELIMINARY LOCAL CLIMATOLOGICAL DATA (WS FORM: F-6) , PAGE 2

                                          STATION:  PROVIDENCE RI
                                          MONTH:    JULY
                                          YEAR:     2019
                                          LATITUDE:   41 43 N
                                          LONGITUDE:  71 26 W

[TEMPERATURE DATA]      [PRECIPITATION DATA]       SYMBOLS USED IN COLUMN 16

AVERAGE MONTHLY: 76.5   TOTAL FOR MONTH:   1.64    1 = FOG OR MIST
DPTR FM NORMAL:   3.2   DPTR FM NORMAL:   -0.36    2 = FOG REDUCING VISIBILITY
HIGHEST:    94 ON 20    GRTST 24HR  1.01 ON 12-12      TO 1/4 MILE OR LESS
LOWEST:     60 ON  8                               3 = THUNDER
                        SNOW, ICE PELLETS, HAIL    4 = ICE PELLETS
                        TOTAL MONTH:   0.0 INCH    5 = HAIL
                        GRTST 24HR     0.0         6 = FREEZING RAIN OR DRIZZLE
                        GRTST DEPTH:   0           7 = DUSTSTORM OR SANDSTORM:
                                                       VSBY 1/2 MILE OR LESS
                                                   8 = SMOKE OR HAZE
[NO. OF DAYS WITH]      [WEATHER - DAYS WITH]      9 = BLOWING SNOW
                                                   X = TORNADO
MAX 32 OR BELOW:   0    0.01 INCH OR MORE:   5
MAX 90 OR ABOVE:   4    0.10 INCH OR MORE:   3
MIN 32 OR BELOW:   0    0.50 INCH OR MORE:   1
MIN  0 OR BELOW:   0    1.00 INCH OR MORE:   1

[HDD (BASE 65) ]
TOTAL THIS MO.     0    CLEAR  (SCALE 0-3)   2
DPTR FM NORMAL     0    PTCLDY (SCALE 4-7)  18
TOTAL FM JUL 1     0    CLOUDY (SCALE 8-10)  0
DPTR FM NORMAL     0

[CDD (BASE 65) ]
TOTAL THIS MO.   233
DPTR FM NORMAL    65    [PRESSURE DATA]
TOTAL FM JAN 1   387    HIGHEST SLP M ON M
DPTR FM NORMAL    61    LOWEST  SLP 29.65 ON 12

[REMARKS]
