000
CXUS54 KOUN 200700
CF6PWA
PRELIMINARY LOCAL CLIMATOLOGICAL DATA (WS FORM: F-6)

                                          STATION:   BETHANY/WILEY POST
                                          MONTH:     APRIL
                                          YEAR:      2019
                                          LATITUDE:   35 31 N
                                          LONGITUDE:  97 38 W

  TEMPERATURE IN F:       :PCPN:    SNOW:  WIND      :SUNSHINE: SKY     :PK WND
================================================================================
1   2   3   4   5  6A  6B    7    8   9   10  11  12  13   14  15   16   17  18
                                     12Z  AVG MX 2MIN
DY MAX MIN AVG DEP HDD CDD  WTR  SNW DPTH SPD SPD DIR MIN PSBL S-S WX    SPD DR
================================================================================

 1  58  37  48  -7  17   0 0.00  0.0    0  6.0 13 180   M    M   1        20 230
 2  73  41  57   1   8   0 0.00  0.0    0 15.4 24 170   M    M   0        32 160
 3   M   M   M   M   M   M    M    M    M   M   M   M   M    M   M         M  M
 4  73  53  63   7   2   0 0.50  0.0    0  7.2 39 290   M    M   3 13     48 290
 5  76  50  63   7   2   0 0.00  0.0    0  8.3 17 180   M    M   0 1      21 160
 6  75  61  68  11   0   3 0.14  0.0    0 13.9 26  90   M    M   3 13     34 100
 7  77  58  68  11   0   3 0.00  0.0    0  8.6 17 210   M    M   3 1      20 200
 8  81  54  68  11   0   3 0.00  0.0    0  6.1 17 360   M    M   0        21 360
 9  86  51  69  11   0   4 0.00  0.0    0 12.0 26 170   M    M   0        34 170
10  87  67  77  19   0  12    T  0.0    0 24.3 41 160   M    M   1        51 180
11  68  40  54  -4  11   0 0.00  0.0    0 14.3 25 290   M    M   0        33 310
12  58  34  46 -12  19   0 0.00  0.0    0  8.3 15  50   M    M   0        19  20
13  52  41  47 -12  18   0 1.46  9.0    0 20.0 35  10   M    M   8 13     43  10
14  65  40  53  -6  12   0    T  0.0    0 12.1 18 170   M    M   1        24  30
15  80  51  66   7   0   1 0.00  0.0    0 22.4 31 170   M    M   0        40 190
16  73  60  67   7   0   2 0.00  0.0    0 21.8 29 190   M    M   1        38 200
17  81  57  69   9   0   4 0.79  0.0    0 14.5 25 190   M    M   6 13     38 260
18  69  51  60   0   5   0 0.03  0.0    0 16.3 32 340   M    M   2 3      40  20
19  66  45  56  -4   9   0 0.00  0.0    0 13.1 24 340   M    M   1        32 340
================================================================================
SM 1298  891       103  32  2.92     9.0 244.6          M       30
================================================================================
AV 72.1 49.5                              13.6 FASTST   M    M   2    MAX(MPH)
                                 MISC ---->  # 41 160               # 51  180
================================================================================
NOTES:
# LAST OF SEVERAL OCCURRENCES

COLUMN 17 PEAK WIND IN M.P.H.

PRELIMINARY LOCAL CLIMATOLOGICAL DATA (WS FORM: F-6) , PAGE 2

                                          STATION:  BETHANY/WILEY POST
                                          MONTH:    APRIL
                                          YEAR:     2019
                                          LATITUDE:   35 31 N
                                          LONGITUDE:  97 38 W

[TEMPERATURE DATA]      [PRECIPITATION DATA]       SYMBOLS USED IN COLUMN 16

AVERAGE MONTHLY: 60.8   TOTAL FOR MONTH:   2.92    1 = FOG OR MIST
DPTR FM NORMAL:   3.0   DPTR FM NORMAL:    0.86    2 = FOG REDUCING VISIBILITY
HIGHEST:    87 ON 10    GRTST 24HR  1.46 ON 13-13      TO 1/4 MILE OR LESS
LOWEST:     34 ON 12                               3 = THUNDER
                        SNOW, ICE PELLETS, HAIL    4 = ICE PELLETS
                        TOTAL MONTH:   9.0 INCHES  5 = HAIL
                        GRTST 24HR   9.0 ON 13-13  6 = FREEZING RAIN OR DRIZZLE
                        GRTST DEPTH:   0           7 = DUSTSTORM OR SANDSTORM:
                                                       VSBY 1/2 MILE OR LESS
                                                   8 = SMOKE OR HAZE
[NO. OF DAYS WITH]      [WEATHER - DAYS WITH]      9 = BLOWING SNOW
                                                   X = TORNADO
MAX 32 OR BELOW:   0    0.01 INCH OR MORE:   5
MAX 90 OR ABOVE:   0    0.10 INCH OR MORE:   4
MIN 32 OR BELOW:   0    0.50 INCH OR MORE:   3
MIN  0 OR BELOW:   0    1.00 INCH OR MORE:   1

[HDD (BASE 65) ]
TOTAL THIS MO.   103    CLEAR  (SCALE 0-3)  14
DPTR FM NORMAL   -54    PTCLDY (SCALE 4-7)   4
TOTAL FM JUL 1  3638    CLOUDY (SCALE 8-10)  0
DPTR FM NORMAL    93

[CDD (BASE 65) ]
TOTAL THIS MO.    32
DPTR FM NORMAL    10    [PRESSURE DATA]
TOTAL FM JAN 1    35    HIGHEST SLP M ON M
DPTR FM NORMAL     4    LOWEST  SLP 29.23 ON 10

[REMARKS]
