000
CXUS54 KOUN 190700
CF6PWA
PRELIMINARY LOCAL CLIMATOLOGICAL DATA (WS FORM: F-6)

                                          STATION:   BETHANY/WILEY POST
                                          MONTH:     FEBRUARY
                                          YEAR:      2019
                                          LATITUDE:   35 31 N
                                          LONGITUDE:  97 38 W

  TEMPERATURE IN F:       :PCPN:    SNOW:  WIND      :SUNSHINE: SKY     :PK WND
================================================================================
1   2   3   4   5  6A  6B    7    8   9   10  11  12  13   14  15   16   17  18
                                     12Z  AVG MX 2MIN
DY MAX MIN AVG DEP HDD CDD  WTR  SNW DPTH SPD SPD DIR MIN PSBL S-S WX    SPD DR
================================================================================

 1  56  44  50  10  15   0    T  0.0    0  7.0 18 160   M    M  10 128    23 160
 2  66  54  60  20   5   0 0.00  0.0    0 18.5 26 170   M    M   8 1      34 170
 3  72  58  65  25   0   0 0.00  0.0    0 20.4 32 170   M    M   5        39 180
 4  63  39  51  11  14   0 0.00  0.0    0 12.0 24 350   M    M   5 18     29 350
 5  40  34  37  -3  28   0    T    M    0  9.3 14 360   M    M  10 12     16 360
 6  38  32  35  -5  30   0 0.09    M    0 10.0 23 360   M    M  10 1236   29 360
 7  32  18  25 -16  40   0 0.33    T    0 17.7 31 350   M    M   6 136    39 330
 8  34  13  24 -17  41   0 0.00  0.0    0  6.6 12  30   M    M   0        15  10
 9  40  25  33  -8  32   0 0.00  0.0    0 10.3 20 160   M    M  10        25 180
10  44  33  39  -2  26   0    T  0.0    0 12.6 23 180   M    M  10 1      27 170
11  53  41  47   6  18   0 0.08  0.0    0 10.9 28 340   M    M   9 123    34 340
12  55  32  44   2  21   0 0.00  0.0    0 11.0 28 330   M    M   2        39 330
13  61  35  48   6  17   0 0.00  0.0    0 21.4 36 200   M    M   0        46 210
14  71  44  58  16   7   0 0.00  0.0    0 14.4 31 200   M    M   0        39 210
15  44  23  34  -8  31   0    T  0.0    0 16.2 22 360   M    M   8        30  10
16  34  22  28 -14  37   0    T    T    0  8.5 16 140   M    M  10 1      19  20
17  47  26  37  -6  28   0 0.00  0.0    0 11.8 21 350   M    M   3 1      26 350
18  37  20  29 -14  36   0 0.00  0.0    0 14.5 21  30   M    M   5        26  10
================================================================================
SM  887  593       426   0  0.50    T    233.1          M      111
================================================================================
AV 49.3 32.9                              12.9 FASTST   M    M   6    MAX(MPH)
                                 MISC ---->  # 36 200               # 46  210
================================================================================
NOTES:
# LAST OF SEVERAL OCCURRENCES

COLUMN 17 PEAK WIND IN M.P.H.

PRELIMINARY LOCAL CLIMATOLOGICAL DATA (WS FORM: F-6) , PAGE 2

                                          STATION:  BETHANY/WILEY POST
                                          MONTH:    FEBRUARY
                                          YEAR:     2019
                                          LATITUDE:   35 31 N
                                          LONGITUDE:  97 38 W

[TEMPERATURE DATA]      [PRECIPITATION DATA]       SYMBOLS USED IN COLUMN 16

AVERAGE MONTHLY: 41.1   TOTAL FOR MONTH:   0.50    1 = FOG OR MIST
DPTR FM NORMAL:  -0.1   DPTR FM NORMAL:   -0.33    2 = FOG REDUCING VISIBILITY
HIGHEST:    72 ON  3    GRTST 24HR  0.33 ON  7- 7      TO 1/4 MILE OR LESS
LOWEST:     13 ON  8                               3 = THUNDER
                        SNOW, ICE PELLETS, HAIL    4 = ICE PELLETS
                        TOTAL MONTH:    T          5 = HAIL
                        GRTST 24HR    T  ON 16-16  6 = FREEZING RAIN OR DRIZZLE
                        GRTST DEPTH:   0           7 = DUSTSTORM OR SANDSTORM:
                                                       VSBY 1/2 MILE OR LESS
                                                   8 = SMOKE OR HAZE
[NO. OF DAYS WITH]      [WEATHER - DAYS WITH]      9 = BLOWING SNOW
                                                   X = TORNADO
MAX 32 OR BELOW:   1    0.01 INCH OR MORE:   3
MAX 90 OR ABOVE:   0    0.10 INCH OR MORE:   1
MIN 32 OR BELOW:   9    0.50 INCH OR MORE:   0
MIN  0 OR BELOW:   0    1.00 INCH OR MORE:   0

[HDD (BASE 65) ]
TOTAL THIS MO.   426    CLEAR  (SCALE 0-3)   5
DPTR FM NORMAL    -4    PTCLDY (SCALE 4-7)   5
TOTAL FM JUL 1  2756    CLOUDY (SCALE 8-10)  8
DPTR FM NORMAL    32

[CDD (BASE 65) ]
TOTAL THIS MO.     0
DPTR FM NORMAL     0    [PRESSURE DATA]
TOTAL FM JAN 1     0    HIGHEST SLP M ON M
DPTR FM NORMAL     0    LOWEST  SLP 29.57 ON 14

[REMARKS]
