000
CXUS54 KOUN 230700
CF6PWA
PRELIMINARY LOCAL CLIMATOLOGICAL DATA (WS FORM: F-6)

                                          STATION:   BETHANY/WILEY POST
                                          MONTH:     AUGUST
                                          YEAR:      2019
                                          LATITUDE:   35 31 N
                                          LONGITUDE:  97 38 W

  TEMPERATURE IN F:       :PCPN:    SNOW:  WIND      :SUNSHINE: SKY     :PK WND
================================================================================
1   2   3   4   5  6A  6B    7    8   9   10  11  12  13   14  15   16   17  18
                                     12Z  AVG MX 2MIN
DY MAX MIN AVG DEP HDD CDD  WTR  SNW DPTH SPD SPD DIR MIN PSBL S-S WX    SPD DR
================================================================================

 1  98  79  89   6   0  24 0.00  0.0    0 14.7 20 160   M    M   0        26 150
 2  93 -99  -3 -86  68   0    T  0.0    0 15.6 25 170   M    M   2 38     30 170
 3  85  74  80  -3   0  15    T  0.0    0 10.1 23 150   M    M   5        31 150
 4  93  69  81  -2   0  16 0.00  0.0    0  5.6 14  60   M    M   2        18  60
 5  97  73  85   2   0  20 0.00  0.0    0  5.5 16  90   M    M   1        20  90
 6 101  79  90   7   0  25 0.00  0.0    0  9.0 15 180   M    M   1        21 180
 7 104  80  92   9   0  27 0.00  0.0    0 12.8 20 170   M    M   1        27 160
 8  91  76  84   1   0  19 2.25  0.0    0 10.9 20  30   M    M   4 13     23  20
 9  88  73  81  -2   0  16 1.82  0.0    0  8.3 24 360   M    M   6 13     28 360
10 103  78  91   8   0  26 0.13  0.0    0 10.5 17 170   M    M   2 1      24 170
11 102  78  90   7   0  25 0.00  0.0    0 13.8 23 170   M    M   0        28 170
12 103  78  91   9   0  26 0.00  0.0    0 12.4 18 210   M    M   0        25 210
13  88  75  82   0   0  17 0.27  0.0    0  6.0 14 360   M    M   4 1      20 350
14  93  69  81  -1   0  16 0.00  0.0    0  6.9 28 360   M    M   1 3      33 360
15  96  74  85   3   0  20 0.00  0.0    0 10.0 18 170   M    M   0        24 150
16  99  78  89   7   0  24 0.00  0.0    0 17.8 26 210   M    M   0        33 200
17  99  79  89   7   0  24    T  0.0    0 14.4 31 200   M    M   0 3      41 200
18  96  77  87   5   0  22 0.04  0.0    0 14.7 31 180   M    M   1 3      40 200
19  99  79  89   8   0  24 0.00  0.0    0 13.5 18 160   M    M   0        25 170
20  99  76  88   7   0  23 0.00  0.0    0 11.6 18 180   M    M   0        24 180
21  98  74  86   5   0  21 0.00  0.0    0 11.1 16 160   M    M   0        21 130
22  86  70  78  -3   0  13 0.16  0.0    0  9.5 28 180   M    M   3 13     39 180
================================================================================
SM 2111 1489        68 443  4.67     0.0 244.7          M       33
================================================================================
AV 96.0 67.7                              11.1 FASTST   M    M   2    MAX(MPH)
                                 MISC ---->  # 31 200               # 41  200
================================================================================
NOTES:
# LAST OF SEVERAL OCCURRENCES

COLUMN 17 PEAK WIND IN M.P.H.

PRELIMINARY LOCAL CLIMATOLOGICAL DATA (WS FORM: F-6) , PAGE 2

                                          STATION:  BETHANY/WILEY POST
                                          MONTH:    AUGUST
                                          YEAR:     2019
                                          LATITUDE:   35 31 N
                                          LONGITUDE:  97 38 W

[TEMPERATURE DATA]      [PRECIPITATION DATA]       SYMBOLS USED IN COLUMN 16

AVERAGE MONTHLY: 81.8   TOTAL FOR MONTH:   4.67    1 = FOG OR MIST
DPTR FM NORMAL:  -0.5   DPTR FM NORMAL:    2.42    2 = FOG REDUCING VISIBILITY
HIGHEST:   104 ON  7    GRTST 24HR  2.25 ON  8- 8      TO 1/4 MILE OR LESS
LOWEST:    -99 ON  2                               3 = THUNDER
                        SNOW, ICE PELLETS, HAIL    4 = ICE PELLETS
                        TOTAL MONTH:   0.0 INCH    5 = HAIL
                        GRTST 24HR     0.0         6 = FREEZING RAIN OR DRIZZLE
                        GRTST DEPTH:   0           7 = DUSTSTORM OR SANDSTORM:
                                                       VSBY 1/2 MILE OR LESS
                                                   8 = SMOKE OR HAZE
[NO. OF DAYS WITH]      [WEATHER - DAYS WITH]      9 = BLOWING SNOW
                                                   X = TORNADO
MAX 32 OR BELOW:   0    0.01 INCH OR MORE:   6
MAX 90 OR ABOVE:  18    0.10 INCH OR MORE:   5
MIN 32 OR BELOW:   1    0.50 INCH OR MORE:   2
MIN  0 OR BELOW:   1    1.00 INCH OR MORE:   2

[HDD (BASE 65) ]
TOTAL THIS MO.    68    CLEAR  (SCALE 0-3)  18
DPTR FM NORMAL    68    PTCLDY (SCALE 4-7)   4
TOTAL FM JUL 1    68    CLOUDY (SCALE 8-10)  0
DPTR FM NORMAL    68

[CDD (BASE 65) ]
TOTAL THIS MO.   443
DPTR FM NORMAL    62    [PRESSURE DATA]
TOTAL FM JAN 1  1623    HIGHEST SLP M ON M
DPTR FM NORMAL   115    LOWEST  SLP 29.67 ON 17

[REMARKS]
