000
CXUS54 KFWD 200730
CF6PWG
PRELIMINARY LOCAL CLIMATOLOGICAL DATA (WS FORM: F-6)

                                          STATION:   WACO MCGREGOR
                                          MONTH:     FEBRUARY
                                          YEAR:      2019
                                          LATITUDE:   31 28 N
                                          LONGITUDE:  97 19 W

  TEMPERATURE IN F:       :PCPN:    SNOW:  WIND      :SUNSHINE: SKY     :PK WND
================================================================================
1   2   3   4   5  6A  6B    7    8   9   10  11  12  13   14  15   16   17  18
                                     12Z  AVG MX 2MIN
DY MAX MIN AVG DEP HDD CDD  WTR  SNW DPTH SPD SPD DIR MIN PSBL S-S WX    SPD DR
================================================================================

 1  67  55  61  14   4   0    T  0.0    0  6.4 10 110   M    M   9 1       M  M
 2  68  55  62  15   3   0    T  0.0    0  9.7 14 160   M    M   8 1      22 160
 3  73  61  67  20   0   2 0.00  0.0    0 11.7 17 180   M    M   7 1      24 180
 4  79  60  70  22   0   5 0.00  0.0    0  9.9 14 170   M    M   4 1      20 200
 5  76  63  70  22   0   5 0.00  0.0    0 11.6 21 190   M    M   7 1      30 190
 6  75  67  71  23   0   6 0.00  0.0    0 13.3 27 160   M    M   8 18     39 150
 7  71  33  52   4  13   0 0.01  0.0    0 16.1 23 190   M    M   5 1      32 180
 8  34  28  31 -17  34   0 0.02    M    0 11.2 18 360   M    M   5         M  M
 9  37  33  35 -13  30   0 0.05    M    0  7.5 12 100   M    M  10 1       M  M
10  45  35  40  -8  25   0 0.09    M    0  4.0  7 250   M    M  10 1       M  M
11  61  45  53   4  12   0 0.16    M    0  6.6 10 190   M    M   7 1       M  M
12  58  35  47  -2  18   0 0.00  0.0    0 10.7 20 360   M    M   0        27 340
13  62  27  45  -4  20   0 0.00  0.0    0  9.6 20 170   M    M   0        24 170
14  78  50  64  15   1   0 0.00  0.0    0 14.6 24 200   M    M   0        32 210
15  87  49  68  19   0   3 0.00  0.0    0  9.2 17  10   M    M   1 8      22 270
16  49  36  43  -7  22   0 0.00  0.0    0  9.7 16 360   M    M   8 12      M  M
17  56  44  50   0  15   0 0.00  0.0    0 11.7 20 340   M    M   5 12     24 360
18  48  39  44  -6  21   0 0.00  0.0    0 11.4 18  30   M    M   0        23  30
19  42  37  40 -10  25   0 1.03  0.0    0  9.9 12  30   M    M   9 1       M  M
================================================================================
SM 1166  852       243  21  1.36     0.0 194.8          M      103
================================================================================
AV 61.4 44.8                              10.3 FASTST   M    M   5    MAX(MPH)
                                 MISC ---->  # 27 160               # 39  150
================================================================================
NOTES:
# LAST OF SEVERAL OCCURRENCES

COLUMN 17 PEAK WIND IN M.P.H.

PRELIMINARY LOCAL CLIMATOLOGICAL DATA (WS FORM: F-6) , PAGE 2

                                          STATION:  WACO MCGREGOR
                                          MONTH:    FEBRUARY
                                          YEAR:     2019
                                          LATITUDE:   31 28 N
                                          LONGITUDE:  97 19 W

[TEMPERATURE DATA]      [PRECIPITATION DATA]       SYMBOLS USED IN COLUMN 16

AVERAGE MONTHLY: 53.1   TOTAL FOR MONTH:   1.36    1 = FOG OR MIST
DPTR FM NORMAL:   4.6   DPTR FM NORMAL:   -0.41    2 = FOG REDUCING VISIBILITY
HIGHEST:    87 ON 15    GRTST 24HR  1.03 ON 19-19      TO 1/4 MILE OR LESS
LOWEST:     27 ON 13                               3 = THUNDER
                        SNOW, ICE PELLETS, HAIL    4 = ICE PELLETS
                        TOTAL MONTH:   0.0 INCH    5 = HAIL
                        GRTST 24HR     0.0         6 = FREEZING RAIN OR DRIZZLE
                        GRTST DEPTH:   0           7 = DUSTSTORM OR SANDSTORM:
                                                       VSBY 1/2 MILE OR LESS
                                                   8 = SMOKE OR HAZE
[NO. OF DAYS WITH]      [WEATHER - DAYS WITH]      9 = BLOWING SNOW
                                                   X = TORNADO
MAX 32 OR BELOW:   0    0.01 INCH OR MORE:   6
MAX 90 OR ABOVE:   0    0.10 INCH OR MORE:   2
MIN 32 OR BELOW:   2    0.50 INCH OR MORE:   1
MIN  0 OR BELOW:   0    1.00 INCH OR MORE:   1

[HDD (BASE 65) ]
TOTAL THIS MO.   243    CLEAR  (SCALE 0-3)   5
DPTR FM NORMAL   -73    PTCLDY (SCALE 4-7)   8
TOTAL FM JUL 1  1718    CLOUDY (SCALE 8-10)  6
DPTR FM NORMAL  -106

[CDD (BASE 65) ]
TOTAL THIS MO.    21
DPTR FM NORMAL    21    [PRESSURE DATA]
TOTAL FM JAN 1    21    HIGHEST SLP M ON M
DPTR FM NORMAL    19    LOWEST  SLP M ON M

[REMARKS]
