000
CXUS51 KGYX 201000
CF6PWM
PRELIMINARY LOCAL CLIMATOLOGICAL DATA (WS FORM: F-6)

                                          STATION:   PORTLAND ME
                                          MONTH:     FEBRUARY
                                          YEAR:      2019
                                          LATITUDE:   43 39 N
                                          LONGITUDE:  70 19 W

  TEMPERATURE IN F:       :PCPN:    SNOW:  WIND      :SUNSHINE: SKY     :PK WND
================================================================================
1   2   3   4   5  6A  6B    7    8   9   10  11  12  13   14  15   16   17  18
                                     12Z  AVG MX 2MIN
DY MAX MIN AVG DEP HDD CDD  WTR  SNW DPTH SPD SPD DIR MIN PSBL S-S WX    SPD DR
================================================================================

 1  20   3  12 -11  53   0 0.00  0.0    4  8.4 16 230   M    M   1        22 230
 2  26  -2  12 -11  53   0 0.00  0.0    4  5.4 15 210   M    M   5        21 190
 3  33   6  20  -3  45   0    T    T    4  3.8 10 160   M    M   7        20  40
 4  50  31  41  18  24   0    T  0.0    3  6.5 17 160   M    M   6 1      20 160
 5  62  30  46  23  19   0    T  0.0    2  8.4 22 280   M    M   2 1      26 340
 6  36  27  32   8  33   0 0.17    T    T  6.9 15  50   M    M   5 146    26  30
 7  37  31  34  10  31   0 0.07  0.1    T  9.3 16  60   M    M  10 146    19  60
 8  50  29  40  16  25   0 0.19  0.0    T 12.5 33 290   M    M   6 1      45 290
 9  31  18  25   1  40   0 0.00  0.0    T 16.0 35 290   M    M   1        45 310
10  32  16  24   0  41   0 0.00  0.0    T  6.9 16 280   M    M   2        22 270
11  32  14  23  -2  42   0 0.00    M    T  7.9 21 340   M    M   3        36  30
12  32  10  21  -4  44   0 0.64  5.0    5  9.1 23  80   M    M   7 1      31  90
13  34  28  31   6  34   0 1.15  2.7    7 12.1 30  90   M    M  10 15     44  80
14  36  19  28   3  37   0 0.00  0.0    7  7.3 28 300   M    M   3        37 300
15  44  17  31   5  34   0 0.26  0.0    6  8.0 20 160   M    M   8 1      28 170
16  39  23  31   5  34   0 0.00  0.0    5  7.6 21 340   M    M   4 1      27 330
17  32  14  23  -3  42   0 0.00  0.0    4  5.2 15 130   M    M   2        22  60
18  27  15  21  -5  44   0 0.09  1.3    4  8.8 17 110   M    M   8 18     41  30
19  28   5  17  -9  48   0 0.00  0.0    5  8.0 21 300   M    M   1        35 310
================================================================================
SM  681  334       723   0  2.57     9.1 158.1          M       91
================================================================================
AV 35.8 17.6                               8.3 FASTST   M    M   5    MAX(MPH)
                                 MISC ---->  # 35 290               # 45  290
================================================================================
NOTES:
# LAST OF SEVERAL OCCURRENCES

COLUMN 17 PEAK WIND IN M.P.H.

PRELIMINARY LOCAL CLIMATOLOGICAL DATA (WS FORM: F-6) , PAGE 2

                                          STATION:  PORTLAND ME
                                          MONTH:    FEBRUARY
                                          YEAR:     2019
                                          LATITUDE:   43 39 N
                                          LONGITUDE:  70 19 W

[TEMPERATURE DATA]      [PRECIPITATION DATA]       SYMBOLS USED IN COLUMN 16

AVERAGE MONTHLY: 26.7   TOTAL FOR MONTH:   2.57    1 = FOG OR MIST
DPTR FM NORMAL:   2.2   DPTR FM NORMAL:    0.43    2 = FOG REDUCING VISIBILITY
HIGHEST:    62 ON  5    GRTST 24HR  1.15 ON 13-13      TO 1/4 MILE OR LESS
LOWEST:     -2 ON  2                               3 = THUNDER
                        SNOW, ICE PELLETS, HAIL    4 = ICE PELLETS
                        TOTAL MONTH:   9.1 INCHES  5 = HAIL
                        GRTST 24HR   5.0 ON 12-12  6 = FREEZING RAIN OR DRIZZLE
                        GRTST DEPTH:   7 ON 14,13  7 = DUSTSTORM OR SANDSTORM:
                                                       VSBY 1/2 MILE OR LESS
                                                   8 = SMOKE OR HAZE
[NO. OF DAYS WITH]      [WEATHER - DAYS WITH]      9 = BLOWING SNOW
                                                   X = TORNADO
MAX 32 OR BELOW:   9    0.01 INCH OR MORE:   7
MAX 90 OR ABOVE:   0    0.10 INCH OR MORE:   5
MIN 32 OR BELOW:  19    0.50 INCH OR MORE:   2
MIN  0 OR BELOW:   1    1.00 INCH OR MORE:   1

[HDD (BASE 65) ]
TOTAL THIS MO.   723    CLEAR  (SCALE 0-3)   8
DPTR FM NORMAL   -48    PTCLDY (SCALE 4-7)   9
TOTAL FM JUL 1  4626    CLOUDY (SCALE 8-10)  2
DPTR FM NORMAL   -81

[CDD (BASE 65) ]
TOTAL THIS MO.     0
DPTR FM NORMAL     0    [PRESSURE DATA]
TOTAL FM JAN 1     0    HIGHEST SLP M ON M
DPTR FM NORMAL     0    LOWEST  SLP 29.49 ON 13

[REMARKS]
