000
CXUS51 KGYX 220900
CF6PWM
PRELIMINARY LOCAL CLIMATOLOGICAL DATA (WS FORM: F-6)

                                          STATION:   PORTLAND ME
                                          MONTH:     APRIL
                                          YEAR:      2019
                                          LATITUDE:   43 39 N
                                          LONGITUDE:  70 19 W

  TEMPERATURE IN F:       :PCPN:    SNOW:  WIND      :SUNSHINE: SKY     :PK WND
================================================================================
1   2   3   4   5  6A  6B    7    8   9   10  11  12  13   14  15   16   17  18
                                     12Z  AVG MX 2MIN
DY MAX MIN AVG DEP HDD CDD  WTR  SNW DPTH SPD SPD DIR MIN PSBL S-S WX    SPD DR
================================================================================

 1  41  30  36  -3  29   0 0.00  0.0    0 14.2 30 300   M    M   3        37 320
 2  45  24  35  -4  30   0 0.00  0.0    0  9.0 22 180   M    M   4        29 190
 3  59  34  47   7  18   0 0.12    T    T 14.5 33 270   M    M   6 1      43 290
 4  44  30  37  -3  28   0 0.00  0.0    0 17.3 29 290   M    M   1        41 300
 5  45  26  36  -4  29   0 0.09    T    0  8.3 18 190   M    M   4 1      25 200
 6  61  35  48   7  17   0 0.07    T    0  7.2 17 330   M    M   6 1      21 320
 7  59  33  46   5  19   0    T  0.0    0  5.7 13 160   M    M   6        17 150
 8  46  30  38  -3  27   0 0.70  3.0    T 13.2 26  90   M    M  10 14     35  90
 9  35  29  32 -10  33   0 0.17  0.8    3  6.7 17  90   M    M  10 124    23  90
10  40  30  35  -7  30   0 0.00  0.0    3  9.8 22 330   M    M   8 1      30 350
11  53  27  40  -2  25   0 0.00  0.0    2  6.9 21 310   M    M   2        26 310
12  47  30  39  -4  26   0    T  0.0    1  5.0 14 180   M    M   8        19 190
13  73  43  58  15   7   0 0.16  0.0    0  4.9 16 240   M    M   6 1      23 250
14  58  43  51   7  14   0 0.26  0.0    0  6.4 13 140   M    M   7 1      16 140
15  64  42  53   9  12   0 0.70  0.0    0  9.2 24 310   M    M   9 1      30 300
16  50  35  43  -1  22   0 0.00  0.0    0 16.7 37 300   M    M   6        47 300
17  60  33  47   2  18   0 0.00  0.0    0  7.7 20  10   M    M   1        26 310
18  47  30  39  -6  26   0 0.03  0.0    0  5.9 18 160   M    M   7 1      29 170
19  71  43  57  12   8   0    T  0.0    0  8.4 21 180   M    M   8 128    28 200
20  58  52  55   9  10   0 0.12  0.0    0 10.6 17 180   M    M  10 18     27 190
21  59  45  52   6  13   0 0.04  0.0    0  5.5 14 180   M    M  10 12     22 160
================================================================================
SM 1115  724       441   0  2.46     3.8 193.1          M      132
================================================================================
AV 53.1 34.5                               9.2 FASTST   M    M   6    MAX(MPH)
                                 MISC ---->  # 37 300               # 47  300
================================================================================
NOTES:
# LAST OF SEVERAL OCCURRENCES

COLUMN 17 PEAK WIND IN M.P.H.

PRELIMINARY LOCAL CLIMATOLOGICAL DATA (WS FORM: F-6) , PAGE 2

                                          STATION:  PORTLAND ME
                                          MONTH:    APRIL
                                          YEAR:     2019
                                          LATITUDE:   43 39 N
                                          LONGITUDE:  70 19 W

[TEMPERATURE DATA]      [PRECIPITATION DATA]       SYMBOLS USED IN COLUMN 16

AVERAGE MONTHLY: 43.8   TOTAL FOR MONTH:   2.46    1 = FOG OR MIST
DPTR FM NORMAL:   1.3   DPTR FM NORMAL:   -0.57    2 = FOG REDUCING VISIBILITY
HIGHEST:    73 ON 13    GRTST 24HR  0.70 ON 15-15      TO 1/4 MILE OR LESS
LOWEST:     24 ON  2                               3 = THUNDER
                        SNOW, ICE PELLETS, HAIL    4 = ICE PELLETS
                        TOTAL MONTH:   3.8 INCHES  5 = HAIL
                        GRTST 24HR   3.0 ON  8- 8  6 = FREEZING RAIN OR DRIZZLE
                        GRTST DEPTH:   3 ON 10, 9  7 = DUSTSTORM OR SANDSTORM:
                                                       VSBY 1/2 MILE OR LESS
                                                   8 = SMOKE OR HAZE
[NO. OF DAYS WITH]      [WEATHER - DAYS WITH]      9 = BLOWING SNOW
                                                   X = TORNADO
MAX 32 OR BELOW:   0    0.01 INCH OR MORE:  11
MAX 90 OR ABOVE:   0    0.10 INCH OR MORE:   7
MIN 32 OR BELOW:  10    0.50 INCH OR MORE:   2
MIN  0 OR BELOW:   0    1.00 INCH OR MORE:   0

[HDD (BASE 65) ]
TOTAL THIS MO.   441    CLEAR  (SCALE 0-3)   3
DPTR FM NORMAL   -32    PTCLDY (SCALE 4-7)  12
TOTAL FM JUL 1  6449    CLOUDY (SCALE 8-10)  6
DPTR FM NORMAL   -42

[CDD (BASE 65) ]
TOTAL THIS MO.     0
DPTR FM NORMAL     0    [PRESSURE DATA]
TOTAL FM JAN 1     0    HIGHEST SLP M ON M
DPTR FM NORMAL     0    LOWEST  SLP 29.19 ON 15

[REMARKS]
