000
CXUS56 KSTO 251425
CF6RDD
PRELIMINARY LOCAL CLIMATOLOGICAL DATA (WS FORM: F-6)

                                          STATION:   REDDING AIRPORT CA
                                          MONTH:     APRIL
                                          YEAR:      2019
                                          LATITUDE:   40 30 N
                                          LONGITUDE: 122 18 W

  TEMPERATURE IN F:       :PCPN:    SNOW:  WIND      :SUNSHINE: SKY     :PK WND
================================================================================
1   2   3   4   5  6A  6B    7    8   9   10  11  12  13   14  15   16   17  18
                                     12Z  AVG MX 2MIN
DY MAX MIN AVG DEP HDD CDD  WTR  SNW DPTH SPD SPD DIR MIN PSBL S-S WX    SPD DR
================================================================================

 1  67  53  60   5   5   0 0.19  0.0    0  3.5  9 120   M    M   9 1      12 120
 2  61  52  57   1   8   0 0.52  0.0    0  4.5 14 180   M    M  10 13     19 180
 3  63  53  58   2   7   0 0.07  0.0    0  6.7 14 190   M    M   9 1      17 180
 4  64  53  59   3   6   0    T  0.0    0  9.8 25 160   M    M   9 1      31 160
 5  62  53  58   2   7   0 0.09  0.0    0 17.6 31 170   M    M   9 13     39 170
 6  63  54  59   3   6   0 0.01  0.0    0 13.7 24 160   M    M  10        30 170
 7  68  58  63   7   2   0 0.02  0.0    0  8.8 17 190   M    M  10        24 180
 8  67  53  60   4   5   0 0.95  0.0    0  8.2 24 180   M    M   8 138    31 180
 9  69  50  60   3   5   0 0.00  0.0    0  8.8 21  10   M    M   1        29 360
10  74  42  58   1   7   0 0.00  0.0    0  7.9 17  30   M    M   0        22  10
11  67  49  58   1   7   0 0.00  0.0    0  6.4 14 280   M    M   3        20 290
12  76  45  61   4   4   0 0.00  0.0    0  6.4 16 360   M    M   1        24  10
13  75  52  64   7   1   0 0.00  0.0    0  6.5 14 190   M    M   1        17 200
14  68  56  62   4   3   0 0.00  0.0    0  7.0 18 170   M    M   5        22 190
15  59  48  54  -4  11   0 0.15  0.0    0  7.3 20 170   M    M   9 1      27 180
16  69  47  58   0   7   0 0.01  0.0    0  4.3  9  10   M    M   3 1      14 320
17  85  44  65   7   0   0 0.00  0.0    0  3.1 10 350   M    M   0        15 330
18  84  50  67   8   0   2 0.00  0.0    0  3.5 12 150   M    M   0        14 150
19  82  53  68   9   0   3 0.00  0.0    0  3.6 14 180   M    M   1 3      17 190
20  71  54  63   4   2   0 0.08  0.0    0  6.9 21 360   M    M   6 3      24 360
21  79  49  64   5   1   0 0.00  0.0    0  7.1 21  20   M    M   0        24  20
22  88  52  70  10   0   5 0.00  0.0    0  7.8 18  10   M    M   0        24 320
23  93  63  78  18   0  13 0.00  0.0    0  6.9 16 340   M    M   0        21  30
24  91  62  77  17   0  12 0.00  0.0    0  5.3 13 360   M    M   1        17  10
================================================================================
SM 1745 1245        94  35  2.09     0.0 171.6          M      105
================================================================================
AV 72.7 51.9                               7.2 FASTST   M    M   4    MAX(MPH)
                                 MISC ---->  # 31 170               # 39  170
================================================================================
NOTES:
# LAST OF SEVERAL OCCURRENCES

COLUMN 17 PEAK WIND IN M.P.H.

PRELIMINARY LOCAL CLIMATOLOGICAL DATA (WS FORM: F-6) , PAGE 2

                                          STATION:  REDDING AIRPORT CA
                                          MONTH:    APRIL
                                          YEAR:     2019
                                          LATITUDE:   40 30 N
                                          LONGITUDE: 122 18 W

[TEMPERATURE DATA]      [PRECIPITATION DATA]       SYMBOLS USED IN COLUMN 16

AVERAGE MONTHLY: 62.3   TOTAL FOR MONTH:   2.09    1 = FOG OR MIST
DPTR FM NORMAL:   4.8   DPTR FM NORMAL:    0.06    2 = FOG REDUCING VISIBILITY
HIGHEST:    93 ON 23    GRTST 24HR  0.95 ON  8- 8      TO 1/4 MILE OR LESS
LOWEST:     42 ON 10                               3 = THUNDER
                        SNOW, ICE PELLETS, HAIL    4 = ICE PELLETS
                        TOTAL MONTH:   0.0 INCH    5 = HAIL
                        GRTST 24HR     0.0         6 = FREEZING RAIN OR DRIZZLE
                        GRTST DEPTH:   0           7 = DUSTSTORM OR SANDSTORM:
                                                       VSBY 1/2 MILE OR LESS
                                                   8 = SMOKE OR HAZE
[NO. OF DAYS WITH]      [WEATHER - DAYS WITH]      9 = BLOWING SNOW
                                                   X = TORNADO
MAX 32 OR BELOW:   0    0.01 INCH OR MORE:  10
MAX 90 OR ABOVE:   2    0.10 INCH OR MORE:   4
MIN 32 OR BELOW:   0    0.50 INCH OR MORE:   2
MIN  0 OR BELOW:   0    1.00 INCH OR MORE:   0

[HDD (BASE 65) ]
TOTAL THIS MO.    94    CLEAR  (SCALE 0-3)  13
DPTR FM NORMAL  -101    PTCLDY (SCALE 4-7)   3
TOTAL FM JUL 1  2300    CLOUDY (SCALE 8-10)  8
DPTR FM NORMAL  -409

[CDD (BASE 65) ]
TOTAL THIS MO.    35
DPTR FM NORMAL    21    [PRESSURE DATA]
TOTAL FM JAN 1    35    HIGHEST SLP M ON M
DPTR FM NORMAL    18    LOWEST  SLP 29.72 ON 20

[REMARKS]
