000
CXUS56 KSTO 191425
CF6RDD
PRELIMINARY LOCAL CLIMATOLOGICAL DATA (WS FORM: F-6)

                                          STATION:   REDDING AIRPORT CA
                                          MONTH:     FEBRUARY
                                          YEAR:      2019
                                          LATITUDE:   40 30 N
                                          LONGITUDE: 122 18 W

  TEMPERATURE IN F:       :PCPN:    SNOW:  WIND      :SUNSHINE: SKY     :PK WND
================================================================================
1   2   3   4   5  6A  6B    7    8   9   10  11  12  13   14  15   16   17  18
                                     12Z  AVG MX 2MIN
DY MAX MIN AVG DEP HDD CDD  WTR  SNW DPTH SPD SPD DIR MIN PSBL S-S WX    SPD DR
================================================================================

 1  57  50  54   7  11   0 0.66  0.0    0  7.7 22 170   M    M  10 18     25 170
 2  56  48  52   4  13   0 1.77  0.0    0  8.5 26 170   M    M   9 1      31 160
 3  51  46  49   1  16   0 0.75  0.0    0  6.7 24 170   M    M   9 13     31 180
 4  50  38  44  -4  21   0 0.28  0.0    0  9.1 25 170   M    M   8 1      33 150
 5  51  31  41  -7  24   0 0.04    M    0  4.1 10 140   M    M   5 1      13 140
 6  50  30  40  -8  25   0 0.00  0.0    0  1.7  8 190   M    M   4        11 170
 7  50  31  41  -7  24   0 0.00  0.0    0  3.5 10 160   M    M   3        16 180
 8  51  36  44  -4  21   0 0.00  0.0    0  1.7  8 150   M    M   9         9 160
 9  49  35  42  -7  23   0 0.13    M    0 12.7 39 170   M    M   9 13     47 170
10  48  28  38 -11  27   0 0.00  0.0    0  1.9  9 140   M    M   4        12 140
11  49  32  41  -8  24   0 0.00  0.0    0  5.4 17 190   M    M  10        22 170
12  46  33  40  -9  25   0 1.22    M    M  2.6 10  10   M    M  10 1      14 240
13   M   M   M   M   M   M 1.51    M    0  4.0  9  70   M    M  10 12      M  M
14  51  36  44  -5  21   0 0.50    M    M  6.9 26 190   M    M   8 12     34 190
15  51  36  44  -6  21   0    T  0.0    0  9.4 22 180   M    M   8        29 170
16  56  38  47  -3  18   0 0.00  0.0    0  6.7 16 190   M    M   5        19 190
17  53  36  45  -5  20   0 0.01    M    0  5.5 29  40   M    M   5        39  40
18  55  34  45  -5  20   0 0.00  0.0    0  8.1 20  20   M    M   0        26  30
================================================================================
SM  874  618       354   0  6.87     0.0 106.2          M      126
================================================================================
AV 51.4 36.4                               5.9 FASTST   M    M   7    MAX(MPH)
                                 MISC ---->  # 39 170               # 47  170
================================================================================
NOTES:
# LAST OF SEVERAL OCCURRENCES

COLUMN 17 PEAK WIND IN M.P.H.

PRELIMINARY LOCAL CLIMATOLOGICAL DATA (WS FORM: F-6) , PAGE 2

                                          STATION:  REDDING AIRPORT CA
                                          MONTH:    FEBRUARY
                                          YEAR:     2019
                                          LATITUDE:   40 30 N
                                          LONGITUDE: 122 18 W

[TEMPERATURE DATA]      [PRECIPITATION DATA]       SYMBOLS USED IN COLUMN 16

AVERAGE MONTHLY: 43.9   TOTAL FOR MONTH:   6.87    1 = FOG OR MIST
DPTR FM NORMAL:  -4.8   DPTR FM NORMAL:    3.29    2 = FOG REDUCING VISIBILITY
HIGHEST:    57 ON  1    GRTST 24HR  1.77 ON  2- 2      TO 1/4 MILE OR LESS
LOWEST:     28 ON 10                               3 = THUNDER
                        SNOW, ICE PELLETS, HAIL    4 = ICE PELLETS
                        TOTAL MONTH:   0.0 INCH    5 = HAIL
                        GRTST 24HR     0.0         6 = FREEZING RAIN OR DRIZZLE
                        GRTST DEPTH:   0           7 = DUSTSTORM OR SANDSTORM:
                                                       VSBY 1/2 MILE OR LESS
                                                   8 = SMOKE OR HAZE
[NO. OF DAYS WITH]      [WEATHER - DAYS WITH]      9 = BLOWING SNOW
                                                   X = TORNADO
MAX 32 OR BELOW:   0    0.01 INCH OR MORE:  10
MAX 90 OR ABOVE:   0    0.10 INCH OR MORE:   8
MIN 32 OR BELOW:   5    0.50 INCH OR MORE:   6
MIN  0 OR BELOW:   0    1.00 INCH OR MORE:   3

[HDD (BASE 65) ]
TOTAL THIS MO.   354    CLEAR  (SCALE 0-3)   1
DPTR FM NORMAL    61    PTCLDY (SCALE 4-7)   9
TOTAL FM JUL 1  1631    CLOUDY (SCALE 8-10)  8
DPTR FM NORMAL  -389

[CDD (BASE 65) ]
TOTAL THIS MO.     0
DPTR FM NORMAL     0    [PRESSURE DATA]
TOTAL FM JAN 1     0    HIGHEST SLP M ON M
DPTR FM NORMAL     0    LOWEST  SLP 29.25 ON 14

[REMARKS]
