000
CXUS56 KSTO 171425
CF6RDD
PRELIMINARY LOCAL CLIMATOLOGICAL DATA (WS FORM: F-6)

                                          STATION:   REDDING AIRPORT CA
                                          MONTH:     AUGUST
                                          YEAR:      2019
                                          LATITUDE:   40 30 N
                                          LONGITUDE: 122 18 W

  TEMPERATURE IN F:       :PCPN:    SNOW:  WIND      :SUNSHINE: SKY     :PK WND
================================================================================
1   2   3   4   5  6A  6B    7    8   9   10  11  12  13   14  15   16   17  18
                                     12Z  AVG MX 2MIN
DY MAX MIN AVG DEP HDD CDD  WTR  SNW DPTH SPD SPD DIR MIN PSBL S-S WX    SPD DR
================================================================================

 1  98  64  81  -1   0  16 0.00  0.0    0  4.4 16 180   M    M   0        21 200
 2 101  66  84   2   0  19 0.00  0.0    0  4.0 13 160   M    M   0        15 150
 3 104  70  87   5   0  22 0.00  0.0    0  5.8 18 160   M    M   0        22 130
 4 101  70  86   4   0  21 0.00  0.0    0  5.2 20 160   M    M   0        25 140
 5 100  64  82   0   0  17 0.00  0.0    0  3.7 13 150   M    M   0        16 150
 6 102  70  86   4   0  21 0.00  0.0    0  4.6 17 150   M    M   1        21 160
 7 100  66  83   2   0  18 0.00  0.0    0  5.1 18 170   M    M   0        22 130
 8  92  64  78  -3   0  13 0.00  0.0    0  6.2 16 200   M    M   0        24 190
 9  85  60  73  -8   0   8 0.90  0.0    0  6.8 39 220   M    M   1 13     48 210
10  79  61  70 -11   0   5 0.11  0.0    0  5.5 13  60   M    M   6 13     15  90
11  91  59  75  -6   0  10 0.00  0.0    0  3.5 10  80   M    M   0        18  20
12  99  66  83   3   0  18 0.00  0.0    0  4.5 13 360   M    M   0        17 350
13 101  67  84   4   0  19 0.00  0.0    0  4.6 12 180   M    M   0 8      15 160
14 107  67  87   7   0  22 0.00  0.0    0  4.5 13  10   M    M   0        17  20
15 109  69  89   9   0  24 0.00  0.0    0  6.6 16  10   M    M   0        22  10
16 106  82  94  14   0  29 0.00  0.0    0  7.3 16 350   M    M   0        22 330
================================================================================
SM 1575 1065         0 282  1.01     0.0  82.3          M        8
================================================================================
AV 98.4 66.6                               5.1 FASTST   M    M   1    MAX(MPH)
                                 MISC ---->  # 39 220               # 48  210
================================================================================
NOTES:
# LAST OF SEVERAL OCCURRENCES

COLUMN 17 PEAK WIND IN M.P.H.

PRELIMINARY LOCAL CLIMATOLOGICAL DATA (WS FORM: F-6) , PAGE 2

                                          STATION:  REDDING AIRPORT CA
                                          MONTH:    AUGUST
                                          YEAR:     2019
                                          LATITUDE:   40 30 N
                                          LONGITUDE: 122 18 W

[TEMPERATURE DATA]      [PRECIPITATION DATA]       SYMBOLS USED IN COLUMN 16

AVERAGE MONTHLY: 82.5   TOTAL FOR MONTH:   1.01    1 = FOG OR MIST
DPTR FM NORMAL:   1.4   DPTR FM NORMAL:    0.94    2 = FOG REDUCING VISIBILITY
HIGHEST:   109 ON 15    GRTST 24HR  0.90 ON  9- 9      TO 1/4 MILE OR LESS
LOWEST:     59 ON 11                               3 = THUNDER
                        SNOW, ICE PELLETS, HAIL    4 = ICE PELLETS
                        TOTAL MONTH:   0.0 INCH    5 = HAIL
                        GRTST 24HR     0.0         6 = FREEZING RAIN OR DRIZZLE
                        GRTST DEPTH:   0           7 = DUSTSTORM OR SANDSTORM:
                                                       VSBY 1/2 MILE OR LESS
                                                   8 = SMOKE OR HAZE
[NO. OF DAYS WITH]      [WEATHER - DAYS WITH]      9 = BLOWING SNOW
                                                   X = TORNADO
MAX 32 OR BELOW:   0    0.01 INCH OR MORE:   2
MAX 90 OR ABOVE:  14    0.10 INCH OR MORE:   2
MIN 32 OR BELOW:   0    0.50 INCH OR MORE:   1
MIN  0 OR BELOW:   0    1.00 INCH OR MORE:   0

[HDD (BASE 65) ]
TOTAL THIS MO.     0    CLEAR  (SCALE 0-3)  15
DPTR FM NORMAL     0    PTCLDY (SCALE 4-7)   1
TOTAL FM JUL 1     0    CLOUDY (SCALE 8-10)  0
DPTR FM NORMAL     0

[CDD (BASE 65) ]
TOTAL THIS MO.   282
DPTR FM NORMAL    24    [PRESSURE DATA]
TOTAL FM JAN 1  1471    HIGHEST SLP M ON M
DPTR FM NORMAL   177    LOWEST  SLP 29.66 ON 16

[REMARKS]
