000
CXUS51 KPHI 210800
CF6RDG
PRELIMINARY LOCAL CLIMATOLOGICAL DATA (WS FORM: F-6)

                                          STATION:   READING PA
                                          MONTH:     APRIL
                                          YEAR:      2019
                                          LATITUDE:   40 22 N
                                          LONGITUDE:  75 58 W

  TEMPERATURE IN F:       :PCPN:    SNOW:  WIND      :SUNSHINE: SKY     :PK WND
================================================================================
1   2   3   4   5  6A  6B    7    8   9   10  11  12  13   14  15   16   17  18
                                     12Z  AVG MX 2MIN
DY MAX MIN AVG DEP HDD CDD  WTR  SNW DPTH SPD SPD DIR MIN PSBL S-S WX    SPD DR
================================================================================

 1  47  28  38  -9  27   0 0.00    M    M 10.4 25 320   M    M   1        32 290
 2  52  27  40  -7  25   0 0.00    M    M  4.8 15 120   M    M   4        21 110
 3  65  32  49   2  16   0 0.00    M    M 11.2 33 290   M    M   0        44 290
 4  63  37  50   2  15   0 0.00    M    M  6.6 16 320   M    M   0        21 330
 5  48  38  43  -5  22   0 0.22    M    M  6.5 14  70   M    M  10 1      19  70
 6  67  38  53   5  12   0 0.00    M    M  4.5 12 280   M    M   6 1      15 270
 7  71  40  56   7   9   0 0.04    M    M  6.3 16 190   M    M   4 1      19 210
 8  78  54  66  17   0   1 0.04    M    M  6.9 22 260   M    M   4 8      30 280
 9  77  50  64  15   1   0    T    M    M  9.2 30 300   M    M   2        38 290
10  62  43  53   3  12   0 0.00    M    M  9.5 21 340   M    M   2        26 340
11  57  40  49  -1  16   0 0.00    M    M  7.5 15 170   M    M   5        20 170
12  71  48  60  10   5   0 0.79    M    M  5.6 18 180   M    M  10 1      27 190
13  77  60  69  18   0   4 0.31    M    M  5.4 13 220   M    M   4        21 200
14  73  55  64  13   1   0 0.12    M    M  8.0 23 190   M    M   8 18     36 190
15  73  44  59   8   6   0 0.44    M    M 18.1 35 310   M    M   6        52 270
16  63  40  52   0  13   0    T    M    M 10.3 21 250   M    M   3        29 320
17  59  48  54   2  11   0    T    M    M  6.4 14 130   M    M   9        19 150
18  75  52  64  12   1   0 0.00    M    M  7.9 20 160   M    M   5        28 170
19  74  65  70  17   0   5 0.26    M    M 12.5 24 180   M    M   6 1      33 210
20  75  59  67  14   0   2 0.27    M    M 10.1 23 190   M    M   7 1      34 200
================================================================================
SM 1327  898       192  12  2.49    M    167.7          M       96
================================================================================
AV 66.4 44.9                               8.4 FASTST   M    M   5    MAX(MPH)
                                 MISC ---->  # 35 310               # 52  270
================================================================================
NOTES:
# LAST OF SEVERAL OCCURRENCES

COLUMN 17 PEAK WIND IN M.P.H.

PRELIMINARY LOCAL CLIMATOLOGICAL DATA (WS FORM: F-6) , PAGE 2

                                          STATION:  READING PA
                                          MONTH:    APRIL
                                          YEAR:     2019
                                          LATITUDE:   40 22 N
                                          LONGITUDE:  75 58 W

[TEMPERATURE DATA]      [PRECIPITATION DATA]       SYMBOLS USED IN COLUMN 16

AVERAGE MONTHLY: 55.6   TOTAL FOR MONTH:   2.49    1 = FOG OR MIST
DPTR FM NORMAL:   5.8   DPTR FM NORMAL:   -0.12    2 = FOG REDUCING VISIBILITY
HIGHEST:    78 ON  8    GRTST 24HR  0.79 ON 12-12      TO 1/4 MILE OR LESS
LOWEST:     27 ON  2                               3 = THUNDER
                        SNOW, ICE PELLETS, HAIL    4 = ICE PELLETS
                        TOTAL MONTH:    M          5 = HAIL
                        GRTST 24HR    M  ON   M    6 = FREEZING RAIN OR DRIZZLE
                        GRTST DEPTH:  M  ON   M    7 = DUSTSTORM OR SANDSTORM:
                                                       VSBY 1/2 MILE OR LESS
                                                   8 = SMOKE OR HAZE
[NO. OF DAYS WITH]      [WEATHER - DAYS WITH]      9 = BLOWING SNOW
                                                   X = TORNADO
MAX 32 OR BELOW:   0    0.01 INCH OR MORE:   9
MAX 90 OR ABOVE:   0    0.10 INCH OR MORE:   7
MIN 32 OR BELOW:   3    0.50 INCH OR MORE:   1
MIN  0 OR BELOW:   0    1.00 INCH OR MORE:   0

[HDD (BASE 65) ]
TOTAL THIS MO.   192    CLEAR  (SCALE 0-3)   6
DPTR FM NORMAL  -113    PTCLDY (SCALE 4-7)  11
TOTAL FM JUL 1  4806    CLOUDY (SCALE 8-10)  3
DPTR FM NORMAL  -284

[CDD (BASE 65) ]
TOTAL THIS MO.    12
DPTR FM NORMAL    12    [PRESSURE DATA]
TOTAL FM JAN 1    12    HIGHEST SLP M ON M
DPTR FM NORMAL    12    LOWEST  SLP 29.37 ON 15

[REMARKS]
