000
CXUS51 KPHI 220800
CF6RDG
PRELIMINARY LOCAL CLIMATOLOGICAL DATA (WS FORM: F-6)

                                          STATION:   READING PA
                                          MONTH:     FEBRUARY
                                          YEAR:      2019
                                          LATITUDE:   40 22 N
                                          LONGITUDE:  75 58 W

  TEMPERATURE IN F:       :PCPN:    SNOW:  WIND      :SUNSHINE: SKY     :PK WND
================================================================================
1   2   3   4   5  6A  6B    7    8   9   10  11  12  13   14  15   16   17  18
                                     12Z  AVG MX 2MIN
DY MAX MIN AVG DEP HDD CDD  WTR  SNW DPTH SPD SPD DIR MIN PSBL S-S WX    SPD DR
================================================================================

 1  16  -1   8 -22  57   0    T    M    M  1.3  7 260   M    M   7 18      9 290
 2  29   2  16 -14  49   0 0.00    M    M  4.1 14 200   M    M   0        17 200
 3  49  14  32   2  33   0 0.00    M    M  1.6  7 170   M    M   1 18      8 160
 4  59  24  42  12  23   0 0.00    M    M  1.2  8 230   M    M   0 18      9 240
 5  65  31  48  18  17   0    T    M    M  5.0 15 290   M    M   2        18 260
 6  48  31  40  10  25   0 0.39    M    M  4.0 10 130   M    M   6 1      15 120
 7  51  38  45  14  20   0 0.03    M    M  4.9 12 130   M    M   9 18     15 130
 8  51  28  40   9  25   0 0.25    M    M 12.8 31 280   M    M   4 1      41 290
 9  32  20  26  -5  39   0 0.00  0.0    0 13.4 29 290   M    M   1        35 290
10  33  15  24  -7  41   0 0.06    M    M  2.4 10 310   M    M   2 1      14 280
11  34  28  31   0  34   0 0.14    M    M  2.1  7 110   M    M  10 18     10 120
12  34  29  32   1  33   0 0.51    M    M  7.1 16  80   M    M  10 146    25 110
13  38  32  35   3  30   0 0.03    M    M 10.4 23 280   M    M   8 1      31 260
14  42  30  36   4  29   0 0.00    M    M  7.3 16 290   M    M   4        21 280
15  62  37  50  18  15   0 0.00    M    M  8.3 21 230   M    M   4        27 220
16  43  28  36   4  29   0 0.00    M    M  9.9 18 350   M    M   1        26 350
17  36  22  29  -3  36   0 0.09    M    M  4.1 15 140   M    M   4 6      19 150
18  44  29  37   4  28   0 0.02    M    M 11.3 29 300   M    M  10 1      39 290
19  35  22  29  -4  36   0 0.00    M    M  8.2 17 300   M    M   0        21 290
20  32  25  29  -4  36   0 0.56    M    M  4.2 13 140   M    M   7 1268   18 140
21  49  32  41   7  24   0 0.02    M    M  6.5 15 280   M    M   4 16     21 290
================================================================================
SM  882  516       659   0  2.10     0.0 130.1          M       94
================================================================================
AV 42.0 24.6                               6.2 FASTST   M    M   4    MAX(MPH)
                                 MISC ---->  # 31 280               # 41  290
================================================================================
NOTES:
# LAST OF SEVERAL OCCURRENCES

COLUMN 17 PEAK WIND IN M.P.H.

PRELIMINARY LOCAL CLIMATOLOGICAL DATA (WS FORM: F-6) , PAGE 2

                                          STATION:  READING PA
                                          MONTH:    FEBRUARY
                                          YEAR:     2019
                                          LATITUDE:   40 22 N
                                          LONGITUDE:  75 58 W

[TEMPERATURE DATA]      [PRECIPITATION DATA]       SYMBOLS USED IN COLUMN 16

AVERAGE MONTHLY: 33.3   TOTAL FOR MONTH:   2.10    1 = FOG OR MIST
DPTR FM NORMAL:   1.9   DPTR FM NORMAL:    0.24    2 = FOG REDUCING VISIBILITY
HIGHEST:    65 ON  5    GRTST 24HR  0.56 ON 20-20      TO 1/4 MILE OR LESS
LOWEST:     -1 ON  1                               3 = THUNDER
                        SNOW, ICE PELLETS, HAIL    4 = ICE PELLETS
                        TOTAL MONTH:   0.0 INCH    5 = HAIL
                        GRTST 24HR     0.0         6 = FREEZING RAIN OR DRIZZLE
                        GRTST DEPTH:   0           7 = DUSTSTORM OR SANDSTORM:
                                                       VSBY 1/2 MILE OR LESS
                                                   8 = SMOKE OR HAZE
[NO. OF DAYS WITH]      [WEATHER - DAYS WITH]      9 = BLOWING SNOW
                                                   X = TORNADO
MAX 32 OR BELOW:   4    0.01 INCH OR MORE:  11
MAX 90 OR ABOVE:   0    0.10 INCH OR MORE:   5
MIN 32 OR BELOW:  19    0.50 INCH OR MORE:   2
MIN  0 OR BELOW:   1    1.00 INCH OR MORE:   0

[HDD (BASE 65) ]
TOTAL THIS MO.   659    CLEAR  (SCALE 0-3)   8
DPTR FM NORMAL   -46    PTCLDY (SCALE 4-7)   8
TOTAL FM JUL 1  3620    CLOUDY (SCALE 8-10)  5
DPTR FM NORMAL  -210

[CDD (BASE 65) ]
TOTAL THIS MO.     0
DPTR FM NORMAL     0    [PRESSURE DATA]
TOTAL FM JAN 1     0    HIGHEST SLP M ON M
DPTR FM NORMAL     0    LOWEST  SLP 29.57 ON 13

[REMARKS]
