000
CXUS56 KPDT 241832
CF6RDM
PRELIMINARY LOCAL CLIMATOLOGICAL DATA (WS FORM: F-6)

                                          STATION:   REDMOND OR
                                          MONTH:     APRIL
                                          YEAR:      2019
                                          LATITUDE:   44 16 N
                                          LONGITUDE: 121  9 W

  TEMPERATURE IN F:       :PCPN:    SNOW:  WIND      :SUNSHINE: SKY     :PK WND
================================================================================
1   2   3   4   5  6A  6B    7    8   9   10  11  12  13   14  15   16   17  18
                                     12Z  AVG MX 2MIN
DY MAX MIN AVG DEP HDD CDD  WTR  SNW DPTH SPD SPD DIR MIN PSBL S-S WX    SPD DR
================================================================================

 1  56  43  50   8  15   0 0.06    M    M  5.0 10  10   M    M  10 1      14 130
 2  54  41  48   6  17   0 0.22    M    M  5.2 12 350   M    M  10 1      14 340
 3  58  38  48   6  17   0 0.00    M    M  6.1 16 300   M    M   4 1      21 220
 4  61  42  52   9  13   0 0.15    M    M  4.5 21 280   M    M  10 1      24 270
 5  54  37  46   3  19   0 0.05    M    M  9.8 25 290   M    M   5        32 180
 6  58  37  48   5  17   0    T    M    M 13.7 29 200   M    M   7        38 200
 7  56  46  51   8  14   0 0.14    M    M  7.9 21 180   M    M   9        27 190
 8  54  42  48   5  17   0 0.19    M    M  6.9 16 190   M    M   9 1      22 190
 9  51  37  44   1  21   0 0.00    M    M 14.9 31 290   M    M   3        38 310
10  50  31  41  -2  24   0 0.00    M    M 11.4 24 300   M    M   5        31 310
11  54  35  45   2  20   0    T    M    M  8.2 24 310   M    M   9        30 300
12  58  32  45   1  20   0 0.00    M    M  8.1 21 310   M    M   5        26 300
13  62  32  47   3  18   0    T    M    M  6.9 28 310   M    M   6        35 320
14  49  31  40  -4  25   0 0.00    M    M  6.1 16 300   M    M   8        23 280
15  55  25  40  -4  25   0 0.12    M    M  4.3 14 140   M    M   6 1      19 120
16  61  34  48   4  17   0 0.00    M    M  5.2 21 300   M    M   6        25 320
17  69  43  56  12   9   0 0.00    M    M  5.5 13 330   M    M   4        18 350
18  80  36  58  14   7   0 0.00  0.0    0  4.5 13 310   M    M   0        16  10
19  79  42  61  16   4   0 0.04    M    M  7.3 23 300   M    M   4 13     30 300
20  59  35  47   2  18   0 0.37  0.0    0  6.8 22 300   M    M   8 18     26 300
21  65  32  49   4  16   0 0.00  0.0    0  4.3 14 360   M    M   0        19 340
22  74  32  53   8  12   0 0.00  0.0    0  6.7 21 290   M    M   2        24 290
23   M  46   M   M   M   M 0.00  0.0    0  7.3 23 300   M    M   4 8      30 290
================================================================================
SM 1317  849       365   0  1.34     0.0 166.6          M      134
================================================================================
AV 59.9 36.9                               7.2 FASTST   M    M   6    MAX(MPH)
                                 MISC ---->  # 31 290               # 38  200
================================================================================
NOTES:
# LAST OF SEVERAL OCCURRENCES

COLUMN 17 PEAK WIND IN M.P.H.

PRELIMINARY LOCAL CLIMATOLOGICAL DATA (WS FORM: F-6) , PAGE 2

                                          STATION:  REDMOND OR
                                          MONTH:    APRIL
                                          YEAR:     2019
                                          LATITUDE:   44 16 N
                                          LONGITUDE: 121  9 W

[TEMPERATURE DATA]      [PRECIPITATION DATA]       SYMBOLS USED IN COLUMN 16

AVERAGE MONTHLY: 48.4   TOTAL FOR MONTH:   1.34    1 = FOG OR MIST
DPTR FM NORMAL:   4.7   DPTR FM NORMAL:    0.80    2 = FOG REDUCING VISIBILITY
HIGHEST:    80 ON 18    GRTST 24HR  0.37 ON 20-20      TO 1/4 MILE OR LESS
LOWEST:     25 ON 15                               3 = THUNDER
                        SNOW, ICE PELLETS, HAIL    4 = ICE PELLETS
                        TOTAL MONTH:   0.0 INCH    5 = HAIL
                        GRTST 24HR     0.0         6 = FREEZING RAIN OR DRIZZLE
                        GRTST DEPTH:   0           7 = DUSTSTORM OR SANDSTORM:
                                                       VSBY 1/2 MILE OR LESS
                                                   8 = SMOKE OR HAZE
[NO. OF DAYS WITH]      [WEATHER - DAYS WITH]      9 = BLOWING SNOW
                                                   X = TORNADO
MAX 32 OR BELOW:   0    0.01 INCH OR MORE:   9
MAX 90 OR ABOVE:   0    0.10 INCH OR MORE:   6
MIN 32 OR BELOW:   7    0.50 INCH OR MORE:   0
MIN  0 OR BELOW:   0    1.00 INCH OR MORE:   0

[HDD (BASE 65) ]
TOTAL THIS MO.   365    CLEAR  (SCALE 0-3)   4
DPTR FM NORMAL  -125    PTCLDY (SCALE 4-7)  12
TOTAL FM JUL 1  5739    CLOUDY (SCALE 8-10)  7
DPTR FM NORMAL  -202

[CDD (BASE 65) ]
TOTAL THIS MO.     0
DPTR FM NORMAL     0    [PRESSURE DATA]
TOTAL FM JAN 1     0    HIGHEST SLP M ON M
DPTR FM NORMAL     0    LOWEST  SLP 29.64 ON  5

[REMARKS]
