000
CXUS56 KBOI 181002
CF6REO
PRELIMINARY LOCAL CLIMATOLOGICAL DATA (WS FORM: F-6)

                                          STATION:   ROME OR
                                          MONTH:     APRIL
                                          YEAR:      2019
                                          LATITUDE:   42 35 N
                                          LONGITUDE: 117 52 W

  TEMPERATURE IN F:       :PCPN:    SNOW:  WIND      :SUNSHINE: SKY     :PK WND
================================================================================
1   2   3   4   5  6A  6B    7    8   9   10  11  12  13   14  15   16   17  18
                                     12Z  AVG MX 2MIN
DY MAX MIN AVG DEP HDD CDD  WTR  SNW DPTH SPD SPD DIR MIN PSBL S-S WX    SPD DR
================================================================================

 1  54  30  42   0  23   0 0.02    M    M  4.8 15 220   M    M   0        20 210
 2  55  43  49   6  16   0 0.60    M    M  2.6 12  20   M    M   0        14 350
 3  61  41  51   8  14   0 0.01    M    M  9.1 21 220   M    M   0        26 220
 4  62  39  51   8  14   0 0.00    M    M  4.6 13 200   M    M   0        16 220
 5  57  38  48   5  17   0 0.00    M    M 11.2 24 210   M    M   0        32 200
 6  62  34  48   5  17   0 0.00    M    M 14.0 31 200   M    M   0        37 190
 7  70  47  59  15   6   0 0.00    M    M 17.4 35 210   M    M   0        41 200
 8  70  47  59  15   6   0 0.11    M    M 15.0 35 210   M    M   0        46 220
 9  50  39  45   1  20   0 0.00    M    M 15.7 31 290   M    M   0        39 290
10  54  34  44   0  21   0 0.00    M    M 17.0 30 300   M    M   0        38 310
11  48  37  43  -1  22   0 0.00    M    M  8.9 21 280   M    M   0        26 280
12  56  33  45   0  20   0 0.02    M    M  7.0 18 310   M    M   0        26 190
13  68  31  50   5  15   0 0.01    M    M 10.4 23 240   M    M   0        29 240
14  47  39  43  -2  22   0 0.33    M    M  6.6 15  70   M    M   0        17  60
15  55  38  47   2  18   0 0.15    M    M  7.0 24 210   M    M   0        30 210
16  58  38  48   2  17   0 0.03    M    M  5.4 16 300   M    M   0        21 300
17  66  35  51   5  14   0 0.00    M    M  6.7 14  30   M    M   0        17  10
================================================================================
SM  993  643       282   0  1.28    M    163.4          M        0
================================================================================
AV 58.4 37.8                               9.6 FASTST   M    M   0    MAX(MPH)
                                 MISC ---->  # 35 210               # 46  220
================================================================================
NOTES:
# LAST OF SEVERAL OCCURRENCES

COLUMN 17 PEAK WIND IN M.P.H.

PRELIMINARY LOCAL CLIMATOLOGICAL DATA (WS FORM: F-6) , PAGE 2

                                          STATION:  ROME OR
                                          MONTH:    APRIL
                                          YEAR:     2019
                                          LATITUDE:   42 35 N
                                          LONGITUDE: 117 52 W

[TEMPERATURE DATA]      [PRECIPITATION DATA]       SYMBOLS USED IN COLUMN 16

AVERAGE MONTHLY: 48.1   TOTAL FOR MONTH:   1.28    1 = FOG OR MIST
DPTR FM NORMAL:   4.1   DPTR FM NORMAL:    0.77    2 = FOG REDUCING VISIBILITY
HIGHEST:    70 ON  8, 7 GRTST 24HR  0.60 ON  2- 2      TO 1/4 MILE OR LESS
LOWEST:     30 ON  1                               3 = THUNDER
                        SNOW, ICE PELLETS, HAIL    4 = ICE PELLETS
                        TOTAL MONTH:    M          5 = HAIL
                        GRTST 24HR    M  ON   M    6 = FREEZING RAIN OR DRIZZLE
                        GRTST DEPTH:  M  ON   M    7 = DUSTSTORM OR SANDSTORM:
                                                       VSBY 1/2 MILE OR LESS
                                                   8 = SMOKE OR HAZE
[NO. OF DAYS WITH]      [WEATHER - DAYS WITH]      9 = BLOWING SNOW
                                                   X = TORNADO
MAX 32 OR BELOW:   0    0.01 INCH OR MORE:   9
MAX 90 OR ABOVE:   0    0.10 INCH OR MORE:   4
MIN 32 OR BELOW:   2    0.50 INCH OR MORE:   1
MIN  0 OR BELOW:   0    1.00 INCH OR MORE:   0

[HDD (BASE 65) ]
TOTAL THIS MO.   282    CLEAR  (SCALE 0-3)  17
DPTR FM NORMAL   -73    PTCLDY (SCALE 4-7)   0
TOTAL FM JUL 1  5503    CLOUDY (SCALE 8-10)  0
DPTR FM NORMAL  -367

[CDD (BASE 65) ]
TOTAL THIS MO.     0
DPTR FM NORMAL     0    [PRESSURE DATA]
TOTAL FM JAN 1     0    HIGHEST SLP M ON M
DPTR FM NORMAL     0    LOWEST  SLP 29.64 ON 15

[REMARKS]
