000
CXUS53 KGRB 220934
CF6RHI
PRELIMINARY LOCAL CLIMATOLOGICAL DATA (WS FORM: F-6)

                                          STATION:   RHINELANDER WI
                                          MONTH:     FEBRUARY
                                          YEAR:      2019
                                          LATITUDE:   45 37 N
                                          LONGITUDE:  89 27 W

  TEMPERATURE IN F:       :PCPN:    SNOW:  WIND      :SUNSHINE: SKY     :PK WND
================================================================================
1   2   3   4   5  6A  6B    7    8   9   10  11  12  13   14  15   16   17  18
                                     12Z  AVG MX 2MIN
DY MAX MIN AVG DEP HDD CDD  WTR  SNW DPTH SPD SPD DIR MIN PSBL S-S WX    SPD DR
================================================================================

 1  14 -14   0 -13  65   0 0.00  0.0    9  7.0 16 220   M    M   7        25 210
 2  36  10  23  10  42   0 0.02  0.0    9  5.6 15 230   M    M   4 168    24 220
 3  42  32  37  24  28   0 0.03  0.0    8  3.6 13  90   M    M  10 128    16  80
 4  35  14  25  11  40   0 0.48  0.5    6  8.6 20 100   M    M  10 168    25 100
 5  16   8  12  -2  53   0 0.49  7.2   13  6.4 15  80   M    M   9        23  80
 6  24  14  19   5  46   0 0.04  0.3   13  4.9 14 110   M    M  10 18     17  70
 7  22   7  15   1  50   0 0.51  7.9   18  7.3 13 290   M    M  10 168    22 290
 8   7 -17  -5 -19  70   0 0.01  0.3   18 13.7 24 270   M    M   6 89     33 290
 9  12 -25  -6 -21  71   0 0.00  0.0   18  2.7  8 260   M    M   3 8       9 260
10  17   2  10  -5  55   0 0.21  3.5   22  6.9 15 100   M    M  10        19 100
11  22   4  13  -2  52   0 0.02  0.5   19  9.1 20 110   M    M  10 18     24 100
12  22  19  21   5  44   0 1.17 14.9   28  7.1 18  80   M    M  10 18     26 100
13  28   5  17   1  48   0 0.01  0.4   27  7.1 16 270   M    M   5 8      27 300
14  31  11  21   5  44   0 0.07  0.6   25  5.8 20 300   M    M  10 8      30 280
15  20  -4   8  -8  57   0    T    T   24  8.6 21 280   M    M   5 8      33 270
16  24  -9   8  -9  57   0    T    T   24  2.5  9 110   M    M   3 18     12 120
17  21   6  14  -3  51   0    T    T   24  7.6 14  70   M    M   7        23  70
18  21  -5   8  -9  57   0 0.00  0.0   24  3.1 10  20   M    M   1        16  40
19  26 -16   5 -13  60   0 0.00  0.0   24  4.0 13 210   M    M   1        18 230
20  27   3  15  -3  50   0 0.36  5.7   28 10.0 20  90   M    M   9 18     29 100
21  27   4  16  -2  49   0 0.01  0.3   25  9.2 18 260   M    M  10 128    26 260
================================================================================
SM  494   49      1089   0  3.43    42.1 140.8          M      150
================================================================================
AV 23.5  2.3                               6.7 FASTST   M    M   7    MAX(MPH)
                                 MISC ---->  # 24 270               # 33  290
================================================================================
NOTES:
# LAST OF SEVERAL OCCURRENCES

COLUMN 17 PEAK WIND IN M.P.H.

PRELIMINARY LOCAL CLIMATOLOGICAL DATA (WS FORM: F-6) , PAGE 2

                                          STATION:  RHINELANDER WI
                                          MONTH:    FEBRUARY
                                          YEAR:     2019
                                          LATITUDE:   45 37 N
                                          LONGITUDE:  89 27 W

[TEMPERATURE DATA]      [PRECIPITATION DATA]       SYMBOLS USED IN COLUMN 16

AVERAGE MONTHLY: 12.9   TOTAL FOR MONTH:   3.43    1 = FOG OR MIST
DPTR FM NORMAL:  -2.5   DPTR FM NORMAL:    2.77    2 = FOG REDUCING VISIBILITY
HIGHEST:    42 ON  3    GRTST 24HR  1.17 ON 12-12      TO 1/4 MILE OR LESS
LOWEST:    -25 ON  9                               3 = THUNDER
                        SNOW, ICE PELLETS, HAIL    4 = ICE PELLETS
                        TOTAL MONTH:  42.1 INCHES  5 = HAIL
                        GRTST 24HR  14.9 ON 12-12  6 = FREEZING RAIN OR DRIZZLE
                        GRTST DEPTH:  28 ON 20,12  7 = DUSTSTORM OR SANDSTORM:
                                                       VSBY 1/2 MILE OR LESS
                                                   8 = SMOKE OR HAZE
[NO. OF DAYS WITH]      [WEATHER - DAYS WITH]      9 = BLOWING SNOW
                                                   X = TORNADO
MAX 32 OR BELOW:  18    0.01 INCH OR MORE:  14
MAX 90 OR ABOVE:   0    0.10 INCH OR MORE:   6
MIN 32 OR BELOW:  21    0.50 INCH OR MORE:   2
MIN  0 OR BELOW:   7    1.00 INCH OR MORE:   1

[HDD (BASE 65) ]
TOTAL THIS MO.  1089    CLEAR  (SCALE 0-3)   3
DPTR FM NORMAL    46    PTCLDY (SCALE 4-7)   7
TOTAL FM JUL 1  6130    CLOUDY (SCALE 8-10) 11
DPTR FM NORMAL  -174

[CDD (BASE 65) ]
TOTAL THIS MO.     0
DPTR FM NORMAL     0    [PRESSURE DATA]
TOTAL FM JAN 1     0    HIGHEST SLP M ON M
DPTR FM NORMAL     0    LOWEST  SLP 29.48 ON 14

[REMARKS]
