000
CXUS51 KAKQ 200833
CF6RIC
PRELIMINARY LOCAL CLIMATOLOGICAL DATA (WS FORM: F-6)

                                          STATION:   RICHMOND VA
                                          MONTH:     FEBRUARY
                                          YEAR:      2019
                                          LATITUDE:   37 30 N
                                          LONGITUDE:  77 20 W

  TEMPERATURE IN F:       :PCPN:    SNOW:  WIND      :SUNSHINE: SKY     :PK WND
================================================================================
1   2   3   4   5  6A  6B    7    8   9   10  11  12  13   14  15   16   17  18
                                     12Z  AVG MX 2MIN
DY MAX MIN AVG DEP HDD CDD  WTR  SNW DPTH SPD SPD DIR MIN PSBL S-S WX    SPD DR
================================================================================

 1  33  20  27 -12  38   0 0.04    T    0  4.7 14  40   M    M   8 5      17  20
 2  46  18  32  -7  33   0 0.00  0.0    0  2.4  9 190   M    M   3 18     12  30
 3  64  28  46   7  19   0 0.00  0.0    0  2.7  9  50   M    M   6 1      11  80
 4  67  35  51  12  14   0 0.00  0.0    0  3.3  9 360   M    M   4 1      16 360
 5  75  35  55  16  10   0 0.00  0.0    0  2.9 13  30   M    M   5        17 360
 6  73  46  60  21   5   0 0.01  0.0    0  7.0 17 140   M    M   7        21 180
 7  65  52  59  19   6   0    T  0.0    0  5.0 14 140   M    M   8 1      17 150
 8  72  44  58  18   7   0 0.00  0.0    0 12.2 30 260   M    M   7 1      38 270
 9  44  24  34  -6  31   0 0.00  0.0    0  8.4 20 340   M    M   5        23 350
10  44  20  32  -8  33   0 0.09  0.0    0  2.8 10 190   M    M   6 1      12 210
11  40  35  38  -2  27   0 0.19  0.0    0  5.4 14  50   M    M  10 1      16  50
12  44  36  40   0  25   0 0.97  0.0    0  5.5 16 300   M    M  10 1      20 300
13  54  34  44   4  21   0 0.00  0.0    0 13.2 29 250   M    M   5        37 250
14  58  28  43   2  22   0 0.00  0.0    0  5.9 14 170   M    M   6        18 190
15  66  49  58  17   7   0 0.00  0.0    0 12.6 23 200   M    M  10        29 210
16  59  30  45   4  20   0 0.17    T    0  7.3 22  30   M    M   9 14     25 360
17  41  27  34  -7  31   0 0.31  0.0    0  5.3 13 180   M    M   7 1      16 180
18  58  39  49   8  16   0 0.31    M    0 11.4 23 350   M    M   9 1      28 270
19  46  31  39  -3  26   0 0.00  0.0    0  6.3 15  10   M    M   8        19  30
================================================================================
SM 1049  631       391   0  2.09    T    124.3          M      133
================================================================================
AV 55.2 33.2                               6.5 FASTST   M    M   7    MAX(MPH)
                                 MISC ---->  # 30 260               # 38  270
================================================================================
NOTES:
# LAST OF SEVERAL OCCURRENCES

COLUMN 17 PEAK WIND IN M.P.H.

PRELIMINARY LOCAL CLIMATOLOGICAL DATA (WS FORM: F-6) , PAGE 2

                                          STATION:  RICHMOND VA
                                          MONTH:    FEBRUARY
                                          YEAR:     2019
                                          LATITUDE:   37 30 N
                                          LONGITUDE:  77 20 W

[TEMPERATURE DATA]      [PRECIPITATION DATA]       SYMBOLS USED IN COLUMN 16

AVERAGE MONTHLY: 44.2   TOTAL FOR MONTH:   2.09    1 = FOG OR MIST
DPTR FM NORMAL:   4.2   DPTR FM NORMAL:    0.25    2 = FOG REDUCING VISIBILITY
HIGHEST:    75 ON  5    GRTST 24HR  0.97 ON 12-12      TO 1/4 MILE OR LESS
LOWEST:     18 ON  2                               3 = THUNDER
                        SNOW, ICE PELLETS, HAIL    4 = ICE PELLETS
                        TOTAL MONTH:    T          5 = HAIL
                        GRTST 24HR    T  ON 16-16  6 = FREEZING RAIN OR DRIZZLE
                        GRTST DEPTH:   0           7 = DUSTSTORM OR SANDSTORM:
                                                       VSBY 1/2 MILE OR LESS
                                                   8 = SMOKE OR HAZE
[NO. OF DAYS WITH]      [WEATHER - DAYS WITH]      9 = BLOWING SNOW
                                                   X = TORNADO
MAX 32 OR BELOW:   0    0.01 INCH OR MORE:   8
MAX 90 OR ABOVE:   0    0.10 INCH OR MORE:   5
MIN 32 OR BELOW:   9    0.50 INCH OR MORE:   1
MIN  0 OR BELOW:   0    1.00 INCH OR MORE:   0

[HDD (BASE 65) ]
TOTAL THIS MO.   391    CLEAR  (SCALE 0-3)   1
DPTR FM NORMAL   -84    PTCLDY (SCALE 4-7)  12
TOTAL FM JUL 1  2605    CLOUDY (SCALE 8-10)  6
DPTR FM NORMAL  -131

[CDD (BASE 65) ]
TOTAL THIS MO.     0
DPTR FM NORMAL     0    [PRESSURE DATA]
TOTAL FM JAN 1     0    HIGHEST SLP M ON M
DPTR FM NORMAL     0    LOWEST  SLP 29.67 ON 13

[REMARKS]
