000
CXUS55 KRIW 210945
CF6RIW
PRELIMINARY LOCAL CLIMATOLOGICAL DATA (WS FORM: F-6)

                                          STATION:   RIVERTON WY
                                          MONTH:     FEBRUARY
                                          YEAR:      2019
                                          LATITUDE:   43  2 N
                                          LONGITUDE: 108 27 W

  TEMPERATURE IN F:       :PCPN:    SNOW:  WIND      :SUNSHINE: SKY     :PK WND
================================================================================
1   2   3   4   5  6A  6B    7    8   9   10  11  12  13   14  15   16   17  18
                                     12Z  AVG MX 2MIN
DY MAX MIN AVG DEP HDD CDD  WTR  SNW DPTH SPD SPD DIR MIN PSBL S-S WX    SPD DR
================================================================================

 1  34   9  22   1  43   0 0.00  0.0    1  3.8  8 300   M    M   0         9  40
 2  36  11  24   3  41   0 0.00  0.0    1  3.9 13 320   M    M   0        15 320
 3  45  20  33  12  32   0 0.00  0.0    1  9.4 24 270   M    M   0        27 270
 4  40   8  24   3  41   0 0.00  0.0    T  4.8 18 320   M    M   0        22 330
 5  39  12  26   4  39   0 0.00  0.0    T  7.3 22 210   M    M   1        26 220
 6  12  -4   4 -18  61   0 0.11  1.7    T  7.9 15  20   M    M   8 1      17  30
 7   7 -13  -3 -25  68   0    T    T    1  3.3  9 340   M    M   3 1      13 330
 8  13 -12   1 -21  64   0 0.00  0.0    2  4.2 10 310   M    M   0        11 300
 9  13  -9   2 -20  63   0 0.00  0.0    2  6.0 17  50   M    M   2        22  50
10  14   0   7 -16  58   0    T    T    2  4.8  9 300   M    M   5 8      12  10
11  28   1  15  -8  50   0 0.00  0.0    2 12.2 29 310   M    M   0        37 300
12  33  10  22  -1  43   0 0.00  0.0    1  5.6 15 230   M    M   0        17 230
13  44  14  29   6  36   0 0.00  0.0    1  7.1 23 250   M    M   0        28 260
14  32  18  25   1  40   0    T    T    1  9.1 22  60   M    M   3 1      28  70
15  45  18  32   8  33   0    T  0.2    T  9.8 28 310   M    M   2        33 310
16  34  20  27   3  38   0 0.00  0.0    T 13.1 29 300   M    M   3        36 300
17  22   7  15 -10  50   0    T  0.1    T  9.9 20  70   M    M   6        24  70
18  16   7  12 -13  53   0    T  0.1    T  5.2 12  50   M    M  10 8      14  40
19  22   9  16 -10  49   0    T  0.0    T  6.6 26 290   M    M   6 8      35 290
20  23   2  13 -13  52   0 0.00  0.0    T  5.3 25 290   M    M   3        31 290
================================================================================
SM  552  128       954   0  0.11     2.1 139.3          M       52
================================================================================
AV 27.6  6.4                               7.0 FASTST   M    M   3    MAX(MPH)
                                 MISC ---->  # 29 310               # 37  300
================================================================================
NOTES:
# LAST OF SEVERAL OCCURRENCES

COLUMN 17 PEAK WIND IN M.P.H.

PRELIMINARY LOCAL CLIMATOLOGICAL DATA (WS FORM: F-6) , PAGE 2

                                          STATION:  RIVERTON WY
                                          MONTH:    FEBRUARY
                                          YEAR:     2019
                                          LATITUDE:   43  2 N
                                          LONGITUDE: 108 27 W

[TEMPERATURE DATA]      [PRECIPITATION DATA]       SYMBOLS USED IN COLUMN 16

AVERAGE MONTHLY: 17.0   TOTAL FOR MONTH:   0.11    1 = FOG OR MIST
DPTR FM NORMAL:  -6.0   DPTR FM NORMAL:   -0.07    2 = FOG REDUCING VISIBILITY
HIGHEST:    45 ON 15, 3 GRTST 24HR  0.11 ON  6- 6      TO 1/4 MILE OR LESS
LOWEST:    -13 ON  7                               3 = THUNDER
                        SNOW, ICE PELLETS, HAIL    4 = ICE PELLETS
                        TOTAL MONTH:   2.1 INCHES  5 = HAIL
                        GRTST 24HR   1.7 ON  6- 6  6 = FREEZING RAIN OR DRIZZLE
                        GRTST DEPTH:   2 ON 11,10  7 = DUSTSTORM OR SANDSTORM:
                                                       VSBY 1/2 MILE OR LESS
                                                   8 = SMOKE OR HAZE
[NO. OF DAYS WITH]      [WEATHER - DAYS WITH]      9 = BLOWING SNOW
                                                   X = TORNADO
MAX 32 OR BELOW:  11    0.01 INCH OR MORE:   1
MAX 90 OR ABOVE:   0    0.10 INCH OR MORE:   1
MIN 32 OR BELOW:  20    0.50 INCH OR MORE:   0
MIN  0 OR BELOW:   5    1.00 INCH OR MORE:   0

[HDD (BASE 65) ]
TOTAL THIS MO.   954    CLEAR  (SCALE 0-3)  13
DPTR FM NORMAL   112    PTCLDY (SCALE 4-7)   6
TOTAL FM JUL 1  5858    CLOUDY (SCALE 8-10)  1
DPTR FM NORMAL   301

[CDD (BASE 65) ]
TOTAL THIS MO.     0
DPTR FM NORMAL     0    [PRESSURE DATA]
TOTAL FM JAN 1     0    HIGHEST SLP M ON M
DPTR FM NORMAL     0    LOWEST  SLP 29.40 ON  3

[REMARKS]
