000
CXUS54 KCRP 201300
CF6RKP
PRELIMINARY LOCAL CLIMATOLOGICAL DATA (WS FORM: F-6)

                                          STATION:   ROCKPORT
                                          MONTH:     APRIL
                                          YEAR:      2019
                                          LATITUDE:   28  4 N
                                          LONGITUDE:  97  3 W

  TEMPERATURE IN F:       :PCPN:    SNOW:  WIND      :SUNSHINE: SKY     :PK WND
================================================================================
1   2   3   4   5  6A  6B    7    8   9   10  11  12  13   14  15   16   17  18
                                     12Z  AVG MX 2MIN
DY MAX MIN AVG DEP HDD CDD  WTR  SNW DPTH SPD SPD DIR MIN PSBL S-S WX    SPD DR
================================================================================

 1  59  48  54 -15  11   0    T    M    0  9.4 17  30   M    M   8 8      21  20
 2  66  46  56 -13   9   0 0.00  0.0    0  9.4 15 110   M    M   1 1      20 110
 3  69  62  66  -4   0   1    T  0.0    0  9.7 14 140   M    M  10 1       M  M
 4  80  67  74   4   0   9    T  0.0    0  6.6 14 150   M    M   8 128    18 160
 5  77  67  72   2   0   7 0.00  0.0    0  7.0 15 110   M    M   9 128    19 110
 6  80  69  75   5   0  10    T  0.0    0 11.6 20 150   M    M   7 1238   25 140
 7  80  63  72   2   0   7 0.99  0.0    0 10.6 26 310   M    M   3 13     36 300
 8  86  63  75   4   0  10 0.00  0.0    0  7.0 14 350   M    M   0 8      17 300
 9  84  62  73   2   0   8 0.00  0.0    0  6.8 13 180   M    M   0 8      19 170
10  82  68  75   4   0  10    T  0.0    0 12.9 22 150   M    M   0 18     32 160
11   M   M   M   M   M   M 0.00  0.0    0  9.6 18 160   M    M   7 18     27 160
12  77  65  71  -1   0   6    T  0.0    M 12.5 18 110   M    M  10 18     25 110
13  86  57  72   0   0   7    T  0.0    0 15.5 29 310   M    M   5 18     39 300
14  74  50  62 -10   3   0 0.00  0.0    0 10.4 24 330   M    M   0        29 340
15  76  58  67  -5   0   2 0.00  0.0    0 12.5 21 130   M    M   1        27 130
16  78  69  74   2   0   9    T  0.0    0 15.0 22 140   M    M   4 18     27 140
17  78  72  75   2   0  10    T  0.0    0 14.0 24 130   M    M  10 18     31 120
18  80  60  70  -3   0   5 1.09  0.0    0 13.7 30 350   M    M   4 138    40 360
19  79  56  68  -5   0   3 0.00  0.0    0 11.2 25 340   M    M   0        30 340
================================================================================
SM 1391 1102        23 104  2.08     0.0 205.4          M       87
================================================================================
AV 77.3 61.2                              10.8 FASTST   M    M   5    MAX(MPH)
                                 MISC ---->  # 30 350               # 40  360
================================================================================
NOTES:
# LAST OF SEVERAL OCCURRENCES

COLUMN 17 PEAK WIND IN M.P.H.

PRELIMINARY LOCAL CLIMATOLOGICAL DATA (WS FORM: F-6) , PAGE 2

                                          STATION:  ROCKPORT
                                          MONTH:    APRIL
                                          YEAR:     2019
                                          LATITUDE:   28  4 N
                                          LONGITUDE:  97  3 W

[TEMPERATURE DATA]      [PRECIPITATION DATA]       SYMBOLS USED IN COLUMN 16

AVERAGE MONTHLY: 69.3   TOTAL FOR MONTH:   2.08    1 = FOG OR MIST
DPTR FM NORMAL:  -1.9   DPTR FM NORMAL:    1.19    2 = FOG REDUCING VISIBILITY
HIGHEST:    86 ON 13, 8 GRTST 24HR  1.09 ON 18-18      TO 1/4 MILE OR LESS
LOWEST:     46 ON  2                               3 = THUNDER
                        SNOW, ICE PELLETS, HAIL    4 = ICE PELLETS
                        TOTAL MONTH:   0.0 INCH    5 = HAIL
                        GRTST 24HR     0.0         6 = FREEZING RAIN OR DRIZZLE
                        GRTST DEPTH:   0           7 = DUSTSTORM OR SANDSTORM:
                                                       VSBY 1/2 MILE OR LESS
                                                   8 = SMOKE OR HAZE
[NO. OF DAYS WITH]      [WEATHER - DAYS WITH]      9 = BLOWING SNOW
                                                   X = TORNADO
MAX 32 OR BELOW:   0    0.01 INCH OR MORE:   2
MAX 90 OR ABOVE:   0    0.10 INCH OR MORE:   2
MIN 32 OR BELOW:   0    0.50 INCH OR MORE:   2
MIN  0 OR BELOW:   0    1.00 INCH OR MORE:   1

[HDD (BASE 65) ]
TOTAL THIS MO.    23    CLEAR  (SCALE 0-3)   7
DPTR FM NORMAL     8    PTCLDY (SCALE 4-7)   7
TOTAL FM JUL 1   980    CLOUDY (SCALE 8-10)  5
DPTR FM NORMAL   103

[CDD (BASE 65) ]
TOTAL THIS MO.   104
DPTR FM NORMAL   -24    [PRESSURE DATA]
TOTAL FM JAN 1   226    HIGHEST SLP M ON M
DPTR FM NORMAL   -51    LOWEST  SLP 29.50 ON 11

[REMARKS]
