000
CXUS54 KCRP 191300
CF6RKP
PRELIMINARY LOCAL CLIMATOLOGICAL DATA (WS FORM: F-6)

                                          STATION:   ROCKPORT
                                          MONTH:     FEBRUARY
                                          YEAR:      2019
                                          LATITUDE:   28  4 N
                                          LONGITUDE:  97  3 W

  TEMPERATURE IN F:       :PCPN:    SNOW:  WIND      :SUNSHINE: SKY     :PK WND
================================================================================
1   2   3   4   5  6A  6B    7    8   9   10  11  12  13   14  15   16   17  18
                                     12Z  AVG MX 2MIN
DY MAX MIN AVG DEP HDD CDD  WTR  SNW DPTH SPD SPD DIR MIN PSBL S-S WX    SPD DR
================================================================================

 1  67  55  61   3   4   0    T  0.0    0  9.2 16  70   M    M   9 128    21  80
 2  67  59  63   5   2   0 0.93  0.0    0  6.7 13  80   M    M  10 12     17  70
 3  71  61  66   8   0   1    T  0.0    0  5.7 12 140   M    M  10 12     16 130
 4  72  64  68  10   0   3 0.00  0.0    0  5.3 12 150   M    M  10 128    15 150
 5  72  65  69  11   0   4 0.00  0.0    0  8.0 14 150   M    M  10 12     19 140
 6  75  67  71  13   0   6 0.00  0.0    0 11.5 18 160   M    M   8 18     27 150
 7  75  49  62   3   3   0 0.01    M    0 15.5 29  10   M    M   9 18     39  20
 8  49  40  45 -14  20   0    T    M    0 16.3 26  10   M    M  10        35  10
 9  45  37  41 -18  24   0 0.02    M    0 13.6 21  20   M    M  10 1      24  10
10  60  42  51  -8  14   0 0.02    M    0  6.6 16 360   M    M  10 128    20 360
11  70  53  62   3   3   0    T  0.0    0  4.0 13 140   M    M   9 128    16 140
12  69  52  61   2   4   0    T  0.0    0 11.7 20 350   M    M   4 1      25 330
13  65  43  54  -6  11   0 0.00  0.0    0  7.6 13 150   M    M   0        19 160
14  72  52  62   2   3   0 0.00  0.0    0  7.6 15 190   M    M   0        23 180
15  74  61  68   8   0   3 0.00  0.0    0  8.6 16 170   M    M   6 128    22 180
16  70  60  65   5   0   0 0.00  0.0    0  7.4 14 200   M    M  10 1      21 190
17  71  54  63   3   2   0 0.01  0.0    0 11.8 21  10   M    M   6 128    27  10
18  64  50  57  -3   8   0 0.00  0.0    0 15.9 24  30   M    M   7        33  30
================================================================================
SM 1208  964        98  17  0.99     0.0 173.0          M      138
================================================================================
AV 67.1 53.6                               9.6 FASTST   M    M   8    MAX(MPH)
                                 MISC ---->  # 29  10               # 39   20
================================================================================
NOTES:
# LAST OF SEVERAL OCCURRENCES

COLUMN 17 PEAK WIND IN M.P.H.

PRELIMINARY LOCAL CLIMATOLOGICAL DATA (WS FORM: F-6) , PAGE 2

                                          STATION:  ROCKPORT
                                          MONTH:    FEBRUARY
                                          YEAR:     2019
                                          LATITUDE:   28  4 N
                                          LONGITUDE:  97  3 W

[TEMPERATURE DATA]      [PRECIPITATION DATA]       SYMBOLS USED IN COLUMN 16

AVERAGE MONTHLY: 60.3   TOTAL FOR MONTH:   0.99    1 = FOG OR MIST
DPTR FM NORMAL:   1.3   DPTR FM NORMAL:   -0.37    2 = FOG REDUCING VISIBILITY
HIGHEST:    75 ON  7, 6 GRTST 24HR  0.93 ON  2- 2      TO 1/4 MILE OR LESS
LOWEST:     37 ON  9                               3 = THUNDER
                        SNOW, ICE PELLETS, HAIL    4 = ICE PELLETS
                        TOTAL MONTH:   0.0 INCH    5 = HAIL
                        GRTST 24HR     0.0         6 = FREEZING RAIN OR DRIZZLE
                        GRTST DEPTH:   0           7 = DUSTSTORM OR SANDSTORM:
                                                       VSBY 1/2 MILE OR LESS
                                                   8 = SMOKE OR HAZE
[NO. OF DAYS WITH]      [WEATHER - DAYS WITH]      9 = BLOWING SNOW
                                                   X = TORNADO
MAX 32 OR BELOW:   0    0.01 INCH OR MORE:   5
MAX 90 OR ABOVE:   0    0.10 INCH OR MORE:   1
MIN 32 OR BELOW:   0    0.50 INCH OR MORE:   1
MIN  0 OR BELOW:   0    1.00 INCH OR MORE:   0

[HDD (BASE 65) ]
TOTAL THIS MO.    98    CLEAR  (SCALE 0-3)   2
DPTR FM NORMAL   -28    PTCLDY (SCALE 4-7)   4
TOTAL FM JUL 1   755    CLOUDY (SCALE 8-10) 12
DPTR FM NORMAL    21

[CDD (BASE 65) ]
TOTAL THIS MO.    17
DPTR FM NORMAL    -1    [PRESSURE DATA]
TOTAL FM JAN 1    27    HIGHEST SLP M ON M
DPTR FM NORMAL    -9    LOWEST  SLP 29.60 ON 16

[REMARKS]
