000
CXUS54 KCRP 171300
CF6RKP
PRELIMINARY LOCAL CLIMATOLOGICAL DATA (WS FORM: F-6)

                                          STATION:   ROCKPORT
                                          MONTH:     AUGUST
                                          YEAR:      2019
                                          LATITUDE:   28  4 N
                                          LONGITUDE:  97  3 W

  TEMPERATURE IN F:       :PCPN:    SNOW:  WIND      :SUNSHINE: SKY     :PK WND
================================================================================
1   2   3   4   5  6A  6B    7    8   9   10  11  12  13   14  15   16   17  18
                                     12Z  AVG MX 2MIN
DY MAX MIN AVG DEP HDD CDD  WTR  SNW DPTH SPD SPD DIR MIN PSBL S-S WX    SPD DR
================================================================================

 1  91  76  84  -2   0  19 0.00  0.0    0  8.1 16 130   M    M   1        19 140
 2  91  76  84  -2   0  19    T  0.0    0  6.9 17 130   M    M   1 1      20 140
 3  92  76  84  -2   0  19 0.00  0.0    0  5.6 14 150   M    M   1        20 140
 4  91  79  85  -1   0  20 0.00  0.0    0  8.1 16 150   M    M   2 8      21 140
 5  92  80  86   0   0  21    T  0.0    0  9.0 18 140   M    M   2        22 140
 6  92  79  86   0   0  21    T  0.0    0  8.9 17 140   M    M   2 8      22 190
 7  93  82  88   2   0  23 0.00  0.0    0 11.3 20 140   M    M   2        26 130
 8  93  84  89   3   0  24 0.00  0.0    0 12.8 23 150   M    M   2 8      30 150
 9  92  83  88   2   0  23 0.00  0.0    0 11.7 20 150   M    M   2        28 150
10  93  83  88   2   0  23 0.00  0.0    0 11.9 17 150   M    M   1        23 170
11  93  83  88   2   0  23 0.00  0.0    0 11.0 18 140   M    M   2 8      23 130
12  93  82  88   2   0  23 0.00  0.0    0 11.8 20 140   M    M   2        24 140
13  93  81  87   1   0  22 0.00  0.0    0 10.6 18 140   M    M   1        23 140
14  92  81  87   1   0  22 0.00  0.0    0  8.0 18 150   M    M   1        22 160
15  92  79  86   0   0  21 0.00  0.0    0  6.7 17 140   M    M   2 18     21 140
16  92  78  85  -1   0  20 0.00  0.0    0 10.3 18 140   M    M   0        24 150
================================================================================
SM 1475 1282         0 343    T      0.0 152.7          M       24
================================================================================
AV 92.2 80.1                               9.5 FASTST   M    M   2    MAX(MPH)
                                 MISC ---->  # 23 150               # 30  150
================================================================================
NOTES:
# LAST OF SEVERAL OCCURRENCES

COLUMN 17 PEAK WIND IN M.P.H.

PRELIMINARY LOCAL CLIMATOLOGICAL DATA (WS FORM: F-6) , PAGE 2

                                          STATION:  ROCKPORT
                                          MONTH:    AUGUST
                                          YEAR:     2019
                                          LATITUDE:   28  4 N
                                          LONGITUDE:  97  3 W

[TEMPERATURE DATA]      [PRECIPITATION DATA]       SYMBOLS USED IN COLUMN 16

AVERAGE MONTHLY: 86.2   TOTAL FOR MONTH:      T    1 = FOG OR MIST
DPTR FM NORMAL:   0.2   DPTR FM NORMAL:   -0.94    2 = FOG REDUCING VISIBILITY
HIGHEST:    93 ON 13,12 GRTST 24HR    T  ON  6- 6      TO 1/4 MILE OR LESS
LOWEST:     76 ON  3, 2                            3 = THUNDER
                        SNOW, ICE PELLETS, HAIL    4 = ICE PELLETS
                        TOTAL MONTH:   0.0 INCH    5 = HAIL
                        GRTST 24HR     0.0         6 = FREEZING RAIN OR DRIZZLE
                        GRTST DEPTH:   0           7 = DUSTSTORM OR SANDSTORM:
                                                       VSBY 1/2 MILE OR LESS
                                                   8 = SMOKE OR HAZE
[NO. OF DAYS WITH]      [WEATHER - DAYS WITH]      9 = BLOWING SNOW
                                                   X = TORNADO
MAX 32 OR BELOW:   0    0.01 INCH OR MORE:   0
MAX 90 OR ABOVE:  16    0.10 INCH OR MORE:   0
MIN 32 OR BELOW:   0    0.50 INCH OR MORE:   0
MIN  0 OR BELOW:   0    1.00 INCH OR MORE:   0

[HDD (BASE 65) ]
TOTAL THIS MO.     0    CLEAR  (SCALE 0-3)  16
DPTR FM NORMAL     0    PTCLDY (SCALE 4-7)   0
TOTAL FM JUL 1     0    CLOUDY (SCALE 8-10)  0
DPTR FM NORMAL     0

[CDD (BASE 65) ]
TOTAL THIS MO.   343
DPTR FM NORMAL     8    [PRESSURE DATA]
TOTAL FM JAN 1  2294    HIGHEST SLP M ON M
DPTR FM NORMAL   -38    LOWEST  SLP 29.83 ON M

[REMARKS]
