000
CXUS52 KFFC 211110
CF6RMG
PRELIMINARY LOCAL CLIMATOLOGICAL DATA (WS FORM: F-6)

                                          STATION:   ROME
                                          MONTH:     FEBRUARY
                                          YEAR:      2019
                                          LATITUDE:   34 20 N
                                          LONGITUDE:  85 10 W

  TEMPERATURE IN F:       :PCPN:    SNOW:  WIND      :SUNSHINE: SKY     :PK WND
================================================================================
1   2   3   4   5  6A  6B    7    8   9   10  11  12  13   14  15   16   17  18
                                     12Z  AVG MX 2MIN
DY MAX MIN AVG DEP HDD CDD  WTR  SNW DPTH SPD SPD DIR MIN PSBL S-S WX    SPD DR
================================================================================

 1  63  25  44   2  21   0 0.00  0.0    0  0.9  8 220   M    M   1        13 210
 2  69  30  50   8  15   0 0.00  0.0    0  1.5  8 170   M    M   3        11 130
 3  66  43  55  13  10   0 0.04    M    0  1.8  8  50   M    M   6 1      11  20
 4  67  37  52  10  13   0 0.00  0.0    0  0.9  6  50   M    M   7 12      8  20
 5  76  56  66  24   0   1    T  0.0    0  1.3  9 260   M    M   7 18     13 260
 6  74  56  65  22   0   0 0.03  0.0    0  4.2 13 230   M    M  10 1      19 230
 7  82  65  74  31   0   9 0.01  0.0    0 10.3 21 180   M    M   4        29 180
 8  67  39  53  10  12   0 0.07    M    0 11.2 18  10   M    M   2 1      25  60
 9  53  35  44   1  21   0    T    M    0  7.6 20  20   M    M   6        25  20
10  47  37  42  -1  23   0 0.18    M    0  5.8 17 120   M    M   8 18     25 140
11  56  40  48   5  17   0 0.13    M    0  2.7  8 140   M    M  10 18     11 150
12  67  44  56  12   9   0 1.19    M    0  6.9 20 280   M    M   8 1      26  30
13  57  32  45   1  20   0 0.00  0.0    0  4.7 18 330   M    M   0        24 330
14  64  30  47   3  18   0 0.00  0.0    0  3.6 14 180   M    M   1        20 180
15  60  49  55  11  10   0 0.25    M    0  2.3  9 180   M    M  10 1      12 180
16  62  47  55  11  10   0 0.27    M    0  6.4 22 350   M    M   8 1      27 350
17  51  47  49   4  16   0 1.27    M    0  5.6 15 300   M    M  10 1      20 160
18  51  42  47   2  18   0 0.13    M    0  7.2 16 340   M    M   4 1      19 350
19  43  36  40  -5  25   0 2.04  0.0    0  8.1 18 120   M    M   9 138    29 150
20  47  41  44  -1  21   0 1.31  0.0    0  7.3 21 290   M    M  10 13     29 160
================================================================================
SM 1222  831       279  10  6.92     0.0 100.3          M      124
================================================================================
AV 61.1 41.6                               5.0 FASTST   M    M   6    MAX(MPH)
                                 MISC ---->  # 22 350               # 29  180
================================================================================
NOTES:
# LAST OF SEVERAL OCCURRENCES

COLUMN 17 PEAK WIND IN M.P.H.

PRELIMINARY LOCAL CLIMATOLOGICAL DATA (WS FORM: F-6) , PAGE 2

                                          STATION:  ROME
                                          MONTH:    FEBRUARY
                                          YEAR:     2019
                                          LATITUDE:   34 20 N
                                          LONGITUDE:  85 10 W

[TEMPERATURE DATA]      [PRECIPITATION DATA]       SYMBOLS USED IN COLUMN 16

AVERAGE MONTHLY: 51.3   TOTAL FOR MONTH:   6.92    1 = FOG OR MIST
DPTR FM NORMAL:   7.9   DPTR FM NORMAL:    3.59    2 = FOG REDUCING VISIBILITY
HIGHEST:    82 ON  7    GRTST 24HR  2.04 ON 19-19      TO 1/4 MILE OR LESS
LOWEST:     25 ON  1                               3 = THUNDER
                        SNOW, ICE PELLETS, HAIL    4 = ICE PELLETS
                        TOTAL MONTH:   0.0 INCH    5 = HAIL
                        GRTST 24HR     0.0         6 = FREEZING RAIN OR DRIZZLE
                        GRTST DEPTH:   0           7 = DUSTSTORM OR SANDSTORM:
                                                       VSBY 1/2 MILE OR LESS
                                                   8 = SMOKE OR HAZE
[NO. OF DAYS WITH]      [WEATHER - DAYS WITH]      9 = BLOWING SNOW
                                                   X = TORNADO
MAX 32 OR BELOW:   0    0.01 INCH OR MORE:  13
MAX 90 OR ABOVE:   0    0.10 INCH OR MORE:   9
MIN 32 OR BELOW:   4    0.50 INCH OR MORE:   4
MIN  0 OR BELOW:   0    1.00 INCH OR MORE:   4

[HDD (BASE 65) ]
TOTAL THIS MO.   279    CLEAR  (SCALE 0-3)   5
DPTR FM NORMAL  -153    PTCLDY (SCALE 4-7)   9
TOTAL FM JUL 1  2136    CLOUDY (SCALE 8-10)  6
DPTR FM NORMAL  -338

[CDD (BASE 65) ]
TOTAL THIS MO.    10
DPTR FM NORMAL    10    [PRESSURE DATA]
TOTAL FM JAN 1    10    HIGHEST SLP M ON M
DPTR FM NORMAL    10    LOWEST  SLP 29.67 ON 16

[REMARKS]
