000
CXUS52 KFFC 231110
CF6RMG
PRELIMINARY LOCAL CLIMATOLOGICAL DATA (WS FORM: F-6)

                                          STATION:   ROME
                                          MONTH:     APRIL
                                          YEAR:      2019
                                          LATITUDE:   34 20 N
                                          LONGITUDE:  85 10 W

  TEMPERATURE IN F:       :PCPN:    SNOW:  WIND      :SUNSHINE: SKY     :PK WND
================================================================================
1   2   3   4   5  6A  6B    7    8   9   10  11  12  13   14  15   16   17  18
                                     12Z  AVG MX 2MIN
DY MAX MIN AVG DEP HDD CDD  WTR  SNW DPTH SPD SPD DIR MIN PSBL S-S WX    SPD DR
================================================================================

 1  62  34  48  -8  17   0 0.00  0.0    0  5.3 13 360   M    M   0        16 180
 2  64  41  53  -4  12   0 0.03    M    0  4.2 13 270   M    M   5        17 270
 3  73  34  54  -3  11   0 0.00  0.0    0  1.2 10  40   M    M   0 8      14  40
 4  72  40  56  -1   9   0 0.19    M    0  4.6 17 170   M    M   3 1      24 170
 5  75  55  65   8   0   0 0.57  0.0    0  2.7 12 120   M    M   7 1      14 300
 6  78  54  66   9   0   1 0.21  0.0    0  3.2 12 170   M    M   7 13     17 210
 7  82  61  72  14   0   7 0.16  0.0    0  3.9 13 170   M    M   4 13     17 190
 8  76  61  69  11   0   4 0.03  0.0    0  3.5 13 180   M    M   5 12     18 180
 9  79  58  69  11   0   4 0.22  0.0    0  2.1 23 320   M    M   6 1238   28 330
10  85  51  68  10   0   3 0.00  0.0    0  0.8  8 350   M    M   0 12     10 350
11  85  53  69  10   0   4 0.00  0.0    0  7.6 21 160   M    M   1        30 170
12  81  64  73  14   0   8 0.00  0.0    0  5.6 18 150   M    M   4        25 150
13  75  60  68   9   0   3 0.09  0.0    0  5.2 14  40   M    M   4 1      17 140
14  82  52  67   8   0   2 0.36  0.0    0 13.6 24 270   M    M   7 13     37 190
15  69  43  56  -4   9   0 0.00  0.0    0  8.5 21 320   M    M   1        28 300
16  81  40  61   1   4   0 0.00  0.0    0  3.0 13 160   M    M   0        16 170
17  82  47  65   5   0   0 0.00  0.0    0  2.9 12 170   M    M   0        14 170
18  81  54  68   8   0   3 0.74  0.0    0  6.8 23 140   M    M   4 13     31 130
19  67  46  57  -4   8   0 1.03    M    0  7.6 22 250   M    M  10 138    31 250
20  52  44  48 -13  17   0 0.05    M    0  5.5 17 260   M    M  10 1      23 280
21  75  39  57  -4   8   0 0.00  0.0    0  2.8 15 340   M    M   2 12     24 310
22  83  40  62   1   3   0 0.00  0.0    0  1.2  9 340   M    M   0        12 350
================================================================================
SM 1659 1071        98  39  3.68     0.0 101.8          M       80
================================================================================
AV 75.4 48.7                               4.6 FASTST   M    M   4    MAX(MPH)
                                 MISC ---->  # 24 270               # 37  190
================================================================================
NOTES:
# LAST OF SEVERAL OCCURRENCES

COLUMN 17 PEAK WIND IN M.P.H.

PRELIMINARY LOCAL CLIMATOLOGICAL DATA (WS FORM: F-6) , PAGE 2

                                          STATION:  ROME
                                          MONTH:    APRIL
                                          YEAR:     2019
                                          LATITUDE:   34 20 N
                                          LONGITUDE:  85 10 W

[TEMPERATURE DATA]      [PRECIPITATION DATA]       SYMBOLS USED IN COLUMN 16

AVERAGE MONTHLY: 62.1   TOTAL FOR MONTH:   3.68    1 = FOG OR MIST
DPTR FM NORMAL:   3.3   DPTR FM NORMAL:    0.90    2 = FOG REDUCING VISIBILITY
HIGHEST:    85 ON 11,10 GRTST 24HR  1.03 ON 19-19      TO 1/4 MILE OR LESS
LOWEST:     34 ON  3, 1                            3 = THUNDER
                        SNOW, ICE PELLETS, HAIL    4 = ICE PELLETS
                        TOTAL MONTH:   0.0 INCH    5 = HAIL
                        GRTST 24HR     0.0         6 = FREEZING RAIN OR DRIZZLE
                        GRTST DEPTH:   0           7 = DUSTSTORM OR SANDSTORM:
                                                       VSBY 1/2 MILE OR LESS
                                                   8 = SMOKE OR HAZE
[NO. OF DAYS WITH]      [WEATHER - DAYS WITH]      9 = BLOWING SNOW
                                                   X = TORNADO
MAX 32 OR BELOW:   0    0.01 INCH OR MORE:  12
MAX 90 OR ABOVE:   0    0.10 INCH OR MORE:   8
MIN 32 OR BELOW:   0    0.50 INCH OR MORE:   3
MIN  0 OR BELOW:   0    1.00 INCH OR MORE:   1

[HDD (BASE 65) ]
TOTAL THIS MO.    98    CLEAR  (SCALE 0-3)  10
DPTR FM NORMAL   -57    PTCLDY (SCALE 4-7)  10
TOTAL FM JUL 1  2728    CLOUDY (SCALE 8-10)  2
DPTR FM NORMAL  -454

[CDD (BASE 65) ]
TOTAL THIS MO.    39
DPTR FM NORMAL    21    [PRESSURE DATA]
TOTAL FM JAN 1    52    HIGHEST SLP M ON M
DPTR FM NORMAL    30    LOWEST  SLP 29.41 ON 19

[REMARKS]
