000
CXUS54 KEWX 200910
CF6RND
PRELIMINARY LOCAL CLIMATOLOGICAL DATA (WS FORM: F-6)

                                          STATION:   RANDOLPH AFB
                                          MONTH:     FEBRUARY
                                          YEAR:      2019
                                          LATITUDE:   29 31 N
                                          LONGITUDE:  98 17 W

  TEMPERATURE IN F:       :PCPN:    SNOW:  WIND      :SUNSHINE: SKY     :PK WND
================================================================================
1   2   3   4   5  6A  6B    7    8   9   10  11  12  13   14  15   16   17  18
                                     12Z  AVG MX 2MIN
DY MAX MIN AVG DEP HDD CDD  WTR  SNW DPTH SPD SPD DIR MIN PSBL S-S WX    SPD DR
================================================================================

 1  67  57  62   M   3   0    T    M    M  4.7  8  90   M    M  10 1       M  M
 2  63  59  61   M   4   0    T    M    M  4.2  8 110   M    M   9 128     M  M
 3  76  62  69   M   0   4    T    M    M  6.0 13 190   M    M   7 12      M  M
 4  70  62  66   M   0   1    T    M    M  5.0 10 180   M    M   9 12      M  M
 5  77  66  72   M   0   7    T    M    M  8.4 15 200   M    M   9 1       M  M
 6  78  67  73   M   0   8 0.00    M    M  8.7 13 120   M    M   9 1       M  M
 7  70  43  57   M   8   0 0.01    M    M 14.0 23 360   M    M   7 1      35  10
 8  43  37  40   M  25   0    T    M    M 15.3 24 360   M    M  10        32  30
 9   M   M   M   M   M   M 0.21    M    M  8.6 13  20   M    M  10 1      21  30
10  50  38  44   M  21   0 0.07    M    M  5.1  8  20   M    M   6 1       M  M
11  60  49  55   M  10   0    T    M    M  3.1  7 240   M    M   9 1       M  M
12  65  39  52   M  13   0 0.00    M    M  9.5 18 330   M    M   2        22 340
13   M   M   M   M   M   M 0.00    M    M  7.0 13 160   M    M   0        17 190
14  71  51  61   M   4   0 0.00    M    M  7.3 18 220   M    M   1        31 220
15  83  49  66   M   0   1 0.00    M    M  5.4 13 220   M    M   0 1       M  M
16  64  50  57   M   8   0 0.00    M    M  8.9 16  40   M    M   8         M  M
17  70  50  60   M   5   0    T    M    M 10.2 17 360   M    M   5 1      23 360
18  62  44  53   M  12   0 0.00    M    M 12.2 16  60   M    M   4        23  40
19   M   M   M   M   M   M 0.10    M    M 11.1 15  20   M    M  10 1      17  40
================================================================================
SM 1069  823       113  21  0.39    M    154.7          M      125
================================================================================
AV 66.8 51.4                               8.1 FASTST   M    M   7    MAX(MPH)
                                 MISC ---->  # 24 360               # 35   10
================================================================================
NOTES:
# LAST OF SEVERAL OCCURRENCES

COLUMN 17 PEAK WIND IN M.P.H.

PRELIMINARY LOCAL CLIMATOLOGICAL DATA (WS FORM: F-6) , PAGE 2

                                          STATION:  RANDOLPH AFB
                                          MONTH:    FEBRUARY
                                          YEAR:     2019
                                          LATITUDE:   29 31 N
                                          LONGITUDE:  98 17 W

[TEMPERATURE DATA]      [PRECIPITATION DATA]       SYMBOLS USED IN COLUMN 16

AVERAGE MONTHLY: 59.1   TOTAL FOR MONTH:   0.39    1 = FOG OR MIST
DPTR FM NORMAL:     M   DPTR FM NORMAL:       M    2 = FOG REDUCING VISIBILITY
HIGHEST:    83 ON 15    GRTST 24HR  0.21 ON  9- 9      TO 1/4 MILE OR LESS
LOWEST:     37 ON  8                               3 = THUNDER
                        SNOW, ICE PELLETS, HAIL    4 = ICE PELLETS
                        TOTAL MONTH:    M          5 = HAIL
                        GRTST 24HR    M  ON   M    6 = FREEZING RAIN OR DRIZZLE
                        GRTST DEPTH:  M  ON   M    7 = DUSTSTORM OR SANDSTORM:
                                                       VSBY 1/2 MILE OR LESS
                                                   8 = SMOKE OR HAZE
[NO. OF DAYS WITH]      [WEATHER - DAYS WITH]      9 = BLOWING SNOW
                                                   X = TORNADO
MAX 32 OR BELOW:   0    0.01 INCH OR MORE:   4
MAX 90 OR ABOVE:   0    0.10 INCH OR MORE:   2
MIN 32 OR BELOW:   0    0.50 INCH OR MORE:   0
MIN  0 OR BELOW:   0    1.00 INCH OR MORE:   0

[HDD (BASE 65) ]
TOTAL THIS MO.   113    CLEAR  (SCALE 0-3)   4
DPTR FM NORMAL     M    PTCLDY (SCALE 4-7)   6
TOTAL FM JUL 1  1117    CLOUDY (SCALE 8-10)  9
DPTR FM NORMAL     M

[CDD (BASE 65) ]
TOTAL THIS MO.    21
DPTR FM NORMAL     M    [PRESSURE DATA]
TOTAL FM JAN 1    23    HIGHEST SLP M ON M
DPTR FM NORMAL     M    LOWEST  SLP M ON M

[REMARKS]
