000
CXUS54 KEWX 240910
CF6RND
PRELIMINARY LOCAL CLIMATOLOGICAL DATA (WS FORM: F-6)

                                          STATION:   RANDOLPH AFB
                                          MONTH:     APRIL
                                          YEAR:      2019
                                          LATITUDE:   29 31 N
                                          LONGITUDE:  98 17 W

  TEMPERATURE IN F:       :PCPN:    SNOW:  WIND      :SUNSHINE: SKY     :PK WND
================================================================================
1   2   3   4   5  6A  6B    7    8   9   10  11  12  13   14  15   16   17  18
                                     12Z  AVG MX 2MIN
DY MAX MIN AVG DEP HDD CDD  WTR  SNW DPTH SPD SPD DIR MIN PSBL S-S WX    SPD DR
================================================================================

 1  61  38  50   M  15   0    T    M    M  4.8  7  50   M    M   5         M  M
 2  72  35  54   M  11   0 0.00    M    M  6.1 14 150   M    M   1 8      16 160
 3  68  56  62   M   3   0 0.03    M    M 10.0 18 160   M    M  10 1      18 140
 4  85  65  75   M   0  10    T    M    M  5.1 10 160   M    M   4 1       M  M
 5  81  58  70   M   0   5 0.00    M    M  6.7 12 130   M    M   2 1       M  M
 6  83  69  76   M   0  11 0.26    M    M  6.8  9 200   M    M   8 13      M  M
 7  74  57  66   M   0   1 0.86    M    M  7.3 18 320   M    M   6 13     22  40
 8  87  57  72   M   0   7 0.00    M    M  7.7 15 230   M    M   1         M  M
 9  88  55  72   M   0   7 0.00    M    M  6.7 12 190   M    M   0         M  M
10  92  55  74   M   0   9 0.00    M    M 10.0 27 170   M    M   0        35 170
11  83  57  70   M   0   5 0.00    M    M  7.0 20 340   M    M   0        27 340
12  79  57  68   M   0   3 0.00    M    M 10.3 15 120   M    M   3        20 120
13  75  49  62   M   3   0 0.22    M    M 12.9 29 300   M    M   5 13     40 320
14  72  45  59   M   6   0 0.00    M    M  8.8 21 340   M    M   0        37 330
15  81  52  67   M   0   2 0.00    M    M 10.3 17 150   M    M   1        20 170
16  80  64  72   M   0   7 0.00    M    M 15.2 23 160   M    M   9        32 150
17  84  69  77   M   0  12 0.24    M    M 13.5 20 150   M    M   9 13     29 150
18  77  54  66   M   0   1 0.50    M    M 10.7 22 320   M    M   1 13     40 350
19  77  50  64   M   1   0    M    M    M 11.0 22 330   M    M   1 8      33 330
20  81  46  64   M   1   0 0.00    M    M  6.8 12 150   M    M   0         M  M
21  83  52  68   M   0   3 0.00    M    M 10.7 21 160   M    M   2 1      29 150
22  80  66  73   M   0   8 0.00    M    M 11.8 18 130   M    M   6 18     21 130
23  77  66  72   M   0   7 0.00    M    M 10.1 17 140   M    M   7 1      23 140
================================================================================
SM 1820 1272        40  98  2.11    M    210.3          M       81
================================================================================
AV 79.1 55.3                               9.1 FASTST   M    M   4    MAX(MPH)
                                 MISC ---->  # 29 300               # 40  320
================================================================================
NOTES:
# LAST OF SEVERAL OCCURRENCES

COLUMN 17 PEAK WIND IN M.P.H.

PRELIMINARY LOCAL CLIMATOLOGICAL DATA (WS FORM: F-6) , PAGE 2

                                          STATION:  RANDOLPH AFB
                                          MONTH:    APRIL
                                          YEAR:     2019
                                          LATITUDE:   29 31 N
                                          LONGITUDE:  98 17 W

[TEMPERATURE DATA]      [PRECIPITATION DATA]       SYMBOLS USED IN COLUMN 16

AVERAGE MONTHLY: 67.2   TOTAL FOR MONTH:   2.11    1 = FOG OR MIST
DPTR FM NORMAL:     M   DPTR FM NORMAL:       M    2 = FOG REDUCING VISIBILITY
HIGHEST:    92 ON 10    GRTST 24HR  0.86 ON  7- 7      TO 1/4 MILE OR LESS
LOWEST:     35 ON  2                               3 = THUNDER
                        SNOW, ICE PELLETS, HAIL    4 = ICE PELLETS
                        TOTAL MONTH:    M          5 = HAIL
                        GRTST 24HR    M  ON   M    6 = FREEZING RAIN OR DRIZZLE
                        GRTST DEPTH:  M  ON   M    7 = DUSTSTORM OR SANDSTORM:
                                                       VSBY 1/2 MILE OR LESS
                                                   8 = SMOKE OR HAZE
[NO. OF DAYS WITH]      [WEATHER - DAYS WITH]      9 = BLOWING SNOW
                                                   X = TORNADO
MAX 32 OR BELOW:   0    0.01 INCH OR MORE:   6
MAX 90 OR ABOVE:   1    0.10 INCH OR MORE:   5
MIN 32 OR BELOW:   0    0.50 INCH OR MORE:   2
MIN  0 OR BELOW:   0    1.00 INCH OR MORE:   0

[HDD (BASE 65) ]
TOTAL THIS MO.    40    CLEAR  (SCALE 0-3)  13
DPTR FM NORMAL     M    PTCLDY (SCALE 4-7)   6
TOTAL FM JUL 1  1433    CLOUDY (SCALE 8-10)  4
DPTR FM NORMAL     M

[CDD (BASE 65) ]
TOTAL THIS MO.    98
DPTR FM NORMAL     M    [PRESSURE DATA]
TOTAL FM JAN 1   190    HIGHEST SLP M ON M
DPTR FM NORMAL     M    LOWEST  SLP M ON M

[REMARKS]
