000
CXUS54 KEWX 250910
CF6RND
PRELIMINARY LOCAL CLIMATOLOGICAL DATA (WS FORM: F-6)

                                          STATION:   RANDOLPH AFB
                                          MONTH:     AUGUST
                                          YEAR:      2019
                                          LATITUDE:   29 31 N
                                          LONGITUDE:  98 17 W

  TEMPERATURE IN F:       :PCPN:    SNOW:  WIND      :SUNSHINE: SKY     :PK WND
================================================================================
1   2   3   4   5  6A  6B    7    8   9   10  11  12  13   14  15   16   17  18
                                     12Z  AVG MX 2MIN
DY MAX MIN AVG DEP HDD CDD  WTR  SNW DPTH SPD SPD DIR MIN PSBL S-S WX    SPD DR
================================================================================

 1  98  73  86   M   0  21 0.00    M    M  5.5 13 130   M    M   1         M  M
 2  98  73  86   M   0  21 0.00    M    M  4.0  8 170   M    M   1         M  M
 3  97  77  87   M   0  22 0.00    M    M  5.9 14 130   M    M   2         M  M
 4  95  74  85   M   0  20    T    M    M  4.7 14 180   M    M   3         M  M
 5  98  75  87   M   0  22 0.00    M    M  5.3 12 140   M    M   3         M  M
 6  99  76  88   M   0  23 0.00    M    M  6.7 16 150   M    M   2         M  M
 7 100  75  88   M   0  23 0.00    M    M  9.4 16 150   M    M   1        18 140
 8 101  78  90   M   0  25 0.00    M    M  9.3 15 140   M    M   3        23 140
 9 102  77  90   M   0  25 0.00    M    M 11.0 18 150   M    M   4        29 150
10 101  77  89   M   0  24 0.00    M    M  9.5 14 200   M    M   4        23 150
11 100  79  90   M   0  25 0.00    M    M 10.2 15 140   M    M   4        20 180
12   M   M   M   M   M   M 0.00    M    M  9.1 15 160   M    M   3         M  M
13 102  73  88   M   0  23    T    M    M  8.7 16 150   M    M   1         M  M
14 101  75  88   M   0  23 0.00    M    M  5.1  8  70   M    M   1        39  50
15 100  74  87   M   0  22 0.00    M    M  3.7 10 170   M    M   2 3       M  M
16 102  75  89   M   0  24 0.00    M    M  6.4 14 150   M    M   0         M  M
17 101  79  90   M   0  25 0.00    M    M 10.8 18 150   M    M   3        30 140
18 101  76  89   M   0  24 0.00    M    M 10.0 17 150   M    M   3        24 150
19 100  79  90   M   0  25 0.00    M    M  9.5 20 150   M    M   4         M  M
20  99  77  88   M   0  23 0.00    M    M  8.1 15 160   M    M   3        16 160
21  99  76  88   M   0  23 0.00    M    M  7.8 17 160   M    M   2         M  M
22  99  75  87   M   0  22 0.01    M    M  7.6 18  90   M    M   4         M  M
23  99  76  88   M   0  23 0.00    M    M  5.2 14 140   M    M   3        33 130
24  98  77  88   M   0  23    T    M    M  5.3 20 170   M    M   6 3      30 170
================================================================================
SM 2290 1746         0 531  0.01    M    178.8          M       63
================================================================================
AV 99.6 75.9                               7.5 FASTST   M    M   3    MAX(MPH)
                                 MISC ---->  # 20 150               # 39   50
================================================================================
NOTES:
# LAST OF SEVERAL OCCURRENCES

COLUMN 17 PEAK WIND IN M.P.H.

PRELIMINARY LOCAL CLIMATOLOGICAL DATA (WS FORM: F-6) , PAGE 2

                                          STATION:  RANDOLPH AFB
                                          MONTH:    AUGUST
                                          YEAR:     2019
                                          LATITUDE:   29 31 N
                                          LONGITUDE:  98 17 W

[TEMPERATURE DATA]      [PRECIPITATION DATA]       SYMBOLS USED IN COLUMN 16

AVERAGE MONTHLY: 87.7   TOTAL FOR MONTH:   0.01    1 = FOG OR MIST
DPTR FM NORMAL:     M   DPTR FM NORMAL:       M    2 = FOG REDUCING VISIBILITY
HIGHEST:   102 ON 16,13 GRTST 24HR  0.01 ON 22-22      TO 1/4 MILE OR LESS
LOWEST:     73 ON 13, 2                            3 = THUNDER
                        SNOW, ICE PELLETS, HAIL    4 = ICE PELLETS
                        TOTAL MONTH:    M          5 = HAIL
                        GRTST 24HR    M  ON   M    6 = FREEZING RAIN OR DRIZZLE
                        GRTST DEPTH:  M  ON   M    7 = DUSTSTORM OR SANDSTORM:
                                                       VSBY 1/2 MILE OR LESS
                                                   8 = SMOKE OR HAZE
[NO. OF DAYS WITH]      [WEATHER - DAYS WITH]      9 = BLOWING SNOW
                                                   X = TORNADO
MAX 32 OR BELOW:   0    0.01 INCH OR MORE:   1
MAX 90 OR ABOVE:  23    0.10 INCH OR MORE:   0
MIN 32 OR BELOW:   0    0.50 INCH OR MORE:   0
MIN  0 OR BELOW:   0    1.00 INCH OR MORE:   0

[HDD (BASE 65) ]
TOTAL THIS MO.     0    CLEAR  (SCALE 0-3)  15
DPTR FM NORMAL     M    PTCLDY (SCALE 4-7)   9
TOTAL FM JUL 1     0    CLOUDY (SCALE 8-10)  0
DPTR FM NORMAL     M

[CDD (BASE 65) ]
TOTAL THIS MO.   531
DPTR FM NORMAL     M    [PRESSURE DATA]
TOTAL FM JAN 1  2186    HIGHEST SLP M ON M
DPTR FM NORMAL     M    LOWEST  SLP M ON M

[REMARKS]
