000
CXUS51 KRNK 250942
CF6RNK

PRELIMINARY LOCAL CLIMATOLOGICAL DATA (WS FORM: F-6)

                                          STATION:   BLACKSBURG VA
                                          MONTH:     APRIL
                                          YEAR:      2019
                                          LATITUDE:   37 13 N
                                          LONGITUDE:  80 25 W

  TEMPERATURE IN F:       :PCPN:    SNOW:  WIND      :SUNSHINE: SKY     :PK WND
================================================================================
1   2   3   4   5  6A  6B    7    8   9   10  11  12  13   14  15   16   17  18
                                     12Z  AVG MX 2MIN
DY MAX MIN AVG DEP HDD CDD  WTR  SNW DPTH SPD SPD DIR MIN PSBL S-S WX    SPD DR
================================================================================

 1  48  21  35 -11  30   0 0.00  0.0    0  6.4 21 320   M    M   0        28 320
 2  53  27  40  -7  25   0 0.00  0.0    0  2.8  9 100   M    M   2         M  M
 3  65  30  48   1  17   0 0.00  0.0    0  4.8 20 310   M    M   0        31 310
 4  70  38  54   7  11   0 0.00  0.0    0  3.8 12 110   M    M   1        18 110
 5  59  45  52   4  13   0 0.72  0.0    0  4.6 12 110   M    M  10 1       M  M
 6  71  47  59  11   6   0 0.00  0.0    0  2.4  9 110   M    M   8 1       M  M
 7  68  48  58  10   7   0 0.01  0.0    0  4.8 14 190   M    M   8        20 190
 8  74  50  62  14   3   0 0.50  0.0    0  2.2  8 290   M    M   6 123    33 280
 9  71  53  62  13   3   0 0.01  0.0    0  4.7 16 310   M    M   3 1      25 310
10  72  38  55   6  10   0 0.00  0.0    0  2.4 10 300   M    M   1        16 280
11  71  45  58   9   7   0 0.00  0.0    0  6.2 13 190   M    M   4        21 190
12  67  57  62  12   3   0 0.67  0.0    0  6.6 13 160   M    M   9 13     21 160
13  63  52  58   8   7   0 0.03  0.0    0  3.0 10 110   M    M   6 12      M  M
14  68  54  61  11   4   0 0.78  0.0    0  6.6 16 210   M    M  10 13     31 200
15  56  35  46  -5  19   0    T  0.0    0 13.6 28 310   M    M   8        39 310
16  73  30  52   1  13   0 0.00  0.0    0  4.2 12 200   M    M   0        17 200
17  77  41  59   8   6   0 0.00  0.0    0  2.2  8 210   M    M   0         M  M
18  78  49  64  12   1   0 0.01  0.0    0  6.0 17 180   M    M   3 3      24 170
19  69  56  63  11   2   0 1.33  0.0    0  6.9 14 170   M    M  10 13     21 290
20  57  39  48  -4  17   0 0.05  0.0    0  5.5 13 150   M    M   7        21 170
21  59  39  49  -3  16   0 0.00  0.0    0  4.7 12 330   M    M   7        17 310
22  72  35  54   1  11   0 0.00  0.0    0  3.4  9 310   M    M   0         M  M
23  81  42  62   9   3   0 0.00  0.0    0  2.7 12 240   M    M   0        21 240
24  79  54  67  14   0   2 0.00  0.0    0  4.4 18 310   M    M   2        26 310
================================================================================
SM 1621 1025       234   2  4.11     0.0 114.9          M      105
================================================================================
AV 67.5 42.7                               4.8 FASTST   M    M   4    MAX(MPH)
                                 MISC ---->  # 28 310               # 39  310
================================================================================
NOTES:
# LAST OF SEVERAL OCCURRENCES

COLUMN 17 PEAK WIND IN M.P.H.

PRELIMINARY LOCAL CLIMATOLOGICAL DATA (WS FORM: F-6) , PAGE 2

                                          STATION:  BLACKSBURG VA
                                          MONTH:    APRIL
                                          YEAR:     2019
                                          LATITUDE:   37 13 N
                                          LONGITUDE:  80 25 W

[TEMPERATURE DATA]      [PRECIPITATION DATA]       SYMBOLS USED IN COLUMN 16

AVERAGE MONTHLY: 55.1   TOTAL FOR MONTH:   4.11    1 = FOG OR MIST
DPTR FM NORMAL:   5.3   DPTR FM NORMAL:    1.33    2 = FOG REDUCING VISIBILITY
HIGHEST:    81 ON 23    GRTST 24HR  1.33 ON 19-19      TO 1/4 MILE OR LESS
LOWEST:     21 ON  1                               3 = THUNDER
                        SNOW, ICE PELLETS, HAIL    4 = ICE PELLETS
                        TOTAL MONTH:   0.0 INCH    5 = HAIL
                        GRTST 24HR     0.0         6 = FREEZING RAIN OR DRIZZLE
                        GRTST DEPTH:   0           7 = DUSTSTORM OR SANDSTORM:
                                                       VSBY 1/2 MILE OR LESS
                                                   8 = SMOKE OR HAZE
[NO. OF DAYS WITH]      [WEATHER - DAYS WITH]      9 = BLOWING SNOW
                                                   X = TORNADO
MAX 32 OR BELOW:   0    0.01 INCH OR MORE:  10
MAX 90 OR ABOVE:   0    0.10 INCH OR MORE:   5
MIN 32 OR BELOW:   4    0.50 INCH OR MORE:   5
MIN  0 OR BELOW:   0    1.00 INCH OR MORE:   1

[HDD (BASE 65) ]
TOTAL THIS MO.   234    CLEAR  (SCALE 0-3)  12
DPTR FM NORMAL  -131    PTCLDY (SCALE 4-7)   6
TOTAL FM JUL 1  4768    CLOUDY (SCALE 8-10)  6
DPTR FM NORMAL  -372

[CDD (BASE 65) ]
TOTAL THIS MO.     2
DPTR FM NORMAL     2    [PRESSURE DATA]
TOTAL FM JAN 1     2    HIGHEST SLP M ON M
DPTR FM NORMAL     2    LOWEST  SLP M ON M

[REMARKS]
