000
CXUS56 KSGX 221545
CF6RNM
PRELIMINARY LOCAL CLIMATOLOGICAL DATA (WS FORM: F-6)

                                          STATION:   RAMONA AIRPORT CA
                                          MONTH:     FEBRUARY
                                          YEAR:      2019
                                          LATITUDE:   33  2 N
                                          LONGITUDE: 116 55 W

  TEMPERATURE IN F:       :PCPN:    SNOW:  WIND      :SUNSHINE: SKY     :PK WND
================================================================================
1   2   3   4   5  6A  6B    7    8   9   10  11  12  13   14  15   16   17  18
                                     12Z  AVG MX 2MIN
DY MAX MIN AVG DEP HDD CDD  WTR  SNW DPTH SPD SPD DIR MIN PSBL S-S WX    SPD DR
================================================================================

 1  61  39  50   0  15   0 0.01    M    0  3.1 10 250   M    M   7 12     13 170
 2  61  46  54   4  11   0 1.41    M    0  6.1 22 280   M    M  10 1      29 180
 3  56  45  51   1  14   0 0.01    M    0  5.6 15 230   M    M   9 1      18 230
 4  55  48  52   2  13   0 0.89    M    0  8.5 18 220   M    M  10 1      23 210
 5  52  40  46  -4  19   0 0.60    M    0  8.4 22 270   M    M   7 1      24 280
 6  51  32  42  -8  23   0 0.00  0.0    0  4.9 18 290   M    M   3 1      25 280
 7  59  27  43  -7  22   0 0.00  0.0    0  3.9 14  80   M    M   0 1      18  70
 8  60  28  44  -6  21   0 0.00  0.0    0  3.0 14 270   M    M   0 1      17 280
 9  55  33  44  -6  21   0    T    M    0  3.3 14 300   M    M   5 12     16 310
10  54  31  43  -8  22   0 0.09    M    0  6.0 20 260   M    M   8 1      24 270
11  61  30  46  -5  19   0 0.00  0.0    0  3.0 12 300   M    M   1 1      15 270
12  68  29  49  -2  16   0 0.00  0.0    0  3.0 12 300   M    M   0        14 300
13  63  41  52   1  13   0 0.60    M    0  4.9 22 210   M    M   7 18     28 200
14  62  49  56   5   9   0 3.55    M    0 13.4 33 220   M    M   9 1      42 250
15  57  44  51   0  14   0 0.13    M    0  5.8 20 270   M    M   8 12     24 270
16  55  42  49  -2  16   0 0.18    M    0  7.0 18 270   M    M   6 1      22 280
17  53  43  48  -3  17   0 0.26    M    0 12.9 24 260   M    M   9 1      30 240
18  52  32  42  -9  23   0 0.07    M    0  6.1 26  10   M    M   4 1      31  20
19  54  27  41 -10  24   0 0.00  0.0    0  4.6 15 270   M    M   0 1      20 270
20  50  27  39 -12  26   0 0.27    M    0  6.7 18 240   M    M   6 1      24 230
21  47  36  42  -9  23   0 0.70    M    0  9.2 22 270   M    M   8 18     28 270
================================================================================
SM 1186  769       381   0  8.77     0.0 129.4          M      117
================================================================================
AV 56.5 36.6                               6.2 FASTST   M    M   6    MAX(MPH)
                                 MISC ---->  # 33 220               # 42  250
================================================================================
NOTES:
# LAST OF SEVERAL OCCURRENCES

COLUMN 17 PEAK WIND IN M.P.H.

PRELIMINARY LOCAL CLIMATOLOGICAL DATA (WS FORM: F-6) , PAGE 2

                                          STATION:  RAMONA AIRPORT CA
                                          MONTH:    FEBRUARY
                                          YEAR:     2019
                                          LATITUDE:   33  2 N
                                          LONGITUDE: 116 55 W

[TEMPERATURE DATA]      [PRECIPITATION DATA]       SYMBOLS USED IN COLUMN 16

AVERAGE MONTHLY: 46.6   TOTAL FOR MONTH:   8.77    1 = FOG OR MIST
DPTR FM NORMAL:  -4.0   DPTR FM NORMAL:    6.56    2 = FOG REDUCING VISIBILITY
HIGHEST:    68 ON 12    GRTST 24HR  3.55 ON 14-14      TO 1/4 MILE OR LESS
LOWEST:     27 ON 20,19                            3 = THUNDER
                        SNOW, ICE PELLETS, HAIL    4 = ICE PELLETS
                        TOTAL MONTH:   0.0 INCH    5 = HAIL
                        GRTST 24HR     0.0         6 = FREEZING RAIN OR DRIZZLE
                        GRTST DEPTH:   0           7 = DUSTSTORM OR SANDSTORM:
                                                       VSBY 1/2 MILE OR LESS
                                                   8 = SMOKE OR HAZE
[NO. OF DAYS WITH]      [WEATHER - DAYS WITH]      9 = BLOWING SNOW
                                                   X = TORNADO
MAX 32 OR BELOW:   0    0.01 INCH OR MORE:  14
MAX 90 OR ABOVE:   0    0.10 INCH OR MORE:  10
MIN 32 OR BELOW:   9    0.50 INCH OR MORE:   6
MIN  0 OR BELOW:   0    1.00 INCH OR MORE:   2

[HDD (BASE 65) ]
TOTAL THIS MO.   381    CLEAR  (SCALE 0-3)   6
DPTR FM NORMAL    79    PTCLDY (SCALE 4-7)   9
TOTAL FM JUL 1  1454    CLOUDY (SCALE 8-10)  6
DPTR FM NORMAL  -195

[CDD (BASE 65) ]
TOTAL THIS MO.     0
DPTR FM NORMAL     0    [PRESSURE DATA]
TOTAL FM JAN 1     0    HIGHEST SLP M ON M
DPTR FM NORMAL    -1    LOWEST  SLP 29.71 ON 14

[REMARKS]
