301
CXUS55 KREV 240841
CF6RNO
PRELIMINARY LOCAL CLIMATOLOGICAL DATA (WS FORM: F-6)

                                          STATION:   RENO-TAHOE INTL AIRPORT NV
                                          MONTH:     AUGUST
                                          YEAR:      2019
                                          LATITUDE:   39 30 N
                                          LONGITUDE: 119 47 W

  TEMPERATURE IN F:       :PCPN:    SNOW:  WIND      :SUNSHINE: SKY     :PK WND
================================================================================
1   2   3   4   5  6A  6B    7    8   9   10  11  12  13   14  15   16   17  18
                                     12Z  AVG MX 2MIN
DY MAX MIN AVG DEP HDD CDD  WTR  SNW DPTH SPD SPD DIR MIN PSBL S-S WX    SPD DR
================================================================================

 1  95  58  77   1   0  12 0.00  0.0    0  7.8 26 300   M    M   2        34 300
 2  94  58  76   0   0  11 0.00  0.0    0  5.0 18 330   M    M   1        25 340
 3  98  62  80   4   0  15 0.00  0.0    0  7.8 24 280   M    M   2        29 280
 4  96  63  80   5   0  15 0.00  0.0    0  6.4 21 290   M    M   3        29 280
 5  98  60  79   4   0  14 0.00  0.0    0  6.4 21 330   M    M   5        28 320
 6  95  65  80   5   0  15 0.00  0.0    0  5.9 21 290   M    M   7        27 290
 7  96  68  82   7   0  17 0.00  0.0    0  6.6 22 200   M    M   7 3      31 160
 8  87  64  76   1   0  11    T  0.0    0  6.7 24  90   M    M   4 3      32  90
 9  85  59  72  -3   0   7 0.00  0.0    0  7.3 25 300   M    M   M        32 290
10  82  53  68  -6   0   3 0.00  0.0    0  8.6 29 210   M    M   M        36 200
11  84  52  68  -6   0   3 0.00  0.0    0  4.8 16 360   M    M   1        18 330
12  91  57  74   0   0   9 0.00  0.0    0  4.5 18 320   M    M   1        23 270
13  95  62  79   5   0  14 0.00  0.0    0  5.9 18 300   M    M   1        25 280
14  99  60  80   6   0  15 0.00  0.0    0  6.4 20 320   M    M   1        25 310
15 100  63  82   8   0  17 0.00  0.0    0  6.1 21 310   M    M   1        28 280
16  97  64  81   8   0  16 0.00  0.0    0  7.8 22 250   M    M   1        29 280
17  96  63  80   7   0  15 0.00  0.0    0  6.9 21 310   M    M   0        28 280
18  98  62  80   7   0  15 0.00  0.0    0  6.6 23 270   M    M   1        34 290
19  95  62  79   6   0  14 0.00  0.0    0  6.4 22 330   M    M   1        27 330
20  94  60  77   5   0  12 0.00  0.0    0  7.3 25 320   M    M   2        31 330
21  94  61  78   6   0  13 0.00  0.0    0  8.1 25 290   M    M   5        31 300
22  88  64  76   4   0  11 0.00  0.0    0  5.1 18  10   M    M   5        21 350
23  94  59  77   5   0  12 0.00  0.0    0  4.4 14 310   M    M   3        21 280
================================================================================
SM 2151 1399         0 286    T      0.0 148.8          M       54
================================================================================
AV 93.5 60.8                               6.5 FASTST   M    M   3    MAX(MPH)
                                 MISC ---->  # 29 210               # 36  200
================================================================================
NOTES:
# LAST OF SEVERAL OCCURRENCES

COLUMN 17 PEAK WIND IN M.P.H.

PRELIMINARY LOCAL CLIMATOLOGICAL DATA (WS FORM: F-6) , PAGE 2

                                          STATION:  RENO-TAHOE INTL AIRPORT NV
                                          MONTH:    AUGUST
                                          YEAR:     2019
                                          LATITUDE:   39 30 N
                                          LONGITUDE: 119 47 W

[TEMPERATURE DATA]      [PRECIPITATION DATA]       SYMBOLS USED IN COLUMN 16

AVERAGE MONTHLY: 77.2   TOTAL FOR MONTH:      T    1 = FOG OR MIST
DPTR FM NORMAL:   3.2   DPTR FM NORMAL:   -0.19    2 = FOG REDUCING VISIBILITY
HIGHEST:   100 ON 15    GRTST 24HR    T  ON  8- 8      TO 1/4 MILE OR LESS
LOWEST:     52 ON 11                               3 = THUNDER
                        SNOW, ICE PELLETS, HAIL    4 = ICE PELLETS
                        TOTAL MONTH:   0.0 INCH    5 = HAIL
                        GRTST 24HR     0.0         6 = FREEZING RAIN OR DRIZZLE
                        GRTST DEPTH:   0           7 = DUSTSTORM OR SANDSTORM:
                                                       VSBY 1/2 MILE OR LESS
                                                   8 = SMOKE OR HAZE
[NO. OF DAYS WITH]      [WEATHER - DAYS WITH]      9 = BLOWING SNOW
                                                   X = TORNADO
MAX 32 OR BELOW:   0    0.01 INCH OR MORE:   0
MAX 90 OR ABOVE:  18    0.10 INCH OR MORE:   0
MIN 32 OR BELOW:   0    0.50 INCH OR MORE:   0
MIN  0 OR BELOW:   0    1.00 INCH OR MORE:   0

[HDD (BASE 65) ]
TOTAL THIS MO.     0    CLEAR  (SCALE 0-3)  14
DPTR FM NORMAL     0    PTCLDY (SCALE 4-7)   7
TOTAL FM JUL 1     0    CLOUDY (SCALE 8-10)  0
DPTR FM NORMAL    -5

[CDD (BASE 65) ]
TOTAL THIS MO.   286
DPTR FM NORMAL    77    [PRESSURE DATA]
TOTAL FM JAN 1   877    HIGHEST SLP M ON M
DPTR FM NORMAL   181    LOWEST  SLP 29.68 ON 18

[REMARKS]
#FINAL--#
