000
CXUS55 KREV 190847
CF6RNO
PRELIMINARY LOCAL CLIMATOLOGICAL DATA (WS FORM: F-6)

                                          STATION:   RENO-TAHOE INTL AIRPORT NV
                                          MONTH:     APRIL
                                          YEAR:      2019
                                          LATITUDE:   39 30 N
                                          LONGITUDE: 119 47 W

  TEMPERATURE IN F:       :PCPN:    SNOW:  WIND      :SUNSHINE: SKY     :PK WND
================================================================================
1   2   3   4   5  6A  6B    7    8   9   10  11  12  13   14  15   16   17  18
                                     12Z  AVG MX 2MIN
DY MAX MIN AVG DEP HDD CDD  WTR  SNW DPTH SPD SPD DIR MIN PSBL S-S WX    SPD DR
================================================================================

 1  64  44  54   6  11   0 0.11  0.0    0  4.4 20 300   M    M  10        26 290
 2  59  41  50   2  15   0 0.06  0.0    0  7.2 24 290   M    M   6 1      31 280
 3  63  34  49   1  16   0 0.00  0.0    0  4.8 20 280   M    M   6        23 290
 4  62  41  52   4  13   0 0.00  0.0    0  6.3 29 290   M    M   9        36 290
 5  53  38  46  -2  19   0    T  0.0    0  5.9 22 280   M    M   5        28 280
 6  62  37  50   1  15   0 0.00  0.0    0  6.5 22 290   M    M   8        27 280
 7  72  47  60  11   5   0 0.00  0.0    0  9.2 28 280   M    M   6        36 280
 8  69  49  59  10   6   0 0.04  0.0    0 13.1 38 140   M    M   7        55 140
 9  54  38  46  -3  19   0 0.03    T    0 14.8 29 360   M    M   6 5      37 350
10  59  34  47  -2  18   0 0.00  0.0    0  9.8 24 360   M    M   4        29 360
11  53  41  47  -3  18   0    T  0.0    0  9.2 25 350   M    M   7        29 330
12  60  33  47  -3  18   0 0.00  0.0    0  5.3 16  10   M    M   3        21 360
13  74  36  55   5  10   0 0.00  0.0    0  5.6 22 290   M    M   4        31 290
14  68  49  59   9   6   0 0.00  0.0    0  9.8 33 220   M    M   7        45 270
15  64  45  55   5  10   0 0.00  0.0    0 12.8 39 190   M    M   8        45 180
16  61  39  50  -1  15   0    T    M    0  7.8 22  10   M    M   5        29  10
17  71  35  53   2  12   0 0.00  0.0    0  3.8 14 360   M    M   4        19  40
18  80  42  61  10   4   0 0.00  0.0    0  4.4 15 150   M    M   2        21 130
================================================================================
SM 1148  723       230   0  0.24    T    140.7          M      107
================================================================================
AV 63.8 40.2                               7.8 FASTST   M    M   6    MAX(MPH)
                                 MISC ---->  # 39 190               # 55  140
================================================================================
NOTES:
# LAST OF SEVERAL OCCURRENCES

COLUMN 17 PEAK WIND IN M.P.H.

PRELIMINARY LOCAL CLIMATOLOGICAL DATA (WS FORM: F-6) , PAGE 2

                                          STATION:  RENO-TAHOE INTL AIRPORT NV
                                          MONTH:    APRIL
                                          YEAR:     2019
                                          LATITUDE:   39 30 N
                                          LONGITUDE: 119 47 W

[TEMPERATURE DATA]      [PRECIPITATION DATA]       SYMBOLS USED IN COLUMN 16

AVERAGE MONTHLY: 52.0   TOTAL FOR MONTH:   0.24    1 = FOG OR MIST
DPTR FM NORMAL:   2.6   DPTR FM NORMAL:   -0.05    2 = FOG REDUCING VISIBILITY
HIGHEST:    80 ON 18    GRTST 24HR  0.11 ON  1- 1      TO 1/4 MILE OR LESS
LOWEST:     33 ON 12                               3 = THUNDER
                        SNOW, ICE PELLETS, HAIL    4 = ICE PELLETS
                        TOTAL MONTH:    T          5 = HAIL
                        GRTST 24HR    T  ON  9- 9  6 = FREEZING RAIN OR DRIZZLE
                        GRTST DEPTH:   0           7 = DUSTSTORM OR SANDSTORM:
                                                       VSBY 1/2 MILE OR LESS
                                                   8 = SMOKE OR HAZE
[NO. OF DAYS WITH]      [WEATHER - DAYS WITH]      9 = BLOWING SNOW
                                                   X = TORNADO
MAX 32 OR BELOW:   0    0.01 INCH OR MORE:   4
MAX 90 OR ABOVE:   0    0.10 INCH OR MORE:   1
MIN 32 OR BELOW:   0    0.50 INCH OR MORE:   0
MIN  0 OR BELOW:   0    1.00 INCH OR MORE:   0

[HDD (BASE 65) ]
TOTAL THIS MO.   230    CLEAR  (SCALE 0-3)   1
DPTR FM NORMAL   -51    PTCLDY (SCALE 4-7)  15
TOTAL FM JUL 1  4299    CLOUDY (SCALE 8-10)  2
DPTR FM NORMAL  -218

[CDD (BASE 65) ]
TOTAL THIS MO.     0
DPTR FM NORMAL     0    [PRESSURE DATA]
TOTAL FM JAN 1     0    HIGHEST SLP M ON M
DPTR FM NORMAL     0    LOWEST  SLP 29.58 ON 15

[REMARKS]
#FINAL--#
