000
CXUS55 KREV 190837
CF6RNO
PRELIMINARY LOCAL CLIMATOLOGICAL DATA (WS FORM: F-6)

                                          STATION:   RENO-TAHOE INTL AIRPORT NV
                                          MONTH:     FEBRUARY
                                          YEAR:      2019
                                          LATITUDE:   39 30 N
                                          LONGITUDE: 119 47 W

  TEMPERATURE IN F:       :PCPN:    SNOW:  WIND      :SUNSHINE: SKY     :PK WND
================================================================================
1   2   3   4   5  6A  6B    7    8   9   10  11  12  13   14  15   16   17  18
                                     12Z  AVG MX 2MIN
DY MAX MIN AVG DEP HDD CDD  WTR  SNW DPTH SPD SPD DIR MIN PSBL S-S WX    SPD DR
================================================================================

 1  53  33  43   6  22   0 0.00  0.0    0  2.5 12 150   M    M   7        17 270
 2  49  35  42   4  23   0 0.46  0.0    0  6.9 25 180   M    M   8 1      29 280
 3  48  34  41   3  24   0 0.31  0.6    0  6.8 24 130   M    M   9 18     32 130
 4  42  27  35  -3  30   0 0.16  1.5    1 11.7 29 170   M    M   9 18     39 120
 5  34  21  28 -10  37   0 0.02  0.6    1  6.6 16 330   M    M   8 1      23 280
 6  39  23  31  -7  34   0    T    T    1  9.2 18 330   M    M   7        27 320
 7  36  17  27 -11  38   0 0.00  0.0    0  3.5  7 140   M    M   6        15 280
 8  42  22  32  -6  33   0 0.00  0.0    0  2.9  9 160   M    M   7        12 280
 9  44  27  36  -3  29   0 0.15  3.0    0 13.4 33 180   M    M   9 18     40 170
10  35  16  26 -13  39   0 0.17  4.1    5  6.8 17 280   M    M   6 158    23 270
11  39  10  25 -14  40   0 0.00  0.0    3  0.9  9 180   M    M   2        11 240
12  50  16  33  -6  32   0 0.00  0.0    2  9.8 44 180   M    M   6        52 190
13  51  36  44   4  21   0 0.74  0.0    0 10.4 29 150   M    M   9 1      36 140
14  48  33  41   1  24   0 1.20  0.1    0  9.1 35 190   M    M   9 1      43 160
15  39  29  34  -6  31   0 0.12  1.9    T  9.4 29 180   M    M   8 18     35 180
16  43  29  36  -4  29   0 0.01  0.2    0  7.5 25 280   M    M   7 8      34 260
17  31  23  27 -13  38   0 0.32  4.0    0  4.9 17 290   M    M   9 128    23 300
18  34  16  25 -16  40   0    T    T    4  3.6 12 320   M    M   7        20 310
================================================================================
SM  757  447       564   0  3.66    16.0 125.9          M      133
================================================================================
AV 42.1 24.8                               7.0 FASTST   M    M   7    MAX(MPH)
                                 MISC ---->  # 44 180               # 52  190
================================================================================
NOTES:
# LAST OF SEVERAL OCCURRENCES

COLUMN 17 PEAK WIND IN M.P.H.

PRELIMINARY LOCAL CLIMATOLOGICAL DATA (WS FORM: F-6) , PAGE 2

                                          STATION:  RENO-TAHOE INTL AIRPORT NV
                                          MONTH:    FEBRUARY
                                          YEAR:     2019
                                          LATITUDE:   39 30 N
                                          LONGITUDE: 119 47 W

[TEMPERATURE DATA]      [PRECIPITATION DATA]       SYMBOLS USED IN COLUMN 16

AVERAGE MONTHLY: 33.4   TOTAL FOR MONTH:   3.66    1 = FOG OR MIST
DPTR FM NORMAL:  -5.4   DPTR FM NORMAL:    3.04    2 = FOG REDUCING VISIBILITY
HIGHEST:    53 ON  1    GRTST 24HR  1.20 ON 14-14      TO 1/4 MILE OR LESS
LOWEST:     10 ON 11                               3 = THUNDER
                        SNOW, ICE PELLETS, HAIL    4 = ICE PELLETS
                        TOTAL MONTH:  16.0 INCHES  5 = HAIL
                        GRTST 24HR   4.1 ON 10-10  6 = FREEZING RAIN OR DRIZZLE
                        GRTST DEPTH:   5 ON 10     7 = DUSTSTORM OR SANDSTORM:
                                                       VSBY 1/2 MILE OR LESS
                                                   8 = SMOKE OR HAZE
[NO. OF DAYS WITH]      [WEATHER - DAYS WITH]      9 = BLOWING SNOW
                                                   X = TORNADO
MAX 32 OR BELOW:   1    0.01 INCH OR MORE:  11
MAX 90 OR ABOVE:   0    0.10 INCH OR MORE:   9
MIN 32 OR BELOW:  13    0.50 INCH OR MORE:   2
MIN  0 OR BELOW:   0    1.00 INCH OR MORE:   1

[HDD (BASE 65) ]
TOTAL THIS MO.   564    CLEAR  (SCALE 0-3)   1
DPTR FM NORMAL    94    PTCLDY (SCALE 4-7)   8
TOTAL FM JUL 1  3183    CLOUDY (SCALE 8-10)  9
DPTR FM NORMAL  -224

[CDD (BASE 65) ]
TOTAL THIS MO.     0
DPTR FM NORMAL     0    [PRESSURE DATA]
TOTAL FM JAN 1     0    HIGHEST SLP M ON M
DPTR FM NORMAL     0    LOWEST  SLP 29.27 ON 14

[REMARKS]
