000
CXUS51 KRNK 170543 RRA
CF6ROA

PRELIMINARY LOCAL CLIMATOLOGICAL DATA (WS FORM: F-6)

                                          STATION:   ROANOKE VA
                                          MONTH:     FEBRUARY
                                          YEAR:      2019
                                          LATITUDE:   37 19 N
                                          LONGITUDE:  79 58 W

  TEMPERATURE IN F:       :PCPN:    SNOW:  WIND      :SUNSHINE: SKY     :PK WND
================================================================================
1   2   3   4   5  6A  6B    7    8   9   10  11  12  13   14  15   16   17  18
                                     12Z  AVG MX 2MIN
DY MAX MIN AVG DEP HDD CDD  WTR  SNW DPTH SPD SPD DIR MIN PSBL S-S WX    SPD DR
================================================================================

 1  43  23  33  -4  32   0    T    T    0  4.6 16 260   M    M   7        23 250
 2  61  25  43   6  22   0 0.00  0.0    0  3.7 15 260   M    M   2        21 270
 3  65  31  48  10  17   0 0.00  0.0    0  2.2 12 120   M    M   5        18 110
 4  68  31  50  12  15   0 0.00  0.0    0  2.2 10 150   M    M   0        12 140
 5  71  44  58  20   7   0 0.00  0.0    0  6.1 20 290   M    M   4        25 310
 6  60  43  52  14  13   0    T  0.0    0  1.1  8 110   M    M   7        10 120
 7  72  52  62  24   3   0 0.13  0.0    0  3.2 10 120   M    M   5 1      11 200
 8  67  34  51  13  14   0    T  0.0    0 15.9 31 300   M    M   5        39 300
 9  42  27  35  -3  30   0 0.00  0.0    0  6.8 28 320   M    M   7        35 330
10  38  22  30  -8  35   0 0.18  0.0    0  2.3  9 110   M    M   6 16     12 120
11  43  32  38  -1  27   0 0.01  0.0    0  5.4 14 150   M    M  10 16     16 150
12  38  34  36  -3  29   0 0.65  0.0    0  4.1  9 360   M    M  10 1      10 150
13  51  35  43   4  22   0 0.00  0.0    0 13.8 31 310   M    M   1        43 310
14  58  33  46   7  19   0 0.00  0.0    0  5.1 17 270   M    M   5        23 270
15  61  48  55  16  10   0 0.00  0.0    0  7.9 23 310   M    M   7        28 320
16  50  35  43   3  22   0 0.44    T    0  7.0 15 310   M    M   8 1      20 320
================================================================================
SM  888  549       317   0  1.41    T     91.4          M       89
================================================================================
AV 55.5 34.3                               5.7 FASTST   M    M   6    MAX(MPH)
                                 MISC ---->  # 31 300               # 43  310
================================================================================
NOTES:
# LAST OF SEVERAL OCCURRENCES

COLUMN 17 PEAK WIND IN M.P.H.

PRELIMINARY LOCAL CLIMATOLOGICAL DATA (WS FORM: F-6) , PAGE 2

                                          STATION:  ROANOKE VA
                                          MONTH:    FEBRUARY
                                          YEAR:     2019
                                          LATITUDE:   37 19 N
                                          LONGITUDE:  79 58 W

[TEMPERATURE DATA]      [PRECIPITATION DATA]       SYMBOLS USED IN COLUMN 16

AVERAGE MONTHLY: 44.9   TOTAL FOR MONTH:   1.41    1 = FOG OR MIST
DPTR FM NORMAL:   6.6   DPTR FM NORMAL:   -0.25    2 = FOG REDUCING VISIBILITY
HIGHEST:    72 ON  7    GRTST 24HR  0.65 ON 12-12      TO 1/4 MILE OR LESS
LOWEST:     22 ON 10                               3 = THUNDER
                        SNOW, ICE PELLETS, HAIL    4 = ICE PELLETS
                        TOTAL MONTH:    T          5 = HAIL
                        GRTST 24HR    T  ON 16-16  6 = FREEZING RAIN OR DRIZZLE
                        GRTST DEPTH:   0           7 = DUSTSTORM OR SANDSTORM:
                                                       VSBY 1/2 MILE OR LESS
                                                   8 = SMOKE OR HAZE
[NO. OF DAYS WITH]      [WEATHER - DAYS WITH]      9 = BLOWING SNOW
                                                   X = TORNADO
MAX 32 OR BELOW:   0    0.01 INCH OR MORE:   5
MAX 90 OR ABOVE:   0    0.10 INCH OR MORE:   4
MIN 32 OR BELOW:   7    0.50 INCH OR MORE:   1
MIN  0 OR BELOW:   0    1.00 INCH OR MORE:   0

[HDD (BASE 65) ]
TOTAL THIS MO.   317    CLEAR  (SCALE 0-3)   3
DPTR FM NORMAL  -109    PTCLDY (SCALE 4-7)  10
TOTAL FM JUL 1  2767    CLOUDY (SCALE 8-10)  3
DPTR FM NORMAL  -151

[CDD (BASE 65) ]
TOTAL THIS MO.     0
DPTR FM NORMAL     0    [PRESSURE DATA]
TOTAL FM JAN 1     0    HIGHEST SLP M ON M
DPTR FM NORMAL     0    LOWEST  SLP 29.74 ON M

[REMARKS]
