000
CXUS51 KBUF 251205
CF6ROC
PRELIMINARY LOCAL CLIMATOLOGICAL DATA (WS FORM: F-6)

                                          STATION:   ROCHESTER NY
                                          MONTH:     APRIL
                                          YEAR:      2019
                                          LATITUDE:   43  7 N
                                          LONGITUDE:  77 40 W

  TEMPERATURE IN F:       :PCPN:    SNOW:  WIND      :SUNSHINE: SKY     :PK WND
================================================================================
1   2   3   4   5  6A  6B    7    8   9   10  11  12  13   14  15   16   17  18
                                     12Z  AVG MX 2MIN
DY MAX MIN AVG DEP HDD CDD  WTR  SNW DPTH SPD SPD DIR MIN PSBL S-S WX    SPD DR
================================================================================

 1  39  24  32  -8  33   0 0.13  1.9    2 10.8 21 280   M    M   6 1      26 280
 2  53  28  41   0  24   0 0.00  0.0    0  9.0 22 200   M    M   8        27 200
 3  48  31  40  -1  25   0    T    T    0 15.2 39 290   M    M   6        52 290
 4  43  29  36  -6  29   0 0.00  0.0    0  6.6 16 320   M    M   7        21 300
 5  45  31  38  -4  27   0 0.10  0.0    0  8.7 17 170   M    M  10 1      23 210
 6  60  41  51   9  14   0 0.00  0.0    0  5.0 14  10   M    M   8 18     18 360
 7  66  41  54  11  11   0 0.02  0.0    0  5.5 13  40   M    M   9        14  50
 8  66  43  55  12  10   0 0.32  0.0    0 12.7 31 270   M    M   9 1      39 280
 9  63  41  52   8  13   0    T  0.0    0 13.9 35 270   M    M   9        42 290
10  45  34  40  -4  25   0 0.02    T    0  5.6 16  10   M    M   7 18     22  20
11  42  33  38  -7  27   0 0.01    T    0 10.5 16 100   M    M   9        20 110
12  73  41  57  12   8   0 0.03  0.0    0 11.4 25 260   M    M   9        34 270
13  65  44  55  10  10   0 0.00  0.0    0 14.2 33 250   M    M   6        45 240
14  45  39  42  -4  23   0 0.50  0.0    0 10.0 30 270   M    M   9 13     38 330
15  45  38  42  -4  23   0 0.04    T    0 14.7 29 270   M    M   8 1      39 260
16  53  33  43  -4  22   0    T  0.0    0  7.9 20 280   M    M   6        24 280
17  61  31  46  -1  19   0 0.00  0.0    0  6.8 16 100   M    M   7 12     20 140
18  75  54  65  18   0   0 0.02  0.0    0 13.5 25 200   M    M   9        35 200
19  66  42  54   6  11   0 0.77  0.0    0  7.8 21  40   M    M  10 1      25 340
20  46  41  44  -4  21   0 0.23  0.0    0 10.6 20  50   M    M  10 1      25  50
21  56  45  51   2  14   0    T  0.0    0  4.3 12  30   M    M   9 1      13  30
22  61  48  55   6  10   0 0.00  0.0    0  2.8 13  30   M    M   7        16  40
23  75  44  60  11   5   0 0.10  0.0    0 10.9 28 270   M    M   8 18     42 280
24  55  40  48  -2  17   0 0.00  0.0    0 12.8 25 300   M    M   7        37 280
================================================================================
SM 1346  916       421   0  2.29     1.9 231.2          M      193
================================================================================
AV 56.1 38.2                               9.6 FASTST   M    M   8    MAX(MPH)
                                 MISC ---->  # 39 290               # 52  290
================================================================================
NOTES:
# LAST OF SEVERAL OCCURRENCES

COLUMN 17 PEAK WIND IN M.P.H.

PRELIMINARY LOCAL CLIMATOLOGICAL DATA (WS FORM: F-6) , PAGE 2

                                          STATION:  ROCHESTER NY
                                          MONTH:    APRIL
                                          YEAR:     2019
                                          LATITUDE:   43  7 N
                                          LONGITUDE:  77 40 W

[TEMPERATURE DATA]      [PRECIPITATION DATA]       SYMBOLS USED IN COLUMN 16

AVERAGE MONTHLY: 47.1   TOTAL FOR MONTH:   2.29    1 = FOG OR MIST
DPTR FM NORMAL:   2.0   DPTR FM NORMAL:    0.09    2 = FOG REDUCING VISIBILITY
HIGHEST:    75 ON 23,18 GRTST 24HR  0.77 ON 19-19      TO 1/4 MILE OR LESS
LOWEST:     24 ON  1                               3 = THUNDER
                        SNOW, ICE PELLETS, HAIL    4 = ICE PELLETS
                        TOTAL MONTH:   1.9 INCHES  5 = HAIL
                        GRTST 24HR   1.9 ON  1- 1  6 = FREEZING RAIN OR DRIZZLE
                        GRTST DEPTH:   2 ON  1     7 = DUSTSTORM OR SANDSTORM:
                                                       VSBY 1/2 MILE OR LESS
                                                   8 = SMOKE OR HAZE
[NO. OF DAYS WITH]      [WEATHER - DAYS WITH]      9 = BLOWING SNOW
                                                   X = TORNADO
MAX 32 OR BELOW:   0    0.01 INCH OR MORE:  13
MAX 90 OR ABOVE:   0    0.10 INCH OR MORE:   7
MIN 32 OR BELOW:   6    0.50 INCH OR MORE:   2
MIN  0 OR BELOW:   0    1.00 INCH OR MORE:   0

[HDD (BASE 65) ]
TOTAL THIS MO.   421    CLEAR  (SCALE 0-3)   0
DPTR FM NORMAL   -59    PTCLDY (SCALE 4-7)  12
TOTAL FM JUL 1  6010    CLOUDY (SCALE 8-10) 12
DPTR FM NORMAL  -208

[CDD (BASE 65) ]
TOTAL THIS MO.     0
DPTR FM NORMAL     0    [PRESSURE DATA]
TOTAL FM JAN 1     0    HIGHEST SLP M ON M
DPTR FM NORMAL     0    LOWEST  SLP 29.24 ON 15

[REMARKS]
