000
CXUS55 KABQ 251000
CF6ROW
PRELIMINARY LOCAL CLIMATOLOGICAL DATA (WS FORM: F-6)

                                          STATION:   ROSWELL NM
                                          MONTH:     APRIL
                                          YEAR:      2019
                                          LATITUDE:   33 17 N
                                          LONGITUDE: 104 32 W

  TEMPERATURE IN F:       :PCPN:    SNOW:  WIND      :SUNSHINE: SKY     :PK WND
================================================================================
1   2   3   4   5  6A  6B    7    8   9   10  11  12  13   14  15   16   17  18
                                     12Z  AVG MX 2MIN
DY MAX MIN AVG DEP HDD CDD  WTR  SNW DPTH SPD SPD DIR MIN PSBL S-S WX    SPD DR
================================================================================

 1  66  33  50  -7  15   0 0.00  0.0    0  7.6 17 160   M    M   1        21 170
 2  83  36  60   3   5   0 0.00  0.0    0  7.9 26 170   M    M   0        36 220
 3  82  43  63   6   2   0 0.00  0.0    0 12.7 31 280   M    M   0        38 270
 4  81  48  65   8   0   0 0.00  0.0    0  6.9 15 120   M    M   0        18 130
 5  79  44  62   4   3   0 0.00  0.0    0  5.7 18 250   M    M   1        25 280
 6  80  47  64   6   1   0 0.00  0.0    0  6.9 20 290   M    M   0        26 270
 7  85  51  68  10   0   3 0.00  0.0    0  9.2 22 330   M    M   0        27 340
 8  90  46  68  10   0   3 0.00  0.0    0  5.4 16 260   M    M   0        23 260
 9  97  47  72  13   0   7 0.00  0.0    0 10.4 29 260   M    M   0        36 260
10  88  54  71  12   0   6 0.00  0.0    0 29.9 52 240   M    M   3 8      63 240
11  70  45  58  -1   7   0 0.00  0.0    0 10.7 31 250   M    M   2        41 250
12  65  40  53  -7  12   0    T  0.0    0  6.7 20  20   M    M   4        27  10
13  52  36  44 -16  21   0 0.00  0.0    0  9.3 22  50   M    M   6        27  50
14  83  29  56  -4   9   0 0.00  0.0    0  8.2 17 210   M    M   0        27 240
15  91  50  71  11   0   6 0.00  0.0    0  9.3 26 200   M    M   0        40 190
16  89  50  70   9   0   5 0.00  0.0    0  9.9 23 250   M    M   0        32 230
17  74  54  64   3   1   0 0.05  0.0    0 12.4 29 270   M    M   3 3      35 280
18  75  47  61   0   4   0 0.00  0.0    0  7.6 16  50   M    M   2        21  20
19  78  43  61  -1   4   0 0.00  0.0    M  8.6 20 160   M    M   0        27 160
20  94  43  69   7   0   4 0.00  0.0    0 12.3 31 220   M    M   0        38 210
21  92  57  75  13   0  10 0.00  0.0    0 10.4 26 260   M    M   0        31 260
22  73  52  63   0   2   0 0.34  0.0    0 10.5 24 290   M    M   2 13     31 300
23  64  51  58  -5   7   0    T  0.0    0 10.3 18  10   M    M   7        22  10
24  73  51  62  -1   3   0 0.00  0.0    0  6.0 13 160   M    M   3        18 170
================================================================================
SM 1904 1097        96  44  0.39     0.0 234.8          M       34
================================================================================
AV 79.3 45.7                               9.8 FASTST   M    M   1    MAX(MPH)
                                 MISC ---->  # 52 240               # 63  240
================================================================================
NOTES:
# LAST OF SEVERAL OCCURRENCES

COLUMN 17 PEAK WIND IN M.P.H.

PRELIMINARY LOCAL CLIMATOLOGICAL DATA (WS FORM: F-6) , PAGE 2

                                          STATION:  ROSWELL NM
                                          MONTH:    APRIL
                                          YEAR:     2019
                                          LATITUDE:   33 17 N
                                          LONGITUDE: 104 32 W

[TEMPERATURE DATA]      [PRECIPITATION DATA]       SYMBOLS USED IN COLUMN 16

AVERAGE MONTHLY: 62.5   TOTAL FOR MONTH:   0.39    1 = FOG OR MIST
DPTR FM NORMAL:   2.7   DPTR FM NORMAL:   -0.06    2 = FOG REDUCING VISIBILITY
HIGHEST:    97 ON  9    GRTST 24HR  0.34 ON 22-22      TO 1/4 MILE OR LESS
LOWEST:     29 ON 14                               3 = THUNDER
                        SNOW, ICE PELLETS, HAIL    4 = ICE PELLETS
                        TOTAL MONTH:   0.0 INCH    5 = HAIL
                        GRTST 24HR     0.0         6 = FREEZING RAIN OR DRIZZLE
                        GRTST DEPTH:   0           7 = DUSTSTORM OR SANDSTORM:
                                                       VSBY 1/2 MILE OR LESS
                                                   8 = SMOKE OR HAZE
[NO. OF DAYS WITH]      [WEATHER - DAYS WITH]      9 = BLOWING SNOW
                                                   X = TORNADO
MAX 32 OR BELOW:   0    0.01 INCH OR MORE:   2
MAX 90 OR ABOVE:   5    0.10 INCH OR MORE:   1
MIN 32 OR BELOW:   1    0.50 INCH OR MORE:   0
MIN  0 OR BELOW:   0    1.00 INCH OR MORE:   0

[HDD (BASE 65) ]
TOTAL THIS MO.    96    CLEAR  (SCALE 0-3)  19
DPTR FM NORMAL   -50    PTCLDY (SCALE 4-7)   5
TOTAL FM JUL 1  3079    CLOUDY (SCALE 8-10)  0
DPTR FM NORMAL  -161

[CDD (BASE 65) ]
TOTAL THIS MO.    44
DPTR FM NORMAL    21    [PRESSURE DATA]
TOTAL FM JAN 1    57    HIGHEST SLP M ON M
DPTR FM NORMAL    31    LOWEST  SLP 29.37 ON 10

[REMARKS]
