000
CXUS55 KABQ 231000
CF6ROW
PRELIMINARY LOCAL CLIMATOLOGICAL DATA (WS FORM: F-6)

                                          STATION:   ROSWELL NM
                                          MONTH:     AUGUST
                                          YEAR:      2019
                                          LATITUDE:   33 17 N
                                          LONGITUDE: 104 32 W

  TEMPERATURE IN F:       :PCPN:    SNOW:  WIND      :SUNSHINE: SKY     :PK WND
================================================================================
1   2   3   4   5  6A  6B    7    8   9   10  11  12  13   14  15   16   17  18
                                     12Z  AVG MX 2MIN
DY MAX MIN AVG DEP HDD CDD  WTR  SNW DPTH SPD SPD DIR MIN PSBL S-S WX    SPD DR
================================================================================

 1 101  69  85   5   0  20 0.00  0.0    0  9.1 20 150   M    M   0        27 150
 2 103  72  88   8   0  23    T  0.0    0  8.9 22 360   M    M   2        28 140
 3 100  79  90  10   0  25    T  0.0    0  8.5 31 270   M    M   1 8      39 270
 4  96  73  85   5   0  20 0.00  0.0    0  5.6 15 250   M    M   0        18 150
 5  99  71  85   5   0  20 0.00  0.0    0  6.8 17 150   M    M   0        22 140
 6  96  77  87   7   0  22 0.12  0.0    0  5.3 18 270   M    M   2 3      22 280
 7 104  76  90  10   0  25 0.00  0.0    0  5.9 22 170   M    M   2 3      27 160
 8 105  73  89   9   0  24 0.00  0.0    0  5.6 25 300   M    M   0        32 290
 9 103  74  89   9   0  24 0.00  0.0    0  7.7 17 280   M    M   1 3      23 280
10 102  74  88   9   0  23 0.00  0.0    0  8.0 17 260   M    M   1 3      26 180
11 102  74  88   9   0  23 0.00  0.0    0  9.6 24 200   M    M   1        30 190
12 105  73  89  10   0  24 0.00  0.0    0  7.5 24 320   M    M   0        32 330
13 103  75  89  10   0  24    T  0.0    0  8.7 32 310   M    M   0 3      40 310
14  95  71  83   4   0  18    T  0.0    0  9.4 39  30   M    M   2 8      46  30
15 100  68  84   5   0  19 0.59  0.0    0  9.3 41  20   M    M   0 38     52  20
16 102  68  85   6   0  20 0.00  0.0    0  9.8 29 160   M    M   0        34 170
17 105  72  89  10   0  24 0.00  0.0    0  7.2 16 150   M    M   0        20 150
18 107  71  89  10   0  24 0.00  0.0    0  5.1 13 120   M    M   0        15  30
19 101  78  90  11   0  25    T  0.0    0  7.4 20 110   M    M   2        23 110
20  99  76  88   9   0  23 0.00  0.0    0  7.9 17 170   M    M   0        22 180
21  98  73  86   8   0  21 0.00  0.0    0  9.3 30  20   M    M   1        35  30
22  95  70  83   5   0  18 0.04  0.0    0  6.6 17 160   M    M   1        21 150
================================================================================
SM 2221 1607         0 489  0.75     0.0 169.2          M       16
================================================================================
AV101.0 73.1                               7.7 FASTST   M    M   1    MAX(MPH)
                                 MISC ---->  # 41  20               # 52   20
================================================================================
NOTES:
# LAST OF SEVERAL OCCURRENCES

COLUMN 17 PEAK WIND IN M.P.H.

PRELIMINARY LOCAL CLIMATOLOGICAL DATA (WS FORM: F-6) , PAGE 2

                                          STATION:  ROSWELL NM
                                          MONTH:    AUGUST
                                          YEAR:     2019
                                          LATITUDE:   33 17 N
                                          LONGITUDE: 104 32 W

[TEMPERATURE DATA]      [PRECIPITATION DATA]       SYMBOLS USED IN COLUMN 16

AVERAGE MONTHLY: 87.0   TOTAL FOR MONTH:   0.75    1 = FOG OR MIST
DPTR FM NORMAL:   7.7   DPTR FM NORMAL:   -0.69    2 = FOG REDUCING VISIBILITY
HIGHEST:   107 ON 18    GRTST 24HR  0.59 ON 15-15      TO 1/4 MILE OR LESS
LOWEST:     68 ON 16,15                            3 = THUNDER
                        SNOW, ICE PELLETS, HAIL    4 = ICE PELLETS
                        TOTAL MONTH:   0.0 INCH    5 = HAIL
                        GRTST 24HR     0.0         6 = FREEZING RAIN OR DRIZZLE
                        GRTST DEPTH:   0           7 = DUSTSTORM OR SANDSTORM:
                                                       VSBY 1/2 MILE OR LESS
                                                   8 = SMOKE OR HAZE
[NO. OF DAYS WITH]      [WEATHER - DAYS WITH]      9 = BLOWING SNOW
                                                   X = TORNADO
MAX 32 OR BELOW:   0    0.01 INCH OR MORE:   3
MAX 90 OR ABOVE:  22    0.10 INCH OR MORE:   2
MIN 32 OR BELOW:   0    0.50 INCH OR MORE:   1
MIN  0 OR BELOW:   0    1.00 INCH OR MORE:   0

[HDD (BASE 65) ]
TOTAL THIS MO.     0    CLEAR  (SCALE 0-3)  22
DPTR FM NORMAL     0    PTCLDY (SCALE 4-7)   0
TOTAL FM JUL 1     0    CLOUDY (SCALE 8-10)  0
DPTR FM NORMAL     0

[CDD (BASE 65) ]
TOTAL THIS MO.   489
DPTR FM NORMAL   175    [PRESSURE DATA]
TOTAL FM JAN 1  1861    HIGHEST SLP M ON M
DPTR FM NORMAL   449    LOWEST  SLP 29.68 ON 17

[REMARKS]
