000
CXUS56 KFGZ 190900
CF6RQE
PRELIMINARY LOCAL CLIMATOLOGICAL DATA (WS FORM: F-6)

                                          STATION:   WINDOW ROCK AZ AIRPORT
                                          MONTH:     FEBRUARY
                                          YEAR:      2019
                                          LATITUDE:   35 39 N
                                          LONGITUDE: 109  4 W

  TEMPERATURE IN F:       :PCPN:    SNOW:  WIND      :SUNSHINE: SKY     :PK WND
================================================================================
1   2   3   4   5  6A  6B    7    8   9   10  11  12  13   14  15   16   17  18
                                     12Z  AVG MX 2MIN
DY MAX MIN AVG DEP HDD CDD  WTR  SNW DPTH SPD SPD DIR MIN PSBL S-S WX    SPD DR
================================================================================

 1  56  26  41  10  24   0 0.00  0.0    0  2.0 13 110   M    M   3        17 100
 2  50  24  37   6  28   0 0.00    M    M  4.6 18 220   M    M   4        24 210
 3  50  39  45  14  20   0 0.04    M    M 11.4 25 240   M    M   8 1      32 210
 4  51  38  45  14  20   0 0.05    M    M 11.4 29 220   M    M   8 1      39 210
 5  48  35  42  11  23   0    T    M    M 18.9 32 210   M    M   6        43 210
 6  36  16  26  -5  39   0 0.17    M    M 17.8 35 240   M    M   9 128    45 240
 7  32   6  19 -13  46   0    T    M    M  5.6 15 250   M    M   1        21 240
 8  46   1  24  -8  41   0 0.00    M    M  2.5 15 200   M    M   0        25 230
 9  48  19  34   2  31   0 0.00    M    M  9.4 30 220   M    M   0        41 230
10  46  12  29  -3  36   0 0.00    M    M  9.2 26 220   M    M   0        31 220
11  34  15  25  -7  40   0 0.04    M    M  9.5 25 260   M    M   3 18     33 260
12  48   7  28  -4  37   0 0.00    M    M  2.7 12 140   M    M   0        16 140
13  52  19  36   3  29   0 0.00    M    M  6.7 23 220   M    M   4        28 230
14  45  37  41   8  24   0 0.59    M    M  7.9 28 240   M    M   8 1      38 240
15  51  35  43  10  22   0    T    M    M 12.6 36 240   M    M   2        51 240
16  40  24  32  -1  33   0 0.03    M    M 13.9 30 230   M    M   5 18     38 240
17  33  19  26  -7  39   0 0.10    M    M  8.3 25 230   M    M   7 128    35 220
18  30   8  19 -15  46   0 0.31    M    M  6.9 17 220   M    M   9 128    23 200
================================================================================
SM  796  380       578   0  1.33     0.0 161.3          M       77
================================================================================
AV 44.2 21.1                               9.0 FASTST   M    M   4    MAX(MPH)
                                 MISC ---->  # 36 240               # 51  240
================================================================================
NOTES:
# LAST OF SEVERAL OCCURRENCES

COLUMN 17 PEAK WIND IN M.P.H.

PRELIMINARY LOCAL CLIMATOLOGICAL DATA (WS FORM: F-6) , PAGE 2

                                          STATION:  WINDOW ROCK AZ AIRPORT
                                          MONTH:    FEBRUARY
                                          YEAR:     2019
                                          LATITUDE:   35 39 N
                                          LONGITUDE: 109  4 W

[TEMPERATURE DATA]      [PRECIPITATION DATA]       SYMBOLS USED IN COLUMN 16

AVERAGE MONTHLY: 32.7   TOTAL FOR MONTH:   1.33    1 = FOG OR MIST
DPTR FM NORMAL:   0.6   DPTR FM NORMAL:    0.86    2 = FOG REDUCING VISIBILITY
HIGHEST:    56 ON  1    GRTST 24HR  0.59 ON 14-14      TO 1/4 MILE OR LESS
LOWEST:      1 ON  8                               3 = THUNDER
                        SNOW, ICE PELLETS, HAIL    4 = ICE PELLETS
                        TOTAL MONTH:   0.0 INCH    5 = HAIL
                        GRTST 24HR     0.0         6 = FREEZING RAIN OR DRIZZLE
                        GRTST DEPTH:   0           7 = DUSTSTORM OR SANDSTORM:
                                                       VSBY 1/2 MILE OR LESS
                                                   8 = SMOKE OR HAZE
[NO. OF DAYS WITH]      [WEATHER - DAYS WITH]      9 = BLOWING SNOW
                                                   X = TORNADO
MAX 32 OR BELOW:   2    0.01 INCH OR MORE:   8
MAX 90 OR ABOVE:   0    0.10 INCH OR MORE:   4
MIN 32 OR BELOW:  13    0.50 INCH OR MORE:   1
MIN  0 OR BELOW:   0    1.00 INCH OR MORE:   0

[HDD (BASE 65) ]
TOTAL THIS MO.   578    CLEAR  (SCALE 0-3)   6
DPTR FM NORMAL   -15    PTCLDY (SCALE 4-7)   9
TOTAL FM JUL 1  4173    CLOUDY (SCALE 8-10)  3
DPTR FM NORMAL  -156

[CDD (BASE 65) ]
TOTAL THIS MO.     0
DPTR FM NORMAL     0    [PRESSURE DATA]
TOTAL FM JAN 1     0    HIGHEST SLP M ON M
DPTR FM NORMAL     0    LOWEST  SLP 29.63 ON  6

[REMARKS]
