000
CXUS53 KARX 210930
CF6RST
PRELIMINARY LOCAL CLIMATOLOGICAL DATA (WS FORM: F-6)

                                          STATION:   ROCHESTER MN
                                          MONTH:     APRIL
                                          YEAR:      2019
                                          LATITUDE:   43 55 N
                                          LONGITUDE:  92 30 W

  TEMPERATURE IN F:       :PCPN:    SNOW:  WIND      :SUNSHINE: SKY     :PK WND
================================================================================
1   2   3   4   5  6A  6B    7    8   9   10  11  12  13   14  15   16   17  18
                                     12Z  AVG MX 2MIN
DY MAX MIN AVG DEP HDD CDD  WTR  SNW DPTH SPD SPD DIR MIN PSBL S-S WX    SPD DR
================================================================================

 1  45  30  38  -2  27   0    T    T    0 14.0 24 200   M    M   7 1      30 200
 2  50  24  37  -3  28   0 0.10  1.0    1 14.1 35 300   M    M   6 12     42 300
 3  50  25  38  -3  27   0 0.00  0.0    0  9.1 20 260   M    M   2        30 260
 4  43  34  39  -2  26   0 0.07    T    0 13.8 23 100   M    M  10 1      33 130
 5  52  34  43   1  22   0    T  0.0    0  8.4 18 220   M    M  10 12     22 220
 6  67  44  56  14   9   0 0.12  0.0    0 11.7 21 140   M    M   8 1      26 170
 7  61  42  52   9  13   0 0.21  0.0    0 10.4 21 300   M    M   5 1      27 290
 8  71  36  54  11  11   0 0.00  0.0    0 16.0 33 240   M    M   0 1      47 220
 9  62  34  48   4  17   0 0.00  0.0    0 14.2 26 310   M    M   0        33 290
10  34  29  32 -12  33   0 0.51  4.1    0 19.0 33  70   M    M   9 1236   47  60
11  34  29  32 -13  33   0 0.58  1.0    3 22.7 39  80   M    M  10 1346   56  70
12  35  29  32 -13  33   0 0.01    T    2 20.5 32 200   M    M  10 16     42 200
13  35  29  32 -14  33   0 0.01    T    2 13.6 21 260   M    M  10        30 260
14  42  27  35 -11  30   0 0.00  0.0    1   M  17  30   M    M   3        23  20
15  56  26  41  -6  24   0 0.00  0.0    M 12.7 24 150   M    M   5        33 180
16  65  43  54   7  11   0 0.03  0.0    0  9.8 17  30   M    M   1 1      23  30
17  55  41  48   0  17   0 1.12  0.0    0 16.0 29 130   M    M   8 138    36 120
18  50  37  44  -4  21   0 0.02  0.0    0 16.8 26 350   M    M   9 1      34 330
19  60  33  47  -1  18   0 0.00  0.0    0  8.0 17  10   M    M   0        26 330
20  72  35  54   5  11   0 0.00  0.0    0 11.2 20 200   M    M   0        26 210
================================================================================
SM 1039  661       444   0  2.78     6.1 262.0          M      113
================================================================================
AV 52.0 33.1                              13.8 FASTST   M    M   6    MAX(MPH)
                                 MISC ---->  # 39  80               # 56   70
================================================================================
NOTES:
# LAST OF SEVERAL OCCURRENCES

COLUMN 17 PEAK WIND IN M.P.H.

PRELIMINARY LOCAL CLIMATOLOGICAL DATA (WS FORM: F-6) , PAGE 2

                                          STATION:  ROCHESTER MN
                                          MONTH:    APRIL
                                          YEAR:     2019
                                          LATITUDE:   43 55 N
                                          LONGITUDE:  92 30 W

[TEMPERATURE DATA]      [PRECIPITATION DATA]       SYMBOLS USED IN COLUMN 16

AVERAGE MONTHLY: 42.5   TOTAL FOR MONTH:   2.78    1 = FOG OR MIST
DPTR FM NORMAL:  -2.0   DPTR FM NORMAL:    0.75    2 = FOG REDUCING VISIBILITY
HIGHEST:    72 ON 20    GRTST 24HR  1.12 ON 17-17      TO 1/4 MILE OR LESS
LOWEST:     24 ON  2                               3 = THUNDER
                        SNOW, ICE PELLETS, HAIL    4 = ICE PELLETS
                        TOTAL MONTH:   6.1 INCHES  5 = HAIL
                        GRTST 24HR   4.1 ON 10-10  6 = FREEZING RAIN OR DRIZZLE
                        GRTST DEPTH:   3 ON 11     7 = DUSTSTORM OR SANDSTORM:
                                                       VSBY 1/2 MILE OR LESS
                                                   8 = SMOKE OR HAZE
[NO. OF DAYS WITH]      [WEATHER - DAYS WITH]      9 = BLOWING SNOW
                                                   X = TORNADO
MAX 32 OR BELOW:   0    0.01 INCH OR MORE:  11
MAX 90 OR ABOVE:   0    0.10 INCH OR MORE:   6
MIN 32 OR BELOW:   9    0.50 INCH OR MORE:   3
MIN  0 OR BELOW:   0    1.00 INCH OR MORE:   1

[HDD (BASE 65) ]
TOTAL THIS MO.   444    CLEAR  (SCALE 0-3)   7
DPTR FM NORMAL    31    PTCLDY (SCALE 4-7)   6
TOTAL FM JUL 1  8005    CLOUDY (SCALE 8-10)  7
DPTR FM NORMAL   720

[CDD (BASE 65) ]
TOTAL THIS MO.     0
DPTR FM NORMAL     0    [PRESSURE DATA]
TOTAL FM JAN 1     0    HIGHEST SLP M ON M
DPTR FM NORMAL     0    LOWEST  SLP 29.45 ON M

[REMARKS]
