000
CXUS53 KARX 180930
CF6RST
PRELIMINARY LOCAL CLIMATOLOGICAL DATA (WS FORM: F-6)

                                          STATION:   ROCHESTER MN
                                          MONTH:     FEBRUARY
                                          YEAR:      2019
                                          LATITUDE:   43 55 N
                                          LONGITUDE:  92 30 W

  TEMPERATURE IN F:       :PCPN:    SNOW:  WIND      :SUNSHINE: SKY     :PK WND
================================================================================
1   2   3   4   5  6A  6B    7    8   9   10  11  12  13   14  15   16   17  18
                                     12Z  AVG MX 2MIN
DY MAX MIN AVG DEP HDD CDD  WTR  SNW DPTH SPD SPD DIR MIN PSBL S-S WX    SPD DR
================================================================================

 1  15  -3   6 -10  59   0 0.00  0.0   12 13.4 22 180   M    M   6        29 180
 2  38  15  27  10  38   0 0.00  0.0   12 15.2 23 190   M    M   7 12     31 180
 3  40  35  38  21  27   0 0.01  0.0    7  7.5 15 220   M    M  10 12     20 190
 4  41   4  23   6  42   0 0.05    T    4 18.9 29 290   M    M   9 126    36 280
 5  15   2   9  -8  56   0 0.25  3.5    3  9.5 20  60   M    M   7 16     23  70
 6  22  15  19   1  46   0 0.13  1.2    6  7.8 22  60   M    M  10 146    26  60
 7  22  -6   8 -10  57   0 0.22  4.2    5 19.1 33 270   M    M  10 1269   43 290
 8  -3 -13  -8 -26  73   0 0.00  0.0    8 16.1 28 290   M    M   2 189    37 290
 9  13 -15  -1 -19  66   0 0.00  0.0    8  9.3 21 120   M    M   5        25 110
10  20  11  16  -2  49   0 0.14  1.6    8  8.0 14 110   M    M  10 1      16 110
11  24  19  22   3  43   0 0.10  1.4    9 12.6 20  80   M    M  10 1      27  70
12  23   6  15  -4  50   0 0.31  5.7   13 20.7 33 300   M    M  10 1      43 290
13  20   0  10  -9  55   0 0.00  0.0   15 12.6 24 290   M    M   5 1      31 280
14  27  -2  13  -7  52   0    T    T   15 16.9 32 310   M    M   4 189    39 310
15   6  -8  -1 -21  66   0 0.00  0.0   14 14.9 25 300   M    M   0 1      32 300
16  19  -7   6 -14  59   0 0.00  0.0   14  6.7 13  60   M    M   4        23  90
17  22  14  18  -3  47   0 0.18  4.2   14 13.1 21  30   M    M  10 1      25  40
================================================================================
SM  364   67       885   0  1.39    21.8 222.3          M      119
================================================================================
AV 21.4  3.9                              13.1 FASTST   M    M   7    MAX(MPH)
                                 MISC ---->  # 33 270               # 43  290
================================================================================
NOTES:
# LAST OF SEVERAL OCCURRENCES

COLUMN 17 PEAK WIND IN M.P.H.

PRELIMINARY LOCAL CLIMATOLOGICAL DATA (WS FORM: F-6) , PAGE 2

                                          STATION:  ROCHESTER MN
                                          MONTH:    FEBRUARY
                                          YEAR:     2019
                                          LATITUDE:   43 55 N
                                          LONGITUDE:  92 30 W

[TEMPERATURE DATA]      [PRECIPITATION DATA]       SYMBOLS USED IN COLUMN 16

AVERAGE MONTHLY: 12.7   TOTAL FOR MONTH:   1.39    1 = FOG OR MIST
DPTR FM NORMAL:  -5.7   DPTR FM NORMAL:    0.93    2 = FOG REDUCING VISIBILITY
HIGHEST:    41 ON  4    GRTST 24HR  0.31 ON 12-12      TO 1/4 MILE OR LESS
LOWEST:    -15 ON  9                               3 = THUNDER
                        SNOW, ICE PELLETS, HAIL    4 = ICE PELLETS
                        TOTAL MONTH:  21.8 INCHES  5 = HAIL
                        GRTST 24HR   5.7 ON 12-12  6 = FREEZING RAIN OR DRIZZLE
                        GRTST DEPTH:  15 ON 14,13  7 = DUSTSTORM OR SANDSTORM:
                                                       VSBY 1/2 MILE OR LESS
                                                   8 = SMOKE OR HAZE
[NO. OF DAYS WITH]      [WEATHER - DAYS WITH]      9 = BLOWING SNOW
                                                   X = TORNADO
MAX 32 OR BELOW:  14    0.01 INCH OR MORE:   9
MAX 90 OR ABOVE:   0    0.10 INCH OR MORE:   7
MIN 32 OR BELOW:  16    0.50 INCH OR MORE:   0
MIN  0 OR BELOW:   8    1.00 INCH OR MORE:   0

[HDD (BASE 65) ]
TOTAL THIS MO.   885    CLEAR  (SCALE 0-3)   2
DPTR FM NORMAL    94    PTCLDY (SCALE 4-7)   7
TOTAL FM JUL 1  5745    CLOUDY (SCALE 8-10)  8
DPTR FM NORMAL   346

[CDD (BASE 65) ]
TOTAL THIS MO.     0
DPTR FM NORMAL     0    [PRESSURE DATA]
TOTAL FM JAN 1     0    HIGHEST SLP M ON M
DPTR FM NORMAL     0    LOWEST  SLP 29.54 ON 14

[REMARKS]
