000
CXUS55 KTBW 181000
CF6RSW
PRELIMINARY LOCAL CLIMATOLOGICAL DATA (WS FORM: F-6)

                                          STATION:   Fort Myers SW Intl
                                          MONTH:     FEBRUARY
                                          YEAR:      2019
                                          LATITUDE:   26 31 N
                                          LONGITUDE:  81 45 W

  TEMPERATURE IN F:       :PCPN:    SNOW:  WIND      :SUNSHINE: SKY     :PK WND
================================================================================
1   2   3   4   5  6A  6B    7    8   9   10  11  12  13   14  15   16   17  18
                                     12Z  AVG MX 2MIN
DY MAX MIN AVG DEP HDD CDD  WTR  SNW DPTH SPD SPD DIR MIN PSBL S-S WX    SPD DR
================================================================================

 1  79  62  71   6   0   6    T  0.0    0  8.4 17  70   M    M   6        28 200
 2  80  61  71   6   0   6    T  0.0    0  5.0 13 160   M    M   2        17 160
 3  80  60  70   5   0   5 0.00  0.0    0  4.1 13 250   M    M   5 12     17 270
 4  79  64  72   7   0   7 0.00  0.0    0  3.3  8 290   M    M   5 1      13 320
 5  80  59  70   5   0   5 0.00  0.0    0  3.6 12  40   M    M   3 12     14  50
 6  81  58  70   5   0   5 0.00  0.0    0  5.0 14 120   M    M   1 12     23 110
 7  82  59  71   6   0   6 0.00  0.0    0  5.3 14  80   M    M   0        19 150
 8  82  59  71   5   0   6 0.00  0.0    0  4.5 14 110   M    M   3        17 100
 9  82  62  72   6   0   7    T  0.0    0 11.1 25  80   M    M   2        31  80
10  83  62  73   7   0   8    T  0.0    0  9.0 18 110   M    M   2        24  60
11  84  64  74   8   0   9    T  0.0    0  7.5 17 140   M    M   7 1      22 130
12  85  66  76  10   0  11    T  0.0    0  8.4 21 230   M    M   4 12     25 230
13  73  55  64  -2   1   0 1.09  0.0    0  8.8 16  20   M    M   6 13     23  20
14  76  48  62  -4   3   0 0.00  0.0    0  8.0 18 110   M    M   0        25  70
15  78  56  67   1   0   2 0.00  0.0    0  4.7 13 230   M    M   0        16 180
16  79  58  69   3   0   4 0.00  0.0    0  6.1 16 220   M    M   1 1      21 240
17  84  63  74   8   0   9 0.00  0.0    0  7.8 18 190   M    M   2 1      24 180
================================================================================
SM 1367 1016         4  96  1.09     0.0 110.6          M       49
================================================================================
AV 80.4 59.8                               6.5 FASTST   M    M   3    MAX(MPH)
                                 MISC ---->  # 25  80               # 31   80
================================================================================
NOTES:
# LAST OF SEVERAL OCCURRENCES

COLUMN 17 PEAK WIND IN M.P.H.

PRELIMINARY LOCAL CLIMATOLOGICAL DATA (WS FORM: F-6) , PAGE 2

                                          STATION:  Fort Myers SW Intl
                                          MONTH:    FEBRUARY
                                          YEAR:     2019
                                          LATITUDE:   26 31 N
                                          LONGITUDE:  81 45 W

[TEMPERATURE DATA]      [PRECIPITATION DATA]       SYMBOLS USED IN COLUMN 16

AVERAGE MONTHLY: 70.1   TOTAL FOR MONTH:   1.09    1 = FOG OR MIST
DPTR FM NORMAL:   4.5   DPTR FM NORMAL:    0.23    2 = FOG REDUCING VISIBILITY
HIGHEST:    85 ON 12    GRTST 24HR  1.09 ON 13-13      TO 1/4 MILE OR LESS
LOWEST:     48 ON 14                               3 = THUNDER
                        SNOW, ICE PELLETS, HAIL    4 = ICE PELLETS
                        TOTAL MONTH:   0.0 INCH    5 = HAIL
                        GRTST 24HR     0.0         6 = FREEZING RAIN OR DRIZZLE
                        GRTST DEPTH:   0           7 = DUSTSTORM OR SANDSTORM:
                                                       VSBY 1/2 MILE OR LESS
                                                   8 = SMOKE OR HAZE
[NO. OF DAYS WITH]      [WEATHER - DAYS WITH]      9 = BLOWING SNOW
                                                   X = TORNADO
MAX 32 OR BELOW:   0    0.01 INCH OR MORE:   1
MAX 90 OR ABOVE:   0    0.10 INCH OR MORE:   1
MIN 32 OR BELOW:   0    0.50 INCH OR MORE:   1
MIN  0 OR BELOW:   0    1.00 INCH OR MORE:   1

[HDD (BASE 65) ]
TOTAL THIS MO.     4    CLEAR  (SCALE 0-3)  10
DPTR FM NORMAL   -36    PTCLDY (SCALE 4-7)   7
TOTAL FM JUL 1   206    CLOUDY (SCALE 8-10)  0
DPTR FM NORMAL    38

[CDD (BASE 65) ]
TOTAL THIS MO.    96
DPTR FM NORMAL    48    [PRESSURE DATA]
TOTAL FM JAN 1   150    HIGHEST SLP M ON M
DPTR FM NORMAL    40    LOWEST  SLP 29.89 ON 16

[REMARKS]
