000
CXUS55 KABQ 211000
CF6RTN
PRELIMINARY LOCAL CLIMATOLOGICAL DATA (WS FORM: F-6)

                                          STATION:   RATON AIRPORT NM
                                          MONTH:     APRIL
                                          YEAR:      2019
                                          LATITUDE:   36 45 N
                                          LONGITUDE: 104 30 W

  TEMPERATURE IN F:       :PCPN:    SNOW:  WIND      :SUNSHINE: SKY     :PK WND
================================================================================
1   2   3   4   5  6A  6B    7    8   9   10  11  12  13   14  15   16   17  18
                                     12Z  AVG MX 2MIN
DY MAX MIN AVG DEP HDD CDD  WTR  SNW DPTH SPD SPD DIR MIN PSBL S-S WX    SPD DR
================================================================================

 1  59  28  44   0  21   0 0.00    M    M  6.2 20 170   M    M   3        24 170
 2  63  29  46   2  19   0 0.00    M    M  7.4 22 180   M    M   1        30 160
 3  63  28  46   1  19   0    T    M    M  8.7 31 150   M    M   2 3      36 150
 4  70  26  48   3  17   0 0.00    M    M  9.4 28 170   M    M   0        33 170
 5  70  29  50   5  15   0 0.00    M    M 12.9 35 210   M    M   1        41 200
 6  69  28  49   4  16   0    T    M    M  7.2 20  60   M    M   3        27 220
 7  73  36  55   9  10   0 0.00    M    M  7.3 20 240   M    M   0        24 190
 8  75  30  53   7  12   0 0.00    M    M  8.3 20  20   M    M   1 8      26  40
 9  79  32  56  10   9   0 0.00  0.0    0 11.4 29 240   M    M   0 8      37 210
10  65  26  46   0  19   0    T    M    M 20.2 43 240   M    M   3 8      55 240
11  50  20  35 -12  30   0    T    M    M 11.0 28 360   M    M   8 1      33 360
12  52  24  38  -9  27   0 0.19    M    M  7.0 21 330   M    M   8 1      26 330
13  39  31  35 -12  30   0 0.26    M    M  5.6 16 190   M    M  10 12     19 200
14  70  30  50   3  15   0 0.00    M    M  7.8 33 270   M    M   4        45 260
15  73  33  53   5  12   0 0.00    M    M  9.0 25 250   M    M   0        30 210
16  76  31  54   6  11   0 0.00    M    M  9.2 28 280   M    M   0        33 270
17  60  35  48   0  17   0 0.13    M    M 13.1 30  40   M    M   4 13     38  50
18  64  34  49   1  16   0 0.03    M    M 10.4 26  60   M    M   3 1      33  60
19  72  29  51   2  14   0 0.00    M    M  7.1 17 200   M    M   0        22 160
20  80  33  57   8   8   0 0.00    M    M 11.5 35 300   M    M   0        43 300
================================================================================
SM 1322  592       337   0  0.61     0.0 190.7          M       51
================================================================================
AV 66.1 29.6                               9.5 FASTST   M    M   3    MAX(MPH)
                                 MISC ---->  # 43 240               # 55  240
================================================================================
NOTES:
# LAST OF SEVERAL OCCURRENCES

COLUMN 17 PEAK WIND IN M.P.H.

PRELIMINARY LOCAL CLIMATOLOGICAL DATA (WS FORM: F-6) , PAGE 2

                                          STATION:  RATON AIRPORT NM
                                          MONTH:    APRIL
                                          YEAR:     2019
                                          LATITUDE:   36 45 N
                                          LONGITUDE: 104 30 W

[TEMPERATURE DATA]      [PRECIPITATION DATA]       SYMBOLS USED IN COLUMN 16

AVERAGE MONTHLY: 47.9   TOTAL FOR MONTH:   0.61    1 = FOG OR MIST
DPTR FM NORMAL:   1.3   DPTR FM NORMAL:   -0.29    2 = FOG REDUCING VISIBILITY
HIGHEST:    80 ON 20    GRTST 24HR  0.26 ON 13-13      TO 1/4 MILE OR LESS
LOWEST:     20 ON 11                               3 = THUNDER
                        SNOW, ICE PELLETS, HAIL    4 = ICE PELLETS
                        TOTAL MONTH:   0.0 INCH    5 = HAIL
                        GRTST 24HR     0.0         6 = FREEZING RAIN OR DRIZZLE
                        GRTST DEPTH:   0           7 = DUSTSTORM OR SANDSTORM:
                                                       VSBY 1/2 MILE OR LESS
                                                   8 = SMOKE OR HAZE
[NO. OF DAYS WITH]      [WEATHER - DAYS WITH]      9 = BLOWING SNOW
                                                   X = TORNADO
MAX 32 OR BELOW:   0    0.01 INCH OR MORE:   4
MAX 90 OR ABOVE:   0    0.10 INCH OR MORE:   3
MIN 32 OR BELOW:  15    0.50 INCH OR MORE:   0
MIN  0 OR BELOW:   0    1.00 INCH OR MORE:   0

[HDD (BASE 65) ]
TOTAL THIS MO.   337    CLEAR  (SCALE 0-3)  13
DPTR FM NORMAL   -33    PTCLDY (SCALE 4-7)   6
TOTAL FM JUL 1  3291    CLOUDY (SCALE 8-10)  1
DPTR FM NORMAL -2330

[CDD (BASE 65) ]
TOTAL THIS MO.     0
DPTR FM NORMAL     0    [PRESSURE DATA]
TOTAL FM JAN 1     0    HIGHEST SLP  0.00 ON 14
DPTR FM NORMAL     0    LOWEST  SLP 29.37 ON 10

[REMARKS]
