145
CXUS55 KABQ 231000
CF6RTN
PRELIMINARY LOCAL CLIMATOLOGICAL DATA (WS FORM: F-6)

                                          STATION:   RATON AIRPORT NM
                                          MONTH:     AUGUST
                                          YEAR:      2019
                                          LATITUDE:   36 45 N
                                          LONGITUDE: 104 30 W

  TEMPERATURE IN F:       :PCPN:    SNOW:  WIND      :SUNSHINE: SKY     :PK WND
================================================================================
1   2   3   4   5  6A  6B    7    8   9   10  11  12  13   14  15   16   17  18
                                     12Z  AVG MX 2MIN
DY MAX MIN AVG DEP HDD CDD  WTR  SNW DPTH SPD SPD DIR MIN PSBL S-S WX    SPD DR
================================================================================

 1  94  55  75   6   0  10 0.01    M    M  8.7 23 330   M    M   2 3      30 340
 2  87  56  72   3   0   7 0.05    M    M  8.1 22 330   M    M   2 3      26 330
 3  90  57  74   5   0   9 1.41    M    M  8.1 29 220   M    M   4 13     39 220
 4  86  56  71   2   0   6 0.00    M    M  6.1 17 210   M    M   1        22 230
 5  88  58  73   4   0   8 0.00    M    M  6.3 18  20   M    M   2        25  10
 6  91  62  77   8   0  12 0.00    M    M 10.3 25 110   M    M   2 3      32 110
 7  93  54  74   6   0   9    T    M    M  5.8 17 340   M    M   2        22 340
 8  90  58  74   6   0   9 1.11    M    M  7.5 29 350   M    M   5 13     35 350
 9  86  58  72   4   0   7 0.01    M    M  6.8 24 340   M    M   1 3      28 340
10  87  60  74   6   0   9    T    M    M  6.8 30 220   M    M   3 3      37 220
11  89  56  73   5   0   8 0.30    M    M 11.5 31 200   M    M   2 3      39 210
12  85  58  72   4   0   7    T    M    M  7.7 26 270   M    M   2 3      31 270
13  89  52  71   3   0   6 0.00    M    M  6.3 17 240   M    M   1        21 240
14  80  57  69   1   0   4    T    M    M  7.7 17 230   M    M   5 1      22 240
15  90  49  70   2   0   5    T    M    M  6.1 22 350   M    M   1        31 360
16  92  49  71   3   0   6    T    M    M  7.8 29 290   M    M   0        35 290
17  90  50  70   2   0   5 0.00    M    M  8.7 20 240   M    M   0        25 240
18  92  49  71   4   0   6 0.00    M    M  8.4 21 140   M    M   0        25 140
19  94  53  74   7   0   9 0.00    M    M 10.5 25 180   M    M   0        31 170
20  93  53  73   6   0   8    T    M    M  8.4 28 220   M    M   0 3      36 300
21  84  50  67   0   0   2 0.04    M    M  7.5 31 230   M    M   2 3      38 220
22  86  46  66  -1   0   1    T    M    M  6.6 24 340   M    M   0 3      31 340
================================================================================
SM 1956 1196         0 153  2.93    M    171.7          M       37
================================================================================
AV 88.9 54.4                               7.8 FASTST   M    M   2    MAX(MPH)
                                 MISC ---->  # 31 200               # 39  220
================================================================================
NOTES:
# LAST OF SEVERAL OCCURRENCES

COLUMN 17 PEAK WIND IN M.P.H.

PRELIMINARY LOCAL CLIMATOLOGICAL DATA (WS FORM: F-6) , PAGE 2

                                          STATION:  RATON AIRPORT NM
                                          MONTH:    AUGUST
                                          YEAR:     2019
                                          LATITUDE:   36 45 N
                                          LONGITUDE: 104 30 W

[TEMPERATURE DATA]      [PRECIPITATION DATA]       SYMBOLS USED IN COLUMN 16

AVERAGE MONTHLY: 71.6   TOTAL FOR MONTH:   2.93    1 = FOG OR MIST
DPTR FM NORMAL:   3.7   DPTR FM NORMAL:    0.69    2 = FOG REDUCING VISIBILITY
HIGHEST:    94 ON 19, 1 GRTST 24HR  1.41 ON  3- 3      TO 1/4 MILE OR LESS
LOWEST:     46 ON 22                               3 = THUNDER
                        SNOW, ICE PELLETS, HAIL    4 = ICE PELLETS
                        TOTAL MONTH:    M          5 = HAIL
                        GRTST 24HR    M  ON   M    6 = FREEZING RAIN OR DRIZZLE
                        GRTST DEPTH:  M  ON   M    7 = DUSTSTORM OR SANDSTORM:
                                                       VSBY 1/2 MILE OR LESS
                                                   8 = SMOKE OR HAZE
[NO. OF DAYS WITH]      [WEATHER - DAYS WITH]      9 = BLOWING SNOW
                                                   X = TORNADO
MAX 32 OR BELOW:   0    0.01 INCH OR MORE:   7
MAX 90 OR ABOVE:  11    0.10 INCH OR MORE:   3
MIN 32 OR BELOW:   0    0.50 INCH OR MORE:   2
MIN  0 OR BELOW:   0    1.00 INCH OR MORE:   2

[HDD (BASE 65) ]
TOTAL THIS MO.     0    CLEAR  (SCALE 0-3)  19
DPTR FM NORMAL   -11    PTCLDY (SCALE 4-7)   3
TOTAL FM JUL 1     0    CLOUDY (SCALE 8-10)  0
DPTR FM NORMAL   -11

[CDD (BASE 65) ]
TOTAL THIS MO.   153
DPTR FM NORMAL    75    [PRESSURE DATA]
TOTAL FM JAN 1   425    HIGHEST SLP M ON M
DPTR FM NORMAL   142    LOWEST  SLP 29.68 ON 17

[REMARKS]
