000
CXUS55 KABQ 191000
CF6RTN
PRELIMINARY LOCAL CLIMATOLOGICAL DATA (WS FORM: F-6)

                                          STATION:   RATON AIRPORT NM
                                          MONTH:     FEBRUARY
                                          YEAR:      2019
                                          LATITUDE:   36 45 N
                                          LONGITUDE: 104 30 W

  TEMPERATURE IN F:       :PCPN:    SNOW:  WIND      :SUNSHINE: SKY     :PK WND
================================================================================
1   2   3   4   5  6A  6B    7    8   9   10  11  12  13   14  15   16   17  18
                                     12Z  AVG MX 2MIN
DY MAX MIN AVG DEP HDD CDD  WTR  SNW DPTH SPD SPD DIR MIN PSBL S-S WX    SPD DR
================================================================================

 1  57  15  36   4  29   0 0.00    M    M  6.6 16 180   M    M   0        18 190
 2  66  15  41   9  24   0 0.00    M    M  8.1 24 290   M    M   0 8      31 270
 3  66  23  45  13  20   0 0.00    M    M 17.0 40 260   M    M   0        56 260
 4  63  33  48  16  17   0 0.00    M    M 13.2 26 250   M    M   0        36 250
 5  58  28  43  11  22   0 0.00    M    M  9.3 32 230   M    M   1        43 230
 6  54  21  38   6  27   0 0.00    M    M 14.6 43 210   M    M   2        56 210
 7  37  10  24  -8  41   0 0.00    M    M 14.5 31 270   M    M   0        38 280
 8  41   0  21 -11  44   0 0.00    M    M  9.4 32 200   M    M   0        39 190
 9  49   7  28  -4  37   0 0.00    M    M  9.8 29 170   M    M   0        35 170
10  54  11  33   1  32   0 0.00    M    M  9.0 23 230   M    M   0        27 230
11  47  14  31  -2  34   0    T    M    M 11.8 35 350   M    M   2        45 350
12  57   7  32  -1  33   0 0.00    M    M  8.7 24 240   M    M   0        33 310
13  65  14  40   7  25   0 0.00    M    M 15.8 48 290   M    M   0        68 280
14  65  38  52  19  13   0    T    M    M 26.6 63 300   M    M   1 8      83 290
15  59  33  46  13  19   0 0.00    M    M 25.3 45 280   M    M   1        57 290
16  50  14  32  -1  33   0 0.00    M    M 14.9 39 260   M    M   1        52 280
17  41   2  22 -11  43   0 0.00    M    M  8.9 23 180   M    M   3        30 180
18  25   9  17 -17  48   0 0.41    M    M  8.5 24  80   M    M  10 128    29  70
================================================================================
SM  954  294       541   0  0.41    M    232.0          M       21
================================================================================
AV 53.0 16.3                              12.9 FASTST   M    M   1    MAX(MPH)
                                 MISC ---->  # 63 300               # 83  290
================================================================================
NOTES:
# LAST OF SEVERAL OCCURRENCES

COLUMN 17 PEAK WIND IN M.P.H.

PRELIMINARY LOCAL CLIMATOLOGICAL DATA (WS FORM: F-6) , PAGE 2

                                          STATION:  RATON AIRPORT NM
                                          MONTH:    FEBRUARY
                                          YEAR:     2019
                                          LATITUDE:   36 45 N
                                          LONGITUDE: 104 30 W

[TEMPERATURE DATA]      [PRECIPITATION DATA]       SYMBOLS USED IN COLUMN 16

AVERAGE MONTHLY: 34.7   TOTAL FOR MONTH:   0.41    1 = FOG OR MIST
DPTR FM NORMAL:   2.2   DPTR FM NORMAL:    0.13    2 = FOG REDUCING VISIBILITY
HIGHEST:    66 ON  2, 3 GRTST 24HR  0.41 ON 18-18      TO 1/4 MILE OR LESS
LOWEST:      0 ON  8                               3 = THUNDER
                        SNOW, ICE PELLETS, HAIL    4 = ICE PELLETS
                        TOTAL MONTH:    M          5 = HAIL
                        GRTST 24HR    M  ON   M    6 = FREEZING RAIN OR DRIZZLE
                        GRTST DEPTH:  M  ON   M    7 = DUSTSTORM OR SANDSTORM:
                                                       VSBY 1/2 MILE OR LESS
                                                   8 = SMOKE OR HAZE
[NO. OF DAYS WITH]      [WEATHER - DAYS WITH]      9 = BLOWING SNOW
                                                   X = TORNADO
MAX 32 OR BELOW:   1    0.01 INCH OR MORE:   1
MAX 90 OR ABOVE:   0    0.10 INCH OR MORE:   1
MIN 32 OR BELOW:  15    0.50 INCH OR MORE:   0
MIN  0 OR BELOW:   1    1.00 INCH OR MORE:   0

[HDD (BASE 65) ]
TOTAL THIS MO.   541    CLEAR  (SCALE 0-3)  16
DPTR FM NORMAL   -44    PTCLDY (SCALE 4-7)   1
TOTAL FM JUL 1  1859    CLOUDY (SCALE 8-10)  1
DPTR FM NORMAL -2311

[CDD (BASE 65) ]
TOTAL THIS MO.     0
DPTR FM NORMAL     0    [PRESSURE DATA]
TOTAL FM JAN 1     0    HIGHEST SLP M ON M
DPTR FM NORMAL     0    LOWEST  SLP 29.59 ON  6

[REMARKS]
