000
CXUS54 KLZK 211130
CF6RUE
PRELIMINARY LOCAL CLIMATOLOGICAL DATA (WS FORM: F-6)

                                          STATION:   Russellville
                                          MONTH:     APRIL
                                          YEAR:      2019
                                          LATITUDE:   35 15 N
                                          LONGITUDE:  93  6 W

  TEMPERATURE IN F:       :PCPN:    SNOW:  WIND      :SUNSHINE: SKY     :PK WND
================================================================================
1   2   3   4   5  6A  6B    7    8   9   10  11  12  13   14  15   16   17  18
                                     12Z  AVG MX 2MIN
DY MAX MIN AVG DEP HDD CDD  WTR  SNW DPTH SPD SPD DIR MIN PSBL S-S WX    SPD DR
================================================================================

 1  53  31  42 -15  23   0 0.00    M    M  1.5 10 110   M    M   0        14 110
 2  68  30  49  -8  16   0 0.00    M    M  1.6  8 220   M    M   0 8      12 250
 3  72  39  56  -2   9   0 0.00    M    M  4.4 15 160   M    M   1 1      23 170
 4  62  51  57  -1   8   0 0.70    M    M  4.0 20 320   M    M   9 123    25 300
 5  73  51  62   4   3   0 0.00    M    M  1.8  7 100   M    M   5 12     10 120
 6  72  50  61   3   4   0 2.18    M    M  2.8 16  90   M    M   5 123    29  70
 7  76  56  66   7   0   1 0.00    M    M  2.1 12 160   M    M   5 12     17 140
 8  83  56  70  11   0   5 0.11    M    M  3.3 14  40   M    M   3 13     18  40
 9  85  50  68   9   0   3 0.00    M    M  1.7  9 190   M    M   0 1      12 230
10  86  54  70  10   0   5 0.00    M    M  5.4 17 180   M    M   1        25 190
11  75  51  63   3   2   0 0.00    M    M  9.1 20 300   M    M   1        27 290
12  69  37  53  -7  12   0 0.00    M    M  3.2 14 260   M    M   0        17 280
13  58  48  53  -8  12   0 1.33    M    M  9.2 25  40   M    M   8 13     35  40
14  63  41  52  -9  13   0 0.33    M    M  9.6 22 340   M    M   3 1      30 340
15  77  37  57  -4   8   0 0.00    M    M  4.0 14 190   M    M   0        20 190
16  77  49  63   1   2   0 0.00    M    M  3.8 13 180   M    M   0        19 170
17  71  60  66   4   0   1 0.32    M    M  3.0 26 250   M    M   7 138    34 250
18  64  45  55  -7  10   0 1.44    M    M  4.0 28  20   M    M   7 13     39  30
19  66  43  55  -7  10   0 0.00    M    M  9.2 25 330   M    M   3 12     36 320
20  74  38  56  -7   9   0 0.00    M    M  3.9 16 270   M    M   0        21 280
================================================================================
SM 1424  917       141  15  6.41    M     87.6          M       58
================================================================================
AV 71.2 45.9                               4.4 FASTST   M    M   3    MAX(MPH)
                                 MISC ---->  # 28  20               # 39   30
================================================================================
NOTES:
# LAST OF SEVERAL OCCURRENCES

COLUMN 17 PEAK WIND IN M.P.H.

PRELIMINARY LOCAL CLIMATOLOGICAL DATA (WS FORM: F-6) , PAGE 2

                                          STATION:  Russellville
                                          MONTH:    APRIL
                                          YEAR:     2019
                                          LATITUDE:   35 15 N
                                          LONGITUDE:  93  6 W

[TEMPERATURE DATA]      [PRECIPITATION DATA]       SYMBOLS USED IN COLUMN 16

AVERAGE MONTHLY: 58.5   TOTAL FOR MONTH:   6.41    1 = FOG OR MIST
DPTR FM NORMAL:  -1.3   DPTR FM NORMAL:    3.07    2 = FOG REDUCING VISIBILITY
HIGHEST:    86 ON 10    GRTST 24HR  2.18 ON  6- 6      TO 1/4 MILE OR LESS
LOWEST:     30 ON  2                               3 = THUNDER
                        SNOW, ICE PELLETS, HAIL    4 = ICE PELLETS
                        TOTAL MONTH:    M          5 = HAIL
                        GRTST 24HR    M  ON   M    6 = FREEZING RAIN OR DRIZZLE
                        GRTST DEPTH:  M  ON   M    7 = DUSTSTORM OR SANDSTORM:
                                                       VSBY 1/2 MILE OR LESS
                                                   8 = SMOKE OR HAZE
[NO. OF DAYS WITH]      [WEATHER - DAYS WITH]      9 = BLOWING SNOW
                                                   X = TORNADO
MAX 32 OR BELOW:   0    0.01 INCH OR MORE:   7
MAX 90 OR ABOVE:   0    0.10 INCH OR MORE:   7
MIN 32 OR BELOW:   2    0.50 INCH OR MORE:   4
MIN  0 OR BELOW:   0    1.00 INCH OR MORE:   3

[HDD (BASE 65) ]
TOTAL THIS MO.   141    CLEAR  (SCALE 0-3)  11
DPTR FM NORMAL    12    PTCLDY (SCALE 4-7)   8
TOTAL FM JUL 1  3374    CLOUDY (SCALE 8-10)  1
DPTR FM NORMAL   166

[CDD (BASE 65) ]
TOTAL THIS MO.    15
DPTR FM NORMAL    -7    [PRESSURE DATA]
TOTAL FM JAN 1    18    HIGHEST SLP M ON M
DPTR FM NORMAL   -17    LOWEST  SLP 29.46 ON 11

[REMARKS]
