000
CXUS54 KLZK 171130
CF6RUE
PRELIMINARY LOCAL CLIMATOLOGICAL DATA (WS FORM: F-6)

                                          STATION:   Russellville
                                          MONTH:     FEBRUARY
                                          YEAR:      2019
                                          LATITUDE:   35 15 N
                                          LONGITUDE:  93  6 W

  TEMPERATURE IN F:       :PCPN:    SNOW:  WIND      :SUNSHINE: SKY     :PK WND
================================================================================
1   2   3   4   5  6A  6B    7    8   9   10  11  12  13   14  15   16   17  18
                                     12Z  AVG MX 2MIN
DY MAX MIN AVG DEP HDD CDD  WTR  SNW DPTH SPD SPD DIR MIN PSBL S-S WX    SPD DR
================================================================================

 1  60  38  49   8  16   0    T    M    M  2.7 12 110   M    M   8        17 120
 2  62  44  53  12  12   0 0.00    M    M  2.3  8 110   M    M   7 1      12  80
 3  70  40  55  14  10   0 0.00    M    M  3.8 14 180   M    M   6 1      22 160
 4  80  54  67  25   0   2 0.00    M    M  5.4 15 190   M    M   5        21 240
 5  68  51  60  18   5   0 0.00    M    M  2.7 12 100   M    M   6 18     16 100
 6  70  61  66  24   0   1 1.09    M    M  3.4 18 290   M    M   9 13     26 300
 7   M   M   M   M   M   M 0.02    M    M  4.4  7 190   M    M   9 3      18 190
 8  37  20  29 -13  36   0 0.00    M    M  5.6  8  40   M    M   0         M  M
 9  42  23  33  -9  32   0 0.06    M    M  6.5 14  60   M    M   3 1      19  70
10  41  32  37  -6  28   0 1.55    M    M  2.6  8 110   M    M  10 16     12 100
11  50  40  45   2  20   0 2.36    M    M  1.2  9 270   M    M  10 1      13 110
12  54  31  43   0  22   0 0.04    M    M  8.1 22 300   M    M   4 12     31 290
13  63  28  46   2  19   0 0.00    M    M  3.9 16 180   M    M   0        22 170
14  63  38  51   7  14   0 0.00    M    M  5.3 17 190   M    M   2 1      26 180
15  48  36  42  -2  23   0 0.01    M    M  6.7 16  50   M    M   6 18     24 110
16  41  32  37  -7  28   0 0.00    M    M  7.1 14 110   M    M  10 18     22 120
================================================================================
SM  849  568       265   3  5.13    M     71.7          M       95
================================================================================
AV 56.6 37.9                               4.5 FASTST   M    M   6    MAX(MPH)
                                 MISC ---->  # 22 300               # 31  290
================================================================================
NOTES:
# LAST OF SEVERAL OCCURRENCES

COLUMN 17 PEAK WIND IN M.P.H.

PRELIMINARY LOCAL CLIMATOLOGICAL DATA (WS FORM: F-6) , PAGE 2

                                          STATION:  Russellville
                                          MONTH:    FEBRUARY
                                          YEAR:     2019
                                          LATITUDE:   35 15 N
                                          LONGITUDE:  93  6 W

[TEMPERATURE DATA]      [PRECIPITATION DATA]       SYMBOLS USED IN COLUMN 16

AVERAGE MONTHLY: 47.2   TOTAL FOR MONTH:   5.13    1 = FOG OR MIST
DPTR FM NORMAL:   4.7   DPTR FM NORMAL:    3.07    2 = FOG REDUCING VISIBILITY
HIGHEST:    80 ON  4    GRTST 24HR  2.36 ON 11-11      TO 1/4 MILE OR LESS
LOWEST:     20 ON  8                               3 = THUNDER
                        SNOW, ICE PELLETS, HAIL    4 = ICE PELLETS
                        TOTAL MONTH:    M          5 = HAIL
                        GRTST 24HR    M  ON   M    6 = FREEZING RAIN OR DRIZZLE
                        GRTST DEPTH:  M  ON   M    7 = DUSTSTORM OR SANDSTORM:
                                                       VSBY 1/2 MILE OR LESS
                                                   8 = SMOKE OR HAZE
[NO. OF DAYS WITH]      [WEATHER - DAYS WITH]      9 = BLOWING SNOW
                                                   X = TORNADO
MAX 32 OR BELOW:   0    0.01 INCH OR MORE:   7
MAX 90 OR ABOVE:   0    0.10 INCH OR MORE:   3
MIN 32 OR BELOW:   6    0.50 INCH OR MORE:   3
MIN  0 OR BELOW:   0    1.00 INCH OR MORE:   3

[HDD (BASE 65) ]
TOTAL THIS MO.   265    CLEAR  (SCALE 0-3)   4
DPTR FM NORMAL   -95    PTCLDY (SCALE 4-7)   7
TOTAL FM JUL 1  2473    CLOUDY (SCALE 8-10)  5
DPTR FM NORMAL    11

[CDD (BASE 65) ]
TOTAL THIS MO.     3
DPTR FM NORMAL     3    [PRESSURE DATA]
TOTAL FM JAN 1     3    HIGHEST SLP M ON M
DPTR FM NORMAL     2    LOWEST  SLP 29.65 ON 14

[REMARKS]
