000
CXUS51 KBTV 180700
CF6RUT
PRELIMINARY LOCAL CLIMATOLOGICAL DATA (WS FORM: F-6)

                                          STATION:   RUTLAND VT
                                          MONTH:     AUGUST
                                          YEAR:      2019
                                          LATITUDE:   43 31 N
                                          LONGITUDE:  72 57 W

  TEMPERATURE IN F:       :PCPN:    SNOW:  WIND      :SUNSHINE: SKY     :PK WND
================================================================================
1   2   3   4   5  6A  6B    7    8   9   10  11  12  13   14  15   16   17  18
                                     12Z  AVG MX 2MIN
DY MAX MIN AVG DEP HDD CDD  WTR  SNW DPTH SPD SPD DIR MIN PSBL S-S WX    SPD DR
================================================================================

 1  77  57  67   M   0   2 0.00  0.0    0  5.9 13 120   M    M   3 12     17 320
 2  81  51  66   M   0   1 0.00  0.0    0  5.6 12 120   M    M   0         M  M
 3  83  56  70   M   0   5 0.00  0.0    0  4.7 10 120   M    M   3         M  M
 4  75  54  65   M   0   0 0.00  0.0    0  6.0 12 360   M    M   4        20 330
 5  79  49  64   M   1   0 0.00  0.0    0  5.8 12 120   M    M   0         M  M
 6  85  53  69   M   0   4 0.00  0.0    0  7.6 13 180   M    M   2        18 180
 7  84  64  74   M   0   9    T  0.0    0  7.2 20 120   M    M   4        25 120
 8  80  64  72   M   0   7 0.09  0.0    0  5.6  9 130   M    M   6 3       M  M
 9  78  61  70   M   0   5    T  0.0    0  7.5 17 240   M    M   6        24 240
10  70  52  61   M   4   0 0.01  0.0    0  5.7 17 310   M    M   7 3      22 280
11  76  48  62   M   3   0 0.00  0.0    0  5.5 13 290   M    M   2        18 280
12  81  53  67   M   0   2    T  0.0    0  7.3 12 230   M    M   3        22 220
13  76  61  69   M   0   4 0.02  0.0    0  2.9 10 230   M    M   7 12     17 230
14  79  58  69   M   0   4 0.00  0.0    0  4.4  8 350   M    M   5 1       M  M
15  79  55  67   M   0   2 0.05  0.0    0  4.1 10 110   M    M   4 3       M  M
16  78  63  71   M   0   6 0.19  0.0    0  4.6  9 130   M    M   8 13      M  M
17  84  63  74   M   0   9 0.31  0.0    0  5.2 10 130   M    M   6 13      M  M
================================================================================
SM 1345  962         8  60  0.67     0.0  95.6          M       70
================================================================================
AV 79.1 56.6                               5.6 FASTST   M    M   4    MAX(MPH)
                                 MISC ---->  # 20 120               # 25  120
================================================================================
NOTES:
# LAST OF SEVERAL OCCURRENCES

COLUMN 17 PEAK WIND IN M.P.H.

PRELIMINARY LOCAL CLIMATOLOGICAL DATA (WS FORM: F-6) , PAGE 2

                                          STATION:  RUTLAND VT
                                          MONTH:    AUGUST
                                          YEAR:     2019
                                          LATITUDE:   43 31 N
                                          LONGITUDE:  72 57 W

[TEMPERATURE DATA]      [PRECIPITATION DATA]       SYMBOLS USED IN COLUMN 16

AVERAGE MONTHLY: 67.9   TOTAL FOR MONTH:   0.67    1 = FOG OR MIST
DPTR FM NORMAL:     M   DPTR FM NORMAL:       M    2 = FOG REDUCING VISIBILITY
HIGHEST:    85 ON  6    GRTST 24HR  0.31 ON 17-17      TO 1/4 MILE OR LESS
LOWEST:     48 ON 11                               3 = THUNDER
                        SNOW, ICE PELLETS, HAIL    4 = ICE PELLETS
                        TOTAL MONTH:   0.0 INCH    5 = HAIL
                        GRTST 24HR     0.0         6 = FREEZING RAIN OR DRIZZLE
                        GRTST DEPTH:   0           7 = DUSTSTORM OR SANDSTORM:
                                                       VSBY 1/2 MILE OR LESS
                                                   8 = SMOKE OR HAZE
[NO. OF DAYS WITH]      [WEATHER - DAYS WITH]      9 = BLOWING SNOW
                                                   X = TORNADO
MAX 32 OR BELOW:   0    0.01 INCH OR MORE:   6
MAX 90 OR ABOVE:   0    0.10 INCH OR MORE:   2
MIN 32 OR BELOW:   0    0.50 INCH OR MORE:   0
MIN  0 OR BELOW:   0    1.00 INCH OR MORE:   0

[HDD (BASE 65) ]
TOTAL THIS MO.     8    CLEAR  (SCALE 0-3)   6
DPTR FM NORMAL     M    PTCLDY (SCALE 4-7)  10
TOTAL FM JUL 1     9    CLOUDY (SCALE 8-10)  1
DPTR FM NORMAL     M

[CDD (BASE 65) ]
TOTAL THIS MO.    60
DPTR FM NORMAL     M    [PRESSURE DATA]
TOTAL FM JAN 1   323    HIGHEST SLP M ON M
DPTR FM NORMAL     M    LOWEST  SLP M ON M

[REMARKS]
