000
CXUS51 KBTV 250700
CF6RUT
PRELIMINARY LOCAL CLIMATOLOGICAL DATA (WS FORM: F-6)

                                          STATION:   RUTLAND VT
                                          MONTH:     APRIL
                                          YEAR:      2019
                                          LATITUDE:   43 31 N
                                          LONGITUDE:  72 57 W

  TEMPERATURE IN F:       :PCPN:    SNOW:  WIND      :SUNSHINE: SKY     :PK WND
================================================================================
1   2   3   4   5  6A  6B    7    8   9   10  11  12  13   14  15   16   17  18
                                     12Z  AVG MX 2MIN
DY MAX MIN AVG DEP HDD CDD  WTR  SNW DPTH SPD SPD DIR MIN PSBL S-S WX    SPD DR
================================================================================

 1  36  26  31   M  34   0    T    M    0 10.1 17 300   M    M   5 1      31 290
 2  51  21  36   M  29   0 0.00  0.0    0 10.6 15 130   M    M   0        25 140
 3  54  34  44   M  21   0 0.00  0.0    0 12.9 25 270   M    M   3        48 250
 4  41  28  35   M  30   0 0.00  0.0    0 12.9 20 300   M    M   1        38 250
 5  45  21  33   M  32   0 0.06    M    0  3.7 12 200   M    M   4 1       M  M
 6  52  33  43   M  22   0 0.02    M    0  5.4 13 310   M    M   7 1       M  M
 7  57  30  44   M  21   0    T    M    0  4.8  8 140   M    M   7         M  M
 8  49  34  42   M  23   0 0.41    M    0 15.7 29 120   M    M  10 1      44 120
 9  47  33  40   M  25   0 0.19    M    0  9.8 24 110   M    M  10 12     38 110
10  36  29  33   M  32   0    T    M    0  8.5 14 350   M    M  10 1      23 330
11  47  22  35   M  30   0 0.00  0.0    0  5.1 10 350   M    M   2        20 320
12   M   M   M   M   M   M 0.17    M    0 14.3 27 110   M    M   9 1      36 110
13  69  45  57   M   8   0 0.00  0.0    0  7.9 20 250   M    M   4        31 240
14  58  36  47   M  18   0 0.32    M    0  5.2 15 150   M    M   6 1      23 150
15  61  37  49   M  16   0 0.97    M    0 10.9 17 240   M    M  10 13     33 110
16  52  34  43   M  22   0 0.00  0.0    0 12.3 17 290   M    M   6        32 300
17  57  29  43   M  22   0 0.00  0.0    0  6.4 13 120   M    M   0         M  M
18  54  41  48   M  17   0    T    M    0 15.0 22 130   M    M   7        33 130
19  74  45  60   M   5   0 0.13    M    0  9.1 17 220   M    M   7 1      25 220
20  67  43  55   M  10   0 0.39    M    0  6.5 16 120   M    M   9        22 140
21  68  52  60   M   5   0 0.07  0.0    0 11.5 18 130   M    M   6 12     27 130
22  66  48  57   M   8   0 0.00  0.0    M  7.6 13 340   M    M   5 1      17 350
23  72  46  59   M   6   0 0.22  0.0    0  4.6  9 320   M    M   5 1       M  M
24  60  42  51   M  14   0    T  0.0    0  9.0 17 260   M    M  10        22 260
================================================================================
SM 1273  809       450   0  2.95     0.0 219.8          M      143
================================================================================
AV 55.4 35.2                               9.2 FASTST   M    M   6    MAX(MPH)
                                 MISC ---->  # 29 120               # 48  250
================================================================================
NOTES:
# LAST OF SEVERAL OCCURRENCES

COLUMN 17 PEAK WIND IN M.P.H.

PRELIMINARY LOCAL CLIMATOLOGICAL DATA (WS FORM: F-6) , PAGE 2

                                          STATION:  RUTLAND VT
                                          MONTH:    APRIL
                                          YEAR:     2019
                                          LATITUDE:   43 31 N
                                          LONGITUDE:  72 57 W

[TEMPERATURE DATA]      [PRECIPITATION DATA]       SYMBOLS USED IN COLUMN 16

AVERAGE MONTHLY: 45.3   TOTAL FOR MONTH:   2.95    1 = FOG OR MIST
DPTR FM NORMAL:     M   DPTR FM NORMAL:       M    2 = FOG REDUCING VISIBILITY
HIGHEST:    74 ON 19    GRTST 24HR  0.97 ON 15-15      TO 1/4 MILE OR LESS
LOWEST:     21 ON  5, 2                            3 = THUNDER
                        SNOW, ICE PELLETS, HAIL    4 = ICE PELLETS
                        TOTAL MONTH:   0.0 INCH    5 = HAIL
                        GRTST 24HR     0.0         6 = FREEZING RAIN OR DRIZZLE
                        GRTST DEPTH:   0           7 = DUSTSTORM OR SANDSTORM:
                                                       VSBY 1/2 MILE OR LESS
                                                   8 = SMOKE OR HAZE
[NO. OF DAYS WITH]      [WEATHER - DAYS WITH]      9 = BLOWING SNOW
                                                   X = TORNADO
MAX 32 OR BELOW:   0    0.01 INCH OR MORE:  11
MAX 90 OR ABOVE:   0    0.10 INCH OR MORE:   8
MIN 32 OR BELOW:   8    0.50 INCH OR MORE:   1
MIN  0 OR BELOW:   0    1.00 INCH OR MORE:   0

[HDD (BASE 65) ]
TOTAL THIS MO.   450    CLEAR  (SCALE 0-3)   4
DPTR FM NORMAL     M    PTCLDY (SCALE 4-7)  13
TOTAL FM JUL 1  6832    CLOUDY (SCALE 8-10)  7
DPTR FM NORMAL     M

[CDD (BASE 65) ]
TOTAL THIS MO.     0
DPTR FM NORMAL     M    [PRESSURE DATA]
TOTAL FM JAN 1     0    HIGHEST SLP M ON M
DPTR FM NORMAL     M    LOWEST  SLP M ON M

[REMARKS]
