000
CXUS54 KTSA 190940
CF6RVS
PRELIMINARY LOCAL CLIMATOLOGICAL DATA (WS FORM: F-6)

                                          STATION:   TULSA-RIVERSIDE  OKLAHOMA
                                          MONTH:     FEBRUARY
                                          YEAR:      2019
                                          LATITUDE:   36  2 N
                                          LONGITUDE:  95 59 W

  TEMPERATURE IN F:       :PCPN:    SNOW:  WIND      :SUNSHINE: SKY     :PK WND
================================================================================
1   2   3   4   5  6A  6B    7    8   9   10  11  12  13   14  15   16   17  18
                                     12Z  AVG MX 2MIN
DY MAX MIN AVG DEP HDD CDD  WTR  SNW DPTH SPD SPD DIR MIN PSBL S-S WX    SPD DR
================================================================================

 1  52  32  42   3  23   0 0.00  0.0    0  2.2  8 180   M    M  10 18     10 130
 2  65  44  55  16  10   0 0.00  0.0    0  8.4 20 200   M    M   9 1      26 210
 3  70  57  64  25   1   0 0.00  0.0    0 13.6 24 180   M    M   9        32 170
 4  64  40  52  13  13   0 0.00  0.0    0  9.8 18 200   M    M   6        25 190
 5  40  35  38  -1  27   0    T  0.0    0  6.3 14  30   M    M  10 1      16  20
 6  39  33  36  -4  29   0 0.05  0.0    0  5.7 16  20   M    M  10 123    25 350
 7  39  19  29 -11  36   0 0.15    M    0  8.0 17  30   M    M   8 1368   27 320
 8  31  15  23 -17  42   0 0.00  0.0    0  6.3 13  40   M    M   0        17  30
 9  40  18  29 -11  36   0 0.00  0.0    0  6.0 12 170   M    M   5        16 130
10  44  35  40   0  25   0    T  0.0    0  8.1 17 170   M    M  10 1      23 160
11  51  40  46   5  19   0 0.28  0.0    0  4.6 17 350   M    M  10 1      26 330
12  53  30  42   1  23   0 0.02  0.0    0  5.6 20 340   M    M   3 1      32 330
13  65  27  46   5  19   0 0.00  0.0    0 11.0 29 200   M    M   0        41 210
14  68  35  52  11  13   0 0.00  0.0    0 11.0 25  30   M    M   0 8      35 350
15  35  24  30 -12  35   0 0.00  0.0    0 12.6 22  30   M    M   8 18     29  30
16  37  24  31 -11  34   0 0.00  0.0    0  5.8 15  40   M    M  10 18     20  30
17  46  28  37  -5  28   0 0.00  0.0    0  6.9 16 350   M    M   4 1      22 360
18  38  22  30 -12  35   0 0.00  0.0    0 10.8 17  40   M    M   3        24  40
================================================================================
SM  877  558       448   0  0.50     0.0 142.7          M      115
================================================================================
AV 48.7 31.0                               7.9 FASTST   M    M   6    MAX(MPH)
                                 MISC ---->  # 29 200               # 41  210
================================================================================
NOTES:
# LAST OF SEVERAL OCCURRENCES

COLUMN 17 PEAK WIND IN M.P.H.

PRELIMINARY LOCAL CLIMATOLOGICAL DATA (WS FORM: F-6) , PAGE 2

                                          STATION:  TULSA-RIVERSIDE  OKLAHOMA
                                          MONTH:    FEBRUARY
                                          YEAR:     2019
                                          LATITUDE:   36  2 N
                                          LONGITUDE:  95 59 W

[TEMPERATURE DATA]      [PRECIPITATION DATA]       SYMBOLS USED IN COLUMN 16

AVERAGE MONTHLY: 39.9   TOTAL FOR MONTH:   0.50    1 = FOG OR MIST
DPTR FM NORMAL:  -0.5   DPTR FM NORMAL:   -1.01    2 = FOG REDUCING VISIBILITY
HIGHEST:    70 ON  3    GRTST 24HR  0.28 ON 11-11      TO 1/4 MILE OR LESS
LOWEST:     15 ON  8                               3 = THUNDER
                        SNOW, ICE PELLETS, HAIL    4 = ICE PELLETS
                        TOTAL MONTH:   0.0 INCH    5 = HAIL
                        GRTST 24HR     0.0         6 = FREEZING RAIN OR DRIZZLE
                        GRTST DEPTH:   0           7 = DUSTSTORM OR SANDSTORM:
                                                       VSBY 1/2 MILE OR LESS
                                                   8 = SMOKE OR HAZE
[NO. OF DAYS WITH]      [WEATHER - DAYS WITH]      9 = BLOWING SNOW
                                                   X = TORNADO
MAX 32 OR BELOW:   1    0.01 INCH OR MORE:   4
MAX 90 OR ABOVE:   0    0.10 INCH OR MORE:   2
MIN 32 OR BELOW:  10    0.50 INCH OR MORE:   0
MIN  0 OR BELOW:   0    1.00 INCH OR MORE:   0

[HDD (BASE 65) ]
TOTAL THIS MO.   448    CLEAR  (SCALE 0-3)   5
DPTR FM NORMAL     5    PTCLDY (SCALE 4-7)   5
TOTAL FM JUL 1  2757    CLOUDY (SCALE 8-10)  8
DPTR FM NORMAL   -34

[CDD (BASE 65) ]
TOTAL THIS MO.     0
DPTR FM NORMAL     0    [PRESSURE DATA]
TOTAL FM JAN 1     0    HIGHEST SLP M ON M
DPTR FM NORMAL     0    LOWEST  SLP 29.58 ON 14

[REMARKS]
