000
CXUS53 KMPX 171000
CF6RWF
PRELIMINARY LOCAL CLIMATOLOGICAL DATA (WS FORM: F-6)

                                          STATION:   REDWOOD FALLS MN
                                          MONTH:     FEBRUARY
                                          YEAR:      2019
                                          LATITUDE:   44 32 N
                                          LONGITUDE:  95  5 W

  TEMPERATURE IN F:       :PCPN:    SNOW:  WIND      :SUNSHINE: SKY     :PK WND
================================================================================
1   2   3   4   5  6A  6B    7    8   9   10  11  12  13   14  15   16   17  18
                                     12Z  AVG MX 2MIN
DY MAX MIN AVG DEP HDD CDD  WTR  SNW DPTH SPD SPD DIR MIN PSBL S-S WX    SPD DR
================================================================================

 1  19  -1   9  -7  56   0 0.02    M    M 13.4 23 140   M    M   3        27 150
 2  37  15  26  10  39   0 0.00    M    M  5.7 13 140   M    M   2 12     15 140
 3  28  13  21   5  44   0 0.00    M    M  8.8 17 300   M    M  10 126    23 300
 4  13  -6   4 -12  61   0 0.05    M    M 17.2 28 290   M    M   7 18     36 290
 5   6  -6   0 -16  65   0 0.00    M    M  5.6 12 350   M    M   9 1      16  10
 6   8   3   6 -11  59   0 0.17    M    M  9.7 14 310   M    M  10 1      22 300
 7   3  -8  -2 -19  67   0 0.10    M    M 18.7 32 310   M    M  10 128    46 310
 8  -5 -15 -10 -27  75   0 0.05    M    M 11.5 24 290   M    M   2 8      33 300
 9   9 -16  -3 -20  68   0 0.00    M    M  9.7 23 120   M    M   3        33  90
10  13   5   9  -9  56   0 0.00    M    M  6.1 12  50   M    M   8 12     20  40
11  22  10  16  -2  49   0 0.12    M    M  7.0 16  90   M    M  10 12     25 100
12  23   4  14  -4  51   0 0.14    M    M 14.2 29 290   M    M  10 18     39 290
13  19   0  10  -9  55   0 0.00    M    M 10.4 20 290   M    M   2 1      28 300
14  19  -4   8 -11  57   0    M    M    M 14.3 30 310   M    M   6 18     45 330
15   7  -7   0 -19  65   0    M    M    M 11.4 22 290   M    M   1        30 290
16  16  -6   5 -15  60   0    M    M    M  6.1 12  80   M    M   7        17 100
================================================================================
SM  237  -19       927   0  0.65    M    169.8          M      100
================================================================================
AV 14.8 -1.2                              10.6 FASTST   M    M   6    MAX(MPH)
                                 MISC ---->  # 32 310               # 46  310
================================================================================
NOTES:
# LAST OF SEVERAL OCCURRENCES

COLUMN 17 PEAK WIND IN M.P.H.

PRELIMINARY LOCAL CLIMATOLOGICAL DATA (WS FORM: F-6) , PAGE 2

                                          STATION:  REDWOOD FALLS MN
                                          MONTH:    FEBRUARY
                                          YEAR:     2019
                                          LATITUDE:   44 32 N
                                          LONGITUDE:  95  5 W

[TEMPERATURE DATA]      [PRECIPITATION DATA]       SYMBOLS USED IN COLUMN 16

AVERAGE MONTHLY:  6.8   TOTAL FOR MONTH:   0.65    1 = FOG OR MIST
DPTR FM NORMAL: -10.6   DPTR FM NORMAL:    0.40    2 = FOG REDUCING VISIBILITY
HIGHEST:    37 ON  2    GRTST 24HR  0.17 ON  6- 6      TO 1/4 MILE OR LESS
LOWEST:    -16 ON  9                               3 = THUNDER
                        SNOW, ICE PELLETS, HAIL    4 = ICE PELLETS
                        TOTAL MONTH:    M          5 = HAIL
                        GRTST 24HR    M  ON   M    6 = FREEZING RAIN OR DRIZZLE
                        GRTST DEPTH:  M  ON   M    7 = DUSTSTORM OR SANDSTORM:
                                                       VSBY 1/2 MILE OR LESS
                                                   8 = SMOKE OR HAZE
[NO. OF DAYS WITH]      [WEATHER - DAYS WITH]      9 = BLOWING SNOW
                                                   X = TORNADO
MAX 32 OR BELOW:  15    0.01 INCH OR MORE:   7
MAX 90 OR ABOVE:   0    0.10 INCH OR MORE:   4
MIN 32 OR BELOW:  16    0.50 INCH OR MORE:   0
MIN  0 OR BELOW:  10    1.00 INCH OR MORE:   0

[HDD (BASE 65) ]
TOTAL THIS MO.   927    CLEAR  (SCALE 0-3)   6
DPTR FM NORMAL   166    PTCLDY (SCALE 4-7)   4
TOTAL FM JUL 1  5859    CLOUDY (SCALE 8-10)  6
DPTR FM NORMAL   355

[CDD (BASE 65) ]
TOTAL THIS MO.     0
DPTR FM NORMAL     0    [PRESSURE DATA]
TOTAL FM JAN 1     0    HIGHEST SLP M ON M
DPTR FM NORMAL     0    LOWEST  SLP 29.55 ON 14

[REMARKS]
