000
CXUS53 KMPX 191000
CF6RWF
PRELIMINARY LOCAL CLIMATOLOGICAL DATA (WS FORM: F-6)

                                          STATION:   REDWOOD FALLS MN
                                          MONTH:     APRIL
                                          YEAR:      2019
                                          LATITUDE:   44 32 N
                                          LONGITUDE:  95  5 W

  TEMPERATURE IN F:       :PCPN:    SNOW:  WIND      :SUNSHINE: SKY     :PK WND
================================================================================
1   2   3   4   5  6A  6B    7    8   9   10  11  12  13   14  15   16   17  18
                                     12Z  AVG MX 2MIN
DY MAX MIN AVG DEP HDD CDD  WTR  SNW DPTH SPD SPD DIR MIN PSBL S-S WX    SPD DR
================================================================================

 1  42  28  35  -4  30   0    T    M    M  8.0 13 340   M    M   6 1      20 360
 2  53  29  41   1  24   0    T    M    M 14.1 31 300   M    M   2        42 310
 3  47  28  38  -2  27   0 0.00    M    M  4.7 14 360   M    M   0        20  10
 4  44  35  40  -1  25   0    T    M    M  9.9 20 120   M    M   9 1      30 120
 5  56  36  46   5  19   0    T    M    M  7.9 15 100   M    M   9 138    24 110
 6  57  47  52  10  13   0 0.67    M    M  7.5 20 170   M    M   7 123    28 180
 7  63  44  54  12  11   0 0.03    M    M  6.9 20 300   M    M   4 12     28 320
 8  69  42  56  13   9   0 0.00  0.0    0 11.7 31 290   M    M   1        42 290
 9  53  35  44   1  21   0 0.00  0.0    0  8.0 15 310   M    M   4        23  80
10  36  28  32 -12  33   0    M    M    M 12.5 24  70   M    M  10 126    37  60
11  33  28  31 -13  34   0    M    M    M 18.9 33  80   M    M  10 1236   58  80
12  33  29  31 -14  34   0    M    M    M 12.5 28 270   M    M   9 12     35 270
13  38  27  33 -13  32   0    M    M    M  9.8 18 300   M    M   5 1      23 290
14  41  22  32 -14  33   0 0.00  0.0    M  4.0 14  90   M    M   2 1      21  60
15  60  29  45  -1  20   0 0.00  0.0    M 10.4 20 140   M    M   2        26 150
16  66  32  49   2  16   0 0.00    M    M  5.7 10 300   M    M   0 1      14  10
17  52  42  47  -1  18   0 0.69    M    M  9.4 17 350   M    M   9 13     29 320
18  57  38  48   0  17   0    T    M    M  8.6 18 320   M    M   7        29 360
================================================================================
SM  900  599       416   0  1.39     0.0 170.5          M       96
================================================================================
AV 50.0 33.3                               9.5 FASTST   M    M   5    MAX(MPH)
                                 MISC ---->  # 33  80               # 58   80
================================================================================
NOTES:
# LAST OF SEVERAL OCCURRENCES

COLUMN 17 PEAK WIND IN M.P.H.

PRELIMINARY LOCAL CLIMATOLOGICAL DATA (WS FORM: F-6) , PAGE 2

                                          STATION:  REDWOOD FALLS MN
                                          MONTH:    APRIL
                                          YEAR:     2019
                                          LATITUDE:   44 32 N
                                          LONGITUDE:  95  5 W

[TEMPERATURE DATA]      [PRECIPITATION DATA]       SYMBOLS USED IN COLUMN 16

AVERAGE MONTHLY: 41.6   TOTAL FOR MONTH:   1.39    1 = FOG OR MIST
DPTR FM NORMAL:  -2.0   DPTR FM NORMAL:   -0.10    2 = FOG REDUCING VISIBILITY
HIGHEST:    69 ON  8    GRTST 24HR  0.69 ON 17-17      TO 1/4 MILE OR LESS
LOWEST:     22 ON 14                               3 = THUNDER
                        SNOW, ICE PELLETS, HAIL    4 = ICE PELLETS
                        TOTAL MONTH:   0.0 INCH    5 = HAIL
                        GRTST 24HR     0.0         6 = FREEZING RAIN OR DRIZZLE
                        GRTST DEPTH:   0           7 = DUSTSTORM OR SANDSTORM:
                                                       VSBY 1/2 MILE OR LESS
                                                   8 = SMOKE OR HAZE
[NO. OF DAYS WITH]      [WEATHER - DAYS WITH]      9 = BLOWING SNOW
                                                   X = TORNADO
MAX 32 OR BELOW:   0    0.01 INCH OR MORE:   3
MAX 90 OR ABOVE:   0    0.10 INCH OR MORE:   2
MIN 32 OR BELOW:  10    0.50 INCH OR MORE:   2
MIN  0 OR BELOW:   0    1.00 INCH OR MORE:   0

[HDD (BASE 65) ]
TOTAL THIS MO.   416    CLEAR  (SCALE 0-3)   6
DPTR FM NORMAL    29    PTCLDY (SCALE 4-7)   6
TOTAL FM JUL 1  8166    CLOUDY (SCALE 8-10)  6
DPTR FM NORMAL   722

[CDD (BASE 65) ]
TOTAL THIS MO.     0
DPTR FM NORMAL     0    [PRESSURE DATA]
TOTAL FM JAN 1     0    HIGHEST SLP M ON M
DPTR FM NORMAL     0    LOWEST  SLP 29.35 ON 12

[REMARKS]
