000
CXUS55 KPIH 231200
CF6RXE

PRELIMINARY LOCAL CLIMATOLOGICAL DATA (WS FORM: F-6)

                                          STATION:   REXBURG ID
                                          MONTH:     AUGUST
                                          YEAR:      2019
                                          LATITUDE:   43 49 N
                                          LONGITUDE: 111 48 W

  TEMPERATURE IN F:       :PCPN:    SNOW:  WIND      :SUNSHINE: SKY     :PK WND
================================================================================
1   2   3   4   5  6A  6B    7    8   9   10  11  12  13   14  15   16   17  18
                                     12Z  AVG MX 2MIN
DY MAX MIN AVG DEP HDD CDD  WTR  SNW DPTH SPD SPD DIR MIN PSBL S-S WX    SPD DR
================================================================================

 1  90  57  74   5   0   9 0.09    M    M  6.7 25  10   M    M   1 3      36  20
 2  91  51  71   2   0   6 0.00    M    M  5.1 20 200   M    M   0        28 160
 3  93  56  75   6   0  10 0.00    M    M  5.9 18 180   M    M   0        27 210
 4  93  57  75   6   0  10    T    M    M  6.4 17 100   M    M   0 8      28  90
 5  92  57  75   6   0  10    T    M    M  5.2 22  30   M    M   0 3      32  30
 6  93  54  74   5   0   9 0.00    M    M  4.9 20  20   M    M   0        26  20
 7  91  62  77   8   0  12    T    M    M  6.5 17 260   M    M   1        24 270
 8  83  58  71   2   0   6 0.28    M    M  8.0 24 200   M    M   3 1      32 200
 9  83  54  69   1   0   4 0.00    M    M  6.2 17 240   M    M   2 13     25 240
10  89  55  72   4   0   7 0.01    M    M  6.4 17 230   M    M   0 3      25 210
11  79  53  66  -2   0   1 0.00    M    M 13.3 25 220   M    M   0        35 220
12  77  45  61  -7   4   0 0.00    M    M  5.5 15 200   M    M   0        20 240
13  86  45  66  -2   0   1 0.00    M    M  5.8 16 210   M    M   0        22 220
14  88  49  69   1   0   4 0.00    M    M  7.1 15 180   M    M   0        21 210
15  85  50  68   1   0   3 0.01    M    M  6.4 20 210   M    M   1 3      29 210
16  82  48  65  -2   0   0 0.00    M    M  8.2 20 200   M    M   0        26 190
17  81  51  66  -1   0   1 0.00    M    M 12.0 24 190   M    M   0        34 180
18  86  46  66   0   0   1 0.00    M    M  9.8 20 210   M    M   0        26 200
19  93  50  72   6   0   7 0.00    M    M  7.5 17 200   M    M   0        23 220
20  92  50  71   5   0   6 0.00    M    M  4.0  9 260   M    M   0 8      13 260
21  94  49  72   6   0   7 0.00    M    M  4.2 12 220   M    M   0        16 200
22  74  53  64  -1   1   0 0.00    M    M  8.6 18 200   M    M   1        24 200
================================================================================
SM 1915 1150         5 114  0.39    M    153.7          M        9
================================================================================
AV 87.1 52.3                               7.0 FASTST   M    M   0    MAX(MPH)
                                 MISC ---->  # 25  10               # 36   20
================================================================================
NOTES:
# LAST OF SEVERAL OCCURRENCES
PRECIPITATION SUSPECT DURING FREEZING/FROZEN EVENTS

COLUMN 17 PEAK WIND IN M.P.H.

PRELIMINARY LOCAL CLIMATOLOGICAL DATA (WS FORM: F-6) , PAGE 2

                                          STATION:  REXBURG ID
                                          MONTH:    AUGUST
                                          YEAR:     2019
                                          LATITUDE:   43 49 N
                                          LONGITUDE: 111 48 W

[TEMPERATURE DATA]      [PRECIPITATION DATA]       SYMBOLS USED IN COLUMN 16

AVERAGE MONTHLY: 69.7   TOTAL FOR MONTH:   0.39    1 = FOG OR MIST
DPTR FM NORMAL:   1.9   DPTR FM NORMAL:   -0.23    2 = FOG REDUCING VISIBILITY
HIGHEST:    94 ON 21    GRTST 24HR  0.28 ON  8- 8      TO 1/4 MILE OR LESS
LOWEST:     45 ON 13,12                            3 = THUNDER
                        SNOW, ICE PELLETS, HAIL    4 = ICE PELLETS
                        TOTAL MONTH:    M          5 = HAIL
                        GRTST 24HR    M  ON   M    6 = FREEZING RAIN OR DRIZZLE
                        GRTST DEPTH:  M  ON   M    7 = DUSTSTORM OR SANDSTORM:
                                                       VSBY 1/2 MILE OR LESS
                                                   8 = SMOKE OR HAZE
[NO. OF DAYS WITH]      [WEATHER - DAYS WITH]      9 = BLOWING SNOW
                                                   X = TORNADO
MAX 32 OR BELOW:   0    0.01 INCH OR MORE:   4
MAX 90 OR ABOVE:  10    0.10 INCH OR MORE:   1
MIN 32 OR BELOW:   0    0.50 INCH OR MORE:   0
MIN  0 OR BELOW:   0    1.00 INCH OR MORE:   0

[HDD (BASE 65) ]
TOTAL THIS MO.     5    CLEAR  (SCALE 0-3)  22
DPTR FM NORMAL   -12    PTCLDY (SCALE 4-7)   0
TOTAL FM JUL 1    13    CLOUDY (SCALE 8-10)  0
DPTR FM NORMAL   -34

[CDD (BASE 65) ]
TOTAL THIS MO.   114
DPTR FM NORMAL    40    [PRESSURE DATA]
TOTAL FM JAN 1   280    HIGHEST SLP M ON M
DPTR FM NORMAL    92    LOWEST  SLP 29.66 ON 22

[REMARKS]
