000
CXUS55 KPIH 171200
CF6RXE

PRELIMINARY LOCAL CLIMATOLOGICAL DATA (WS FORM: F-6)

                                          STATION:   REXBURG ID
                                          MONTH:     FEBRUARY
                                          YEAR:      2019
                                          LATITUDE:   43 49 N
                                          LONGITUDE: 111 48 W

  TEMPERATURE IN F:       :PCPN:    SNOW:  WIND      :SUNSHINE: SKY     :PK WND
================================================================================
1   2   3   4   5  6A  6B    7    8   9   10  11  12  13   14  15   16   17  18
                                     12Z  AVG MX 2MIN
DY MAX MIN AVG DEP HDD CDD  WTR  SNW DPTH SPD SPD DIR MIN PSBL S-S WX    SPD DR
================================================================================

 1  34   7  21   1  44   0 0.00    M    M  4.9  8  70   M    M   0        10  70
 2  40  18  29   9  36   0 0.07    M    M  3.9 10 190   M    M   8        15 180
 3  40  33  37  17  28   0 0.30    M    M 13.4 32 220   M    M   7 1      43 210
 4  39  32  36  16  29   0 0.19    M    M  9.3 20 210   M    M   8 1      28 200
 5  32  21  27   7  38   0 0.06    M    M 10.7 22 200   M    M   8 1      31 180
 6  22  16  19  -1  46   0 0.04    M    M  5.1 13 190   M    M   8 1      18 190
 7  18  -3   8 -12  57   0 0.05    M    M  4.1 14 210   M    M   7 1      19 210
 8  20   2  11  -9  54   0    T    M    M  3.3  7  70   M    M   7 18      9  60
 9  30  14  22   2  43   0 0.06    M    M  5.1 13 180   M    M   9 18     18 150
10  32  16  24   3  41   0 0.06    M    M 12.5 22 180   M    M  10 18     30 180
11  24  10  17  -4  48   0    T    M    M 15.3 24 230   M    M   8 8      35 200
12  31  16  24   3  41   0 0.00    M    M  5.3 20 180   M    M   4        27 200
13  35  22  29   8  36   0 0.03    M    M 12.2 22 210   M    M  10 18     31 210
14  38  33  36  14  29   0 0.46    M    M  7.2 18 210   M    M  10 1      25 210
15  40  28  34  12  31   0 0.03    M    M 16.1 26 210   M    M   5 128    37 200
16  28  19  24   2  41   0 0.01    M    M  8.9 21 230   M    M   7        27 220
================================================================================
SM  503  284       642   0  1.36    M    137.3          M      116
================================================================================
AV 31.4 17.8                               8.6 FASTST   M    M   7    MAX(MPH)
                                 MISC ---->  # 32 220               # 43  210
================================================================================
NOTES:
# LAST OF SEVERAL OCCURRENCES
PRECIPITATION SUSPECT DURING FREEZING/FROZEN EVENTS

COLUMN 17 PEAK WIND IN M.P.H.

PRELIMINARY LOCAL CLIMATOLOGICAL DATA (WS FORM: F-6) , PAGE 2

                                          STATION:  REXBURG ID
                                          MONTH:    FEBRUARY
                                          YEAR:     2019
                                          LATITUDE:   43 49 N
                                          LONGITUDE: 111 48 W

[TEMPERATURE DATA]      [PRECIPITATION DATA]       SYMBOLS USED IN COLUMN 16

AVERAGE MONTHLY: 24.6   TOTAL FOR MONTH:   1.36    1 = FOG OR MIST
DPTR FM NORMAL:   4.0   DPTR FM NORMAL:    0.89    2 = FOG REDUCING VISIBILITY
HIGHEST:    40 ON 15, 3 GRTST 24HR  0.46 ON 14-14      TO 1/4 MILE OR LESS
LOWEST:     -3 ON  7                               3 = THUNDER
                        SNOW, ICE PELLETS, HAIL    4 = ICE PELLETS
                        TOTAL MONTH:    M          5 = HAIL
                        GRTST 24HR    M  ON   M    6 = FREEZING RAIN OR DRIZZLE
                        GRTST DEPTH:  M  ON   M    7 = DUSTSTORM OR SANDSTORM:
                                                       VSBY 1/2 MILE OR LESS
                                                   8 = SMOKE OR HAZE
[NO. OF DAYS WITH]      [WEATHER - DAYS WITH]      9 = BLOWING SNOW
                                                   X = TORNADO
MAX 32 OR BELOW:   9    0.01 INCH OR MORE:  12
MAX 90 OR ABOVE:   0    0.10 INCH OR MORE:   3
MIN 32 OR BELOW:  14    0.50 INCH OR MORE:   0
MIN  0 OR BELOW:   1    1.00 INCH OR MORE:   0

[HDD (BASE 65) ]
TOTAL THIS MO.   642    CLEAR  (SCALE 0-3)   1
DPTR FM NORMAL   -67    PTCLDY (SCALE 4-7)   9
TOTAL FM JUL 1  5221    CLOUDY (SCALE 8-10)  6
DPTR FM NORMAL  -265

[CDD (BASE 65) ]
TOTAL THIS MO.     0
DPTR FM NORMAL     0    [PRESSURE DATA]
TOTAL FM JAN 1     0    HIGHEST SLP M ON M
DPTR FM NORMAL     0    LOWEST  SLP 29.33 ON  3

[REMARKS]
