000
CXUS54 KEWX 200910
CF6RYW
PRELIMINARY LOCAL CLIMATOLOGICAL DATA (WS FORM: F-6)

                                          STATION:   LAGO VISTA
                                          MONTH:     APRIL
                                          YEAR:      2019
                                          LATITUDE:   30 30 N
                                          LONGITUDE:  97 58 W

  TEMPERATURE IN F:       :PCPN:    SNOW:  WIND      :SUNSHINE: SKY     :PK WND
================================================================================
1   2   3   4   5  6A  6B    7    8   9   10  11  12  13   14  15   16   17  18
                                     12Z  AVG MX 2MIN
DY MAX MIN AVG DEP HDD CDD  WTR  SNW DPTH SPD SPD DIR MIN PSBL S-S WX    SPD DR
================================================================================

 1  61  40  51   M  14   0 0.00    M    M  4.3  9  50   M    M   5         M  M
 2  71  42  57   M   8   0 0.00    M    M  6.4 10 110   M    M   0        17 110
 3  66  53  60   M   5   0 0.09    M    M  8.0 12 130   M    M  10        23 150
 4  88  64  76   M   0  11 0.02    M    M  6.6 10 180   M    M   4 1      16 180
 5  80  61  71   M   0   6 0.00    M    M  5.9  9  40   M    M   6 1       M  M
 6  71  64  68   M   0   3 0.40    M    M  5.0  7  70   M    M   9 13      M  M
 7  67  58  63   M   2   0 0.60    M    M  8.4 25  50   M    M   9 13     33  50
 8  84  55  70   M   0   5 0.01    M    M  7.8 13  40   M    M   1        23  40
 9  88  58  73   M   0   8 0.00    M    M  5.1  9 150   M    M   0        16 150
10  92  68  80   M   0  15 0.00    M    M 10.9 18 200   M    M   0        31 190
11  79  55  67   M   0   2 0.00    M    M  7.8 18 160   M    M   0        30 160
12  76  49  63   M   2   0 0.10    M    M  9.2 13  60   M    M   3 1      23  80
13  64  44  54   M  11   0 0.37    M    M 12.8 24 270   M    M   9 123    37 290
14  70  42  56   M   9   0 0.00    M    M  8.1 16 310   M    M   1        25 310
15  79  56  68   M   0   3 0.00    M    M 10.4 15 190   M    M   1        23 200
16  79  62  71   M   0   6 0.00    M    M 10.8 17 170   M    M   8        29 170
17  82  59  71   M   0   6 0.28    M    M  9.3 23 310   M    M  10 13     32 310
18  72  56  64   M   1   0 0.33    M    M 10.1 22 320   M    M   5 13     35 320
19  73  56  65   M   0   0 0.00    M    M  9.7 16 350   M    M   2        27 340
================================================================================
SM 1442 1042        52  65  2.20    M    156.6          M       83
================================================================================
AV 75.9 54.8                               8.2 FASTST   M    M   4    MAX(MPH)
                                 MISC ---->  # 25  50               # 37  290
================================================================================
NOTES:
# LAST OF SEVERAL OCCURRENCES

COLUMN 17 PEAK WIND IN M.P.H.

PRELIMINARY LOCAL CLIMATOLOGICAL DATA (WS FORM: F-6) , PAGE 2

                                          STATION:  LAGO VISTA
                                          MONTH:    APRIL
                                          YEAR:     2019
                                          LATITUDE:   30 30 N
                                          LONGITUDE:  97 58 W

[TEMPERATURE DATA]      [PRECIPITATION DATA]       SYMBOLS USED IN COLUMN 16

AVERAGE MONTHLY: 65.4   TOTAL FOR MONTH:   2.20    1 = FOG OR MIST
DPTR FM NORMAL:     M   DPTR FM NORMAL:       M    2 = FOG REDUCING VISIBILITY
HIGHEST:    92 ON 10    GRTST 24HR  0.60 ON  7- 7      TO 1/4 MILE OR LESS
LOWEST:     40 ON  1                               3 = THUNDER
                        SNOW, ICE PELLETS, HAIL    4 = ICE PELLETS
                        TOTAL MONTH:    M          5 = HAIL
                        GRTST 24HR    M  ON   M    6 = FREEZING RAIN OR DRIZZLE
                        GRTST DEPTH:  M  ON   M    7 = DUSTSTORM OR SANDSTORM:
                                                       VSBY 1/2 MILE OR LESS
                                                   8 = SMOKE OR HAZE
[NO. OF DAYS WITH]      [WEATHER - DAYS WITH]      9 = BLOWING SNOW
                                                   X = TORNADO
MAX 32 OR BELOW:   0    0.01 INCH OR MORE:   9
MAX 90 OR ABOVE:   1    0.10 INCH OR MORE:   6
MIN 32 OR BELOW:   0    0.50 INCH OR MORE:   1
MIN  0 OR BELOW:   0    1.00 INCH OR MORE:   0

[HDD (BASE 65) ]
TOTAL THIS MO.    52    CLEAR  (SCALE 0-3)   9
DPTR FM NORMAL     M    PTCLDY (SCALE 4-7)   5
TOTAL FM JUL 1  1764    CLOUDY (SCALE 8-10)  5
DPTR FM NORMAL     M

[CDD (BASE 65) ]
TOTAL THIS MO.    65
DPTR FM NORMAL     M    [PRESSURE DATA]
TOTAL FM JAN 1   146    HIGHEST SLP M ON M
DPTR FM NORMAL     M    LOWEST  SLP M ON M

[REMARKS]
